GeoURL
free counters
Scottish Weather Network UK Weather Network Cumulus Top Weather Sites

Peebles Weather - NOAA Style Reports

Raw Data, Raw Data Expanded

Ignore low humidity and Dew Point values. Something wrong with the sensor.
Daytime temperatures are in direct sunlight so may be higher than official air temperature values.
As with any other website, we log your IP address and browser type in the server logs for diagnostic reasons. Cookies are used to record visit time and gauges preferences. No personal information is stored or processed.

All times are in local time (GMT, or BST in summer) unless specified.

2021/09/27 07:50 EGPH 270750Z 26008KT 8000 -RA FEW035 BKN043 09/08 Q0997
8.5 2.1 27.9 31.5 2.6 mph 4.5 mph 992.9 10% X-Ray Solar Flare Level
Planetary K-Index
Planetary K-Index History
Station Warn Rain Snow Flood Wind Ltng Heat Cold Glob Moon Temp Rain 1h Rain Mon Rain 24h Wind 10m Gust Pressure Hum Proton Levels

m Waning Gibbous Cool F1-W F: A: Kp:0 SSN:0

NOAA Reports


Report for 2021 Jan
                   Monthly Climatological Summary for Jan 2021

Name: Kittlegairy Road   City: Peebles   State: Scottish Borders
Elevation: 524 ft  Lat: N 55 38' 27"   Lon: W 003 10' 15"

                  Temperature (C), Rain (mm), Wind Speed (mph)

                                      Heat  Cool        Avg
    Mean                              Deg   Deg         Wind                 Dom
Day Temp  High   Time   Low    Time   Days  Days  Rain  Speed High   Time    Dir
----------------------------------------------------------------------------------
 1  -0.5   4.3   11:28  -5.2   23:46  18.8   0.0   0.0   0.7   5.4   03:38   SSW
 2  -3.1   1.2   12:23  -6.6   07:01  21.4   0.0   0.0   0.4   4.5   22:30     N
 3   0.4   4.3   13:53  -3.4   01:28  17.9   0.0   0.0   1.0   6.9   17:38   ESE
 4   2.1   4.1   13:55   0.3   00:00  16.2   0.0   0.6   2.3  13.0   10:14   NNE
 5   1.4   3.4   11:55  -0.1   20:49  16.9   0.0   1.2   1.5  13.6   04:19   NNE
 6  -0.5   4.0   11:09  -4.6   23:24  18.8   0.0   0.3   1.1   5.4   12:06   SSE
 7  -0.3   2.3   14:20  -5.1   01:26  18.6   0.0   0.0   0.2   3.8   00:22   SSE
 8  -4.0   1.9   12:54  -9.6   23:52  22.3   0.0   0.0   0.0   0.0   00:00   ---
 9  -2.8   5.4   17:19 -11.2   04:07  21.1   0.0   0.6   1.0   9.8   20:54   WNW
10   5.0   6.7   21:56   3.0   08:21  13.3   0.0   0.3   3.6  13.6   22:26   WNW
11   6.9   9.6   14:13   1.4   23:45  11.4   0.0   6.0   7.1  22.1   11:09     W
12  -1.7   3.6   12:15  -4.3   20:19  20.0   0.0   0.3   0.1   4.5   12:50    NW
13  -0.8   1.1   18:12  -3.9   00:00  19.1   0.0  15.9   1.2   9.8   20:09    SE
14   0.9   1.9   13:31  -0.5   23:15  17.4   0.0  10.8   1.5   6.9   00:11   ESE
15  -0.1   2.1   17:26  -2.0   03:53  18.4   0.0   0.0   1.8  18.3   16:46   SSE
16   4.6   8.0   13:22   0.2   00:00  13.7   0.0   0.9   5.8  19.7   15:47   WNW
17   4.8   7.1   14:09   2.6   08:07  13.4   0.0   2.7   4.6  14.5   12:49     W
18   5.4   6.3   00:10   4.2   05:39  12.9   0.0   2.7   4.9  15.9   02:33     W
19   2.9   4.6   00:20   0.3   23:44  15.4   0.0   7.8   0.3   3.1   03:52     E
20   0.6   1.7   13:31   0.3   00:02  17.7   0.0   7.2   0.0   2.2   15:28   SSW
21   1.7   3.7   14:15   0.0   04:23  16.6   0.0  19.5   4.0  17.4   13:08     W
22   1.0   5.7   12:41  -3.5   21:44  17.3   0.0   0.9   3.2  15.2   00:08     W
23  -3.5   3.9   14:23  -7.3   23:50  21.8   0.0   0.0   0.8   8.3   12:34    NW
24  -4.9   3.1   14:50  -9.1   05:49  23.2   0.0   0.0   0.5   5.4   23:25     S
25   2.0   6.0   14:23  -1.0   00:00  16.3   0.0   3.0   2.9  15.9   03:14     W
26   0.9   2.6   13:22  -1.2   08:05  17.4   0.0   3.9   1.1   6.9   15:50    NE
27   2.9   5.9   11:26   1.2   00:14  15.4   0.0   0.9   1.6   8.3   23:30   SSE
28   2.2   2.8   14:44   1.2   06:33  16.1   0.0  16.2   3.7   9.8   05:38   ESE
29   2.7   4.6   12:40   1.8   20:43  15.6   0.0   7.5   2.0   8.3   15:35   NNE
30   1.5   5.1   12:46  -2.5   23:59  16.8   0.0   0.0   3.8  15.9   12:58   ENE
31  -0.5   4.5   14:56  -4.6   06:20  18.9   0.0   0.3   2.1   7.6   21:16    SE
----------------------------------------------------------------------------------
     0.9   9.6    11   -11.2     9   540.1   0.0 109.5   2.1  22.1    11     WNW

Max >=  27.0:  0
Max <=   0.0:  0
Min <=   0.0: 20
Min <= -18.0:  0
Max Rain: 19.5 on day 21
Days of Rain: 22 (>= 0.2 mm)  12 (>= 2.0 mm)  0 (>= 20.0 mm)
Heat Base: 18.3  Cool Base: 18.3  Method: Integration

 

XHTML 1.1 | CSS