GeoURL
free counters
Scottish Weather Network UK Weather Network Cumulus Top Weather Sites

Peebles Weather - NOAA Style Reports

Raw Data, Raw Data Expanded

Ignore low humidity and Dew Point values. Something wrong with the sensor.
Daytime temperatures are in direct sunlight so may be higher than official air temperature values.
As with any other website, we log your IP address and browser type in the server logs for diagnostic reasons. Cookies are used to record visit time and gauges preferences. No personal information is stored or processed.

All times are in local time (GMT, or BST in summer) unless specified.

2020/07/02 12:20 EGPH 021220Z 03006KT CAVOK 14/09 Q1011
16.8 0.0 0.0 0.3 1.5 mph 3.1 mph 1006.9 57% X-Ray Solar Flare Level
Planetary K-Index
Planetary K-Index History
Station Warn Rain Snow Flood Wind Ltng Heat Cold Glob Moon Temp Rain 1h Rain Thu Rain 24h Wind 10m Gust Pressure Hum Proton Levels
Lost sensor contact!!! Rain
m Waxing Gibbous Comfortable F1-NNE F: A: Kp:0 SSN:0

NOAA Reports


Report for 2016
                   Annual Climatological Summary for 2016

Name: Kittlegairy Road   City: Peebles   State: Scottish Borders
Elevation: 517 ft  Lat: N 55 38' 27"   Lon: W 003 10' 15"

                  Temperature (C), Heat Base: 18.3  Cool Base: 18.3
                          Dep.  Heat  Cool                       Max  Max  Min  Min
        Mean  Mean        From  Deg   Deg                        >=   <=   <=   <=
 YR MO  Max   Min   Mean  Norm  Days  Days  Hi  Date  Low  Date 27.0  0.0  0.0 -18.0
------------------------------------------------------------------------------------
 16  1   6.8   1.8   4.1   0.0   439     0  14.2  25  -6.9   16    0    1    9    0
 16  2   7.9  -0.7   3.1   0.0   439     0  12.0  28  -5.8   27    0    0   16    0
 16  3  11.7   1.3   5.5   0.0   394     0  18.2  14  -6.9    7    0    0   13    0
 16  4  12.6   1.8   6.3   0.0   359     0  21.0  20  -4.0   17    0    0   10    0
 16  5  18.8   5.1  11.7   0.0   214     9  26.0   8 -11.0   30    0    0    2    0
 16  6  20.7   8.4  14.3   0.0   136    18  29.1   6 -12.3    1    4    0    1    0
 16  7  21.6  10.9  15.4   0.0   105    16  33.2  19   6.4   14    2    0    0    0
 16  8  21.7   9.6  15.3   0.0   110    19  28.4  17  -9.9   18    3    0    1    0
 16  9  20.7   9.6  14.5   0.0   124    11  29.5  15   2.5   21    1    0    0    0
 16 10  15.5   5.1   9.4   0.0   277     0  20.0   2  -0.1   24    0    0    1    0
 16 11   7.9  -0.7   3.2   0.0   452     0  14.9  15  -8.2   25    0    0   18    0
 16 12   9.8   2.8   6.6   0.0   362     0  14.7   7  -4.3    6    0    0    8    0
------------------------------------------------------------------------------------
        14.6   4.6   9.1   0.0  3418    74  33.2 Jul -12.3  Jun   10    1   79    0

                                Precipitation (mm)

              Dep.   Max        Days of Rain
              From   Obs.           >=
 YR MO Total  Norm   Day Date  0.2  2.0 20.0
---------------------------------------------
 16  1 210.9   0.0  24.9  26    28   21    1
 16  2  99.3   0.0  17.4  17    18   12    0
 16  3  61.2   0.0  14.4  26    17    6    0
 16  4  84.9   0.0  20.7  29    22   11    1
 16  5  44.4   0.0  18.6  18    12    6    0
 16  6  93.6   0.0  22.2  24    17   13    1
 16  7 103.8   0.0  21.6  20    20    9    1
 16  8 140.4   0.0  22.2  20    19   13    2
 16  9  60.6   0.0  11.1   3    17   10    0
 16 10  22.2   0.0   6.3  18    12    4    0
 16 11  64.8   0.0  21.3  22    19    8    1
 16 121436.7   0.01357.2  31    18    8    3
---------------------------------------------
      2422.8   0.01357.2  Dec  219  121   10

                                Wind Speed (mph)
                          Dom
 YR MO   Avg.  Hi   Date  Dir
------------------------------
 16  1   4.4  41.2   29    SW
 16  2   4.5  38.0    1   WSW
 16  3   3.3  41.8   26   WSW
 16  4   3.2  37.4    1   WNW
 16  5   3.5 109.0    4    SW
 16  6   2.4  51.0    9    SE
 16  7   2.3  98.9   22    SW
 16  8   2.4  98.9   18    SW
 16  9   2.8  98.9   11     S
 16 10   2.1  21.3   27    SE
 16 11   2.2  26.6   22     W
 16 12   4.3 117.0   31   WSW
------------------------------
         3.1 117.0  Dec    SW

 

XHTML 1.1 | CSS