GeoURL
free counters
Scottish Weather Network UK Weather Network Cumulus Top Weather Sites

Peebles Weather - NOAA Style Reports

Raw Data, Raw Data Expanded

Ignore low humidity and Dew Point values. Something wrong with the sensor.
Daytime temperatures are in direct sunlight so may be higher than official air temperature values.
As with any other website, we log your IP address and browser type in the server logs for diagnostic reasons. Cookies are used to record visit time and gauges preferences. No personal information is stored or processed.

All times are in local time (GMT, or BST in summer) unless specified.

2019/01/23 01:20 EGPH 230120Z VRB01KT CAVOK M06/M07 Q0997
-1.6 0.0 0.0 2.4 0.0 mph 0.0 mph 993.2 10% X-Ray Solar Flare Level
Planetary K-Index
Planetary K-Index History
Station Warn Rain Snow Flood Wind Ltng Heat Cold Glob Moon Temp Rain 1h Rain Wed Rain 24h Wind 10m Gust Pressure Hum Proton Levels
Ice
0.33 m Waning Gibbous Uncomfortably Cold F0-SE F: A: Kp:0 SSN:0

NOAA Reports

Select a Year or Month report
2019 > Jan Feb Mar Apr May Jun Jul Aug Sep Oct Nov Dec
2018 > Jan Feb Mar Apr May Jun Jul Aug Sep Oct Nov Dec
2017 > Jan Feb Mar Apr May Jun Jul Aug Sep Oct Nov Dec
2016 > Jan Feb Mar Apr May Jun Jul Aug Sep Oct Nov Dec
2015 > Jan Feb Mar Apr May Jun Jul Aug Sep Oct Nov Dec
2014 > Jan Feb Mar Apr May Jun Jul Aug Sep Oct Nov Dec
2013 > Jan Feb Mar Apr May Jun Jul Aug Sep Oct Nov Dec
2012 > Jan Feb Mar Apr May Jun Jul Aug Sep Oct Nov Dec
2011 > Jan Feb Mar Apr May Jun Jul Aug Sep Oct Nov Dec
2010 > Jan Feb Mar Apr May Jun Jul Aug Sep Oct Nov Dec

Report for 2019 Jan
                   Monthly Climatological Summary for Jan 2019

Name: Kittlegairy Road   City: Peebles   State: Scottish Borders
Elevation: 517 ft  Lat: N 55 38' 27"   Lon: W 003 10' 15"

                  Temperature (C), Rain (mm), Wind Speed (mph)

                                      Heat  Cool        Avg
    Mean                              Deg   Deg         Wind                 Dom
Day Temp  High   Time   Low    Time   Days  Days  Rain  Speed High   Time    Dir
----------------------------------------------------------------------------------
 1   3.3  10.7   01:45  -3.9   23:58  15.0   0.0   0.0   2.3  18.3   01:15   WNW
 2  -3.4   2.3   11:45  -6.8   08:50  21.7   0.0   0.0   0.3   3.1   12:23   ESE
 3   0.8   3.5   23:43  -1.7   00:00  17.5   0.0   0.0   0.5   3.8   22:23   NNE
 4   5.3   6.8   10:57   3.3   00:03  13.0   0.0   0.0   3.3  13.0   23:55   WNW
 5   4.2   5.5   23:35   3.1   18:29  14.1   0.0   0.0   3.1  11.4   14:32     W
 6   7.7  10.0   14:07   5.5   00:00  10.6   0.0   1.5   1.5   6.9   23:57    NW
 7   9.2  11.6   07:57   6.8   23:56   9.1   0.0   1.5   9.2  29.8   09:24     W
 8   4.5   7.9   12:54  -0.3   23:56  13.8   0.0   0.0   3.8  15.9   02:17     W
 9   0.2   4.5   13:13  -3.7   08:37  18.1   0.0   0.0   0.6   3.8   23:26    SW
10   6.6   9.6   13:32   4.4   00:09  11.7   0.0   0.0   1.3   7.6   14:11     W
11   7.2   8.9   13:40   6.1   00:09  11.1   0.0   0.0   3.2  16.8   23:36     W
12   8.7  10.4   19:02   7.2   05:39   9.6   0.0   0.9   8.0  23.5   21:47     W
13   8.1  10.0   08:12   5.0   23:54  10.2   0.0   2.1   8.6  22.8   17:21     W
14   5.5   8.1   23:27   3.2   06:38  12.8   0.0   0.0   2.9  15.2   23:48   WNW
15   9.0  10.0   12:14   7.9   00:00   9.3   0.0   0.0   7.3  22.1   05:50     W
16   5.3   8.9   02:26   2.4   23:58  13.0   0.0   2.1   6.2  22.1   00:18   WSW
17   0.1   5.3   12:59  -2.9   23:37  18.2   0.0   0.0   2.6  15.2   00:26     W
18  -0.5   2.6   13:13  -4.6   07:38  19.0   0.0   0.0   2.8   8.3   10:55   ENE
19   1.4   2.5   11:49  -0.4   07:41  16.9   0.0   0.0   1.5   6.0   13:20     E
20   1.4   4.2   15:15  -3.6   23:55  16.9   0.0   0.3   1.1   6.9   07:42     W
21  -0.4   4.7   15:06  -5.7   06:35  18.7   0.0   6.9   2.8  20.6   15:16     S
22   0.7   3.4   12:41  -2.5   21:19  17.6   0.0   2.4   2.1  12.1   03:50     W
----------------------------------------------------------------------------------
     3.9  11.6     7    -6.8     2   317.9   0.0  17.7   3.4  29.8     7       W

Max >=  27.0:  0
Max <=   0.0:  0
Min <=   0.0: 11
Min <= -18.0:  0
Max Rain: 6.9 on day 21
Days of Rain: 8 (>= 0.2 mm)  4 (>= 2.0 mm)  0 (>= 20.0 mm)
Heat Base: 18.3  Cool Base: 18.3  Method: Integration

 

XHTML 1.1 | CSS