GeoURL
free counters
Scottish Weather Network UK Weather Network Cumulus Top Weather Sites

Peebles Weather - NOAA Style Reports

Raw Data, Raw Data Expanded

Ignore low humidity and Dew Point values. Something wrong with the sensor.
Daytime temperatures are in direct sunlight so may be higher than official air temperature values.

Warnings and solar data not updating. Currently under investigation. (27th Oct 2016)

2017/04/26 17:20 EGPH 261720Z VRB03KT CAVOK 09/M02 Q1020
8.2 0.0 0.0 0.0 3.0 mph 4.5 mph 1017.3 56% X-Ray Solar Flare Level
Planetary K-Index
Planetary K-Index History
Station Warn Rain Snow Flood Wind Ltng Heat Cold Glob Moon Temp Rain 1h Rain Wed Rain 24h Wind 10m Gust Pressure Hum Proton Levels
Lost sensor contact!!!
0.235 m New moon Cold F1-W F:81 A:12 Kp:2 SSN:36

NOAA Reports

Select a Year or Month report
2017 > Jan Feb Mar Apr May Jun Jul Aug Sep Oct Nov Dec
2016 > Jan Feb Mar Apr May Jun Jul Aug Sep Oct Nov Dec
2015 > Jan Feb Mar Apr May Jun Jul Aug Sep Oct Nov Dec
2014 > Jan Feb Mar Apr May Jun Jul Aug Sep Oct Nov Dec
2013 > Jan Feb Mar Apr May Jun Jul Aug Sep Oct Nov Dec
2012 > Jan Feb Mar Apr May Jun Jul Aug Sep Oct Nov Dec
2011 > Jan Feb Mar Apr May Jun Jul Aug Sep Oct Nov Dec
2010 > Jan Feb Mar Apr May Jun Jul Aug Sep Oct Nov Dec

Report for 2017 Apr
                   Monthly Climatological Summary for Apr 2017

Name: Kittlegairy Road   City: Peebles   State: Scottish Borders
Elevation: 517 ft  Lat: N 55 38' 27"   Lon: W 003 10' 15"

                  Temperature (C), Rain (mm), Wind Speed (mph)

                                      Heat  Cool        Avg
    Mean                              Deg   Deg         Wind                 Dom
Day Temp  High   Time   Low    Time   Days  Days  Rain  Speed High   Time    Dir
----------------------------------------------------------------------------------
 1  10.0  18.2   15:33   6.9   06:23   8.3   0.01309.5   2.1  13.0   16:49     W
 2   9.2  17.3   14:39   2.2   07:17   9.1   0.0   0.0   2.5  11.4   16:00    SW
 3   9.0  15.1   12:20   4.0   02:52   9.2   0.0   0.0   6.1  25.9   14:47   SSW
 4   9.8  13.7   12:51   6.0   07:01   8.5   0.0   0.0   6.1  16.8   10:45     W
 5   8.9  12.3   16:28   4.5   23:59   9.5   0.0   0.0   5.5  15.9   15:15     W
 6   8.5  14.0   14:45   1.8   03:11   9.8   0.0   0.0   4.7  15.9   12:29     W
 7   8.9  11.9   13:53   7.0   23:48   9.4   0.0   0.0   3.3  10.7   11:19     W
 8  10.7  21.3   17:13   2.7   05:44   7.9   0.3   0.0   2.1   9.2   12:24   WNW
 9   9.4  17.7   11:40   3.6   02:58   8.9   0.01578.3   4.1  15.2   15:36     W
10   8.9  15.7   13:26   4.9   22:57   9.4   0.0   0.0   5.5  15.9   20:57     W
11   8.7  11.7   13:35   0.1   03:25   9.6   0.01578.3   7.2  25.9   15:26     W
12   9.1  14.0   14:24   0.1   04:30   9.2   0.01311.9   7.0 117.0   04:16     W
13   7.9  13.7   16:34   4.1   01:30  10.5   0.01580.1   4.7  14.5   16:24     W
14   8.0  12.2   15:43   5.6   23:40  10.4   0.0   1.5   3.8  13.6   14:09     W
15   7.2  12.7   14:11   4.3   02:37  11.2   0.0   0.0   6.1  20.6   15:21     W
16   5.9   8.5   16:57   3.2   02:47  12.4   0.0   5.1   2.0   7.6   05:52     N
17   6.3  15.3   15:29   0.2   23:50  12.0   0.0   0.3   2.1  16.8   18:52     N
18   4.9  15.6   14:42  -4.6   06:10  13.5   0.0   0.0   1.4   8.3   12:25     S
19   9.2  17.3   16:26   2.8   00:00   9.1   0.0   0.0   2.3  13.6   13:27     W
20  11.5  14.4   12:18   9.8   00:07   6.8   0.0   0.0   4.1  13.6   13:48     W
21  11.2  15.8   17:39   5.9   22:44   7.1   0.0   0.6   5.0  15.9   11:23     W
22   7.6  14.2   13:59  -0.3   06:18  10.7   0.0   0.0   2.0  10.7   10:25   NNW
23   9.0  16.2   13:59   0.8   06:14   9.3   0.0   0.0   3.6  15.2   23:54     W
24   7.0  11.3   12:34   0.8   22:55  11.3   0.0   0.3   5.8  24.4   13:32   WNW
25   4.1   8.4   13:37   0.4   03:22  14.2   0.0   4.5   5.6  22.1   13:59   NNW
----------------------------------------------------------------------------------
     8.4  21.3     8    -4.6    18   247.3   0.37370.4   4.2 117.0    12       W

Max >=  27.0:  0
Max <=   0.0:  0
Min <=   0.0:  2
Min <= -18.0:  0
Max Rain: 1580.1 on day 13
Days of Rain: 11 (>= 0.2 mm)  7 (>= 2.0 mm)  5 (>= 20.0 mm)
Heat Base: 18.3  Cool Base: 18.3  Method: Integration

 

XHTML 1.1 | CSS