GeoURL
free counters
Scottish Weather Network UK Weather Network Cumulus Top Weather Sites

Peebles Weather - NOAA Style Reports

Raw Data, Raw Data Expanded

Ignore low humidity and Dew Point values. Something wrong with the sensor.
Daytime temperatures are in direct sunlight so may be higher than official air temperature values.
As with any other website, we log your IP address and browser type in the server logs for diagnostic reasons. Cookies are used to record visit time and gauges preferences. No personal information is stored or processed.

All times are in BST (UTC+1) unless specified.

2018/11/20 00:20 EGPH 200020Z 08012KT 9999 -RA SCT020TCU BKN037 06/03 Q1027
5.0 0.0 0.0 0.3 6.3 mph 9.8 mph 1021.3 80% X-Ray Solar Flare Level
Planetary K-Index
Planetary K-Index History
Station Warn Rain Snow Flood Wind Ltng Heat Cold Glob Moon Temp Rain 1h Rain Tue Rain 24h Wind 10m Gust Pressure Hum Proton Levels

0.488 m Waxing Gibbous Cold F2-NNE F: A: Kp:0 SSN:0

NOAA Reports


Report for 2018 Nov
                   Monthly Climatological Summary for Nov 2018

Name: Kittlegairy Road   City: Peebles   State: Scottish Borders
Elevation: 517 ft  Lat: N 55 38' 27"   Lon: W 003 10' 15"

                  Temperature (C), Rain (mm), Wind Speed (mph)

                                      Heat  Cool        Avg
    Mean                              Deg   Deg         Wind                 Dom
Day Temp  High   Time   Low    Time   Days  Days  Rain  Speed High   Time    Dir
----------------------------------------------------------------------------------
 1   4.8  10.5   10:45   0.4   22:41  13.5   0.0  10.8   1.2   8.3   15:42   WNW
 2   5.6  11.4   11:28  -1.1   08:05  12.7   0.0   0.3   2.2  15.9   23:56   WSW
 3  12.6  15.4   11:34   8.2   00:00   5.7   0.0   1.2  13.6  38.0   10:25     S
 4  11.4  15.0   12:40   9.2   21:25   6.9   0.0   0.6   4.6  22.1   01:27     S
 5   9.5  10.8   13:38   8.5   23:59   8.8   0.0   0.9   2.3   9.2   22:31   ENE
 6  10.8  12.7   16:19   8.3   02:08   7.5   0.0   0.9   3.6  20.6   22:14    SE
 7  10.7  13.5   14:25   6.8   23:38   7.6   0.0   2.7   4.5  18.3   09:42   SSE
 8   7.6  10.3   12:07   4.4   06:20  10.7   0.0   6.3   2.9  15.2   19:19   SSE
 9   8.7  10.1   18:45   7.7   01:36   9.6   0.0  17.1   6.8  24.4   23:31   SSE
10   8.6  12.8   10:57   5.8   07:07   9.7   0.0   6.0   2.7  13.6   00:52   SSE
11   7.4  11.6   10:48   5.2   18:39  10.9   0.0   1.8   2.6  13.0   20:10   SSE
12   9.0  10.9   12:51   7.5   09:23   9.3   0.0  11.4   4.7  17.4   09:07   SSE
13   9.5  11.7   13:07   7.2   00:55   8.8   0.0   3.6   4.7  19.7   22:56    SW
14  12.6  15.5   12:07  10.7   04:35   5.7   0.0   1.2   8.8  29.8   06:09     S
15  12.2  15.1   14:07  10.5   09:50   6.1   0.0   0.0   4.9  22.1   18:28     S
16  11.7  14.6   13:17  10.2   00:40   6.6   0.0   0.0   2.4   9.2   22:46    SE
17   7.2  11.0   14:05   4.3   18:40  11.1   0.0   0.0   3.5   9.8   01:08    SE
18   6.0  10.4   14:09   2.8   06:11  12.3   0.0   0.3   2.9  12.1   04:35    SE
19   6.4   7.7   12:40   4.9   23:15  11.9   0.0   0.3   4.3  12.1   14:27   ENE
----------------------------------------------------------------------------------
     9.1  15.5    14    -1.1     2   175.4   0.0  65.4   4.4  38.0     3     SSE

Max >=  27.0:  0
Max <=   0.0:  0
Min <=   0.0:  1
Min <= -18.0:  0
Max Rain: 17.1 on day 9
Days of Rain: 16 (>= 0.2 mm)  7 (>= 2.0 mm)  0 (>= 20.0 mm)
Heat Base: 18.3  Cool Base: 18.3  Method: Integration

 

XHTML 1.1 | CSS