GeoURL
free counters
Scottish Weather Network UK Weather Network Cumulus Top Weather Sites

Peebles Weather - NOAA Style Reports

Raw Data, Raw Data Expanded

Ignore low humidity and Dew Point values. Something wrong with the sensor.
Daytime temperatures are in direct sunlight so may be higher than official air temperature values.
As with any other website, we log your IP address and browser type in the server logs for diagnostic reasons. Cookies are used to record visit time and gauges preferences. No personal information is stored or processed.

All times are in local time (GMT, or BST in summer) unless specified.

2020/02/26 10:20 EGPH 261020Z 26011KT CAVOK 04/01 Q0998
5.7 0.0 0.3 2.7 7.0 mph 13.6 mph 994.0 32% X-Ray Solar Flare Level
Planetary K-Index
Planetary K-Index History
Station Warn Rain Snow Flood Wind Ltng Heat Cold Glob Moon Temp Rain 1h Rain Wed Rain 24h Wind 10m Gust Pressure Hum Proton Levels
Lost sensor contact!!! Snow
1.087 m Waxing Crescent Cold F2-WNW F: A: Kp:0 SSN:0

NOAA Reports

Select a Year or Month report
2020 > Jan Feb Mar Apr May Jun Jul Aug Sep Oct Nov Dec
2019 > Jan Feb Mar Apr May Jun Jul Aug Sep Oct Nov Dec
2018 > Jan Feb Mar Apr May Jun Jul Aug Sep Oct Nov Dec
2017 > Jan Feb Mar Apr May Jun Jul Aug Sep Oct Nov Dec
2016 > Jan Feb Mar Apr May Jun Jul Aug Sep Oct Nov Dec
2015 > Jan Feb Mar Apr May Jun Jul Aug Sep Oct Nov Dec
2014 > Jan Feb Mar Apr May Jun Jul Aug Sep Oct Nov Dec
2013 > Jan Feb Mar Apr May Jun Jul Aug Sep Oct Nov Dec
2012 > Jan Feb Mar Apr May Jun Jul Aug Sep Oct Nov Dec
2011 > Jan Feb Mar Apr May Jun Jul Aug Sep Oct Nov Dec
2010 > Jan Feb Mar Apr May Jun Jul Aug Sep Oct Nov Dec

Report for 2020 Feb
                   Monthly Climatological Summary for Feb 2020

Name: Kittlegairy Road   City: Peebles   State: Scottish Borders
Elevation: 524 ft  Lat: N 55 38' 27"   Lon: W 003 10' 15"

                  Temperature (C), Rain (mm), Wind Speed (mph)

                                      Heat  Cool        Avg
    Mean                              Deg   Deg         Wind                 Dom
Day Temp  High   Time   Low    Time   Days  Days  Rain  Speed High   Time    Dir
----------------------------------------------------------------------------------
 1   7.1   9.1   15:16   1.3   23:53  11.2   0.0   2.7   7.4  24.4   12:20   WSW
 2   4.3  11.4   14:47   0.2   02:46  14.0   0.0   3.9   2.1  14.5   23:02     S
 3   4.7   8.2   01:19   1.8   17:45  13.6   0.0   8.4   8.1  21.3   02:23     W
 4   4.9  10.2   11:37   0.8   18:52  13.4   0.0   0.3   4.7  22.8   06:37   WNW
 5   4.2   7.4   11:47  -0.8   06:26  14.1   0.0   0.0   2.7  12.1   11:24   WNW
 6   4.1  11.7   14:53  -2.3   22:54  14.2   0.0   0.0   1.8   9.2   11:46    NW
 7   3.2  12.2   14:45  -3.4   04:50  15.1   0.0   1.2   3.0  19.7   23:38    SE
 8   6.8   8.7   01:33   3.7   07:32  11.5   0.0  29.7  14.2  40.3   19:58     S
 9   7.7  10.4   02:34   3.0   21:37  10.6   0.0  21.3   9.9  35.8   00:29   WSW
10   2.4   5.2   14:31   0.8   07:11  15.9   0.0  15.0   8.5  26.6   16:26   WSW
11   1.8   2.8   03:10   0.8   12:28  16.5   0.0   9.6   8.7  25.1   15:10     W
12   1.6   5.1   14:45  -1.8   22:09  16.7   0.0   4.2   5.3  19.0   09:56     W
13   2.4   5.4   13:52  -0.2   00:00  15.9   0.0   2.7   2.7  13.0   13:12   ESE
14   5.5  10.0   14:26   0.7   00:00  12.8   0.0   2.4   5.9  32.0   10:58   SSW
15   6.9  10.4   11:57   2.3   01:50  11.4   0.0  16.2   8.7  43.4   13:16     S
16   5.9   8.6   01:56   4.1   05:32  12.4   0.0   2.1  11.3  31.1   23:10    SW
17   5.4   9.5   11:33   1.8   21:06  12.9   0.0   6.0  10.9  29.8   00:11   WSW
18   3.8   8.0   13:53   1.4   18:05  14.5   0.0   3.3   7.1  23.5   03:40   WSW
19   5.7   9.4   23:57   2.5   00:30  12.6   0.0   2.7   6.1  20.6   14:49   WSW
20   4.9   9.7   01:52   1.5   12:11  13.4   0.0  12.6   6.0  18.3   20:21     W
21   7.6  10.0   23:59   4.6   00:00  10.7   0.0  10.8   9.9  32.0   06:51    SW
22   4.0  10.3   00:19   1.0   21:21  14.3   0.0  14.4  10.3  28.9   08:40     W
23   3.2   5.9   14:48   1.1   07:06  15.1   0.0   7.2   3.9  20.6   11:38     W
24   1.9   3.2   03:10   0.5   10:08  16.4   0.0  12.3   3.8  19.0   16:56     W
25   2.4   5.7   11:50   0.8   21:26  15.9   0.0   3.0   2.9  14.5   00:20     W
----------------------------------------------------------------------------------
     4.5  12.2     7    -3.4     7   345.1   0.0 192.0   6.6  43.4    15     WSW

Max >=  27.0:  0
Max <=   0.0:  0
Min <=   0.0:  5
Min <= -18.0:  0
Max Rain: 29.7 on day 8
Days of Rain: 23 (>= 0.2 mm)  21 (>= 2.0 mm)  2 (>= 20.0 mm)
Heat Base: 18.3  Cool Base: 18.3  Method: Integration

 

XHTML 1.1 | CSS