GeoURL
free counters
Scottish Weather Network UK Weather Network Cumulus Top Weather Sites

Peebles Weather - NOAA Style Reports

Raw Data, Raw Data Expanded

Ignore low humidity and Dew Point values. Something wrong with the sensor.
Daytime temperatures are in direct sunlight so may be higher than official air temperature values.

Warnings and solar data not updating. Currently under investigation. (27th Oct 2016)

2017/08/20 20:50 EGPH 202050Z 21003KT CAVOK 13/09 Q1021
9.5 0.0 0.0 0.0 0.0 mph 0.0 mph 1018.1 79% X-Ray Solar Flare Level
Planetary K-Index
Planetary K-Index History
Station Warn Rain Snow Flood Wind Ltng Heat Cold Glob Moon Temp Rain 1h Rain Sun Rain 24h Wind 10m Gust Pressure Hum Proton Levels
Lost sensor contact!!!
0.439 m Waning Crescent Cool F0-S F:87 A:31 Kp:3 SSN:33

NOAA Reports

Select a Year or Month report
2017 > Jan Feb Mar Apr May Jun Jul Aug Sep Oct Nov Dec
2016 > Jan Feb Mar Apr May Jun Jul Aug Sep Oct Nov Dec
2015 > Jan Feb Mar Apr May Jun Jul Aug Sep Oct Nov Dec
2014 > Jan Feb Mar Apr May Jun Jul Aug Sep Oct Nov Dec
2013 > Jan Feb Mar Apr May Jun Jul Aug Sep Oct Nov Dec
2012 > Jan Feb Mar Apr May Jun Jul Aug Sep Oct Nov Dec
2011 > Jan Feb Mar Apr May Jun Jul Aug Sep Oct Nov Dec
2010 > Jan Feb Mar Apr May Jun Jul Aug Sep Oct Nov Dec

Report for 2017 Aug
                   Monthly Climatological Summary for Aug 2017

Name: Kittlegairy Road   City: Peebles   State: Scottish Borders
Elevation: 517 ft  Lat: N 55 38' 27"   Lon: W 003 10' 15"

                  Temperature (C), Rain (mm), Wind Speed (mph)

                                      Heat  Cool        Avg
    Mean                              Deg   Deg         Wind                 Dom
Day Temp  High   Time   Low    Time   Days  Days  Rain  Speed High   Time    Dir
----------------------------------------------------------------------------------
 1  14.9  22.2   15:10  10.6   23:49   3.6   0.2   1.5   2.3  12.1   17:14     S
 2  14.2  22.5   11:35   7.8   04:42   4.3   0.2   3.6   2.1  13.0   12:30    SE
 3  17.0  23.5   15:59  13.5   05:39   2.0   0.7   2.7   2.4  15.2   19:22    SW
 4  15.1  20.7   13:20  12.6   23:52   3.3   0.1   0.3   3.8  15.2   11:31   WSW
 5  14.5  22.6   15:58   9.7   23:55   4.1   0.3   0.9   2.1   9.8   15:51   WSW
 6  12.4  19.7   10:31   4.3   05:14   6.5   0.0   5.1   1.6  11.4   10:25   SSE
 7  14.9  23.0   16:43   9.9   04:33   3.9   0.5   3.0   1.8  10.7   11:55    SW
 8  15.2  24.8   17:07   8.0   05:38   4.2   1.1   0.0   1.7   9.8   18:27   NNE
 9  15.7  23.6   15:48   8.7   23:59   3.4   0.7   0.0   2.9  14.5   14:56     N
10  12.9  23.6   15:57   5.8   05:48   5.7   0.2   0.0   1.6   9.2   18:08     W
11  15.7  19.9   14:45  12.3   00:00   2.8   0.1   0.9   3.8  16.8   10:53   WSW
12  14.6  21.1   16:27  10.0   23:58   3.8   0.1   2.4   1.7   8.3   15:22    SW
13  12.8  21.4   15:08   4.6   06:30   5.8   0.1   0.0   1.1   8.3   11:33     S
14  14.2  22.7   15:10  10.3   06:05   4.3   0.2   9.6   2.9  15.9   14:09    SE
15  15.8  24.0   15:44   9.0   23:56   3.1   0.7   6.3   2.0   9.8   18:26   WSW
16  14.1  20.0   09:52   7.9   03:37   4.3   0.1   1.8   3.5  18.3   14:44   SSE
17  17.8  24.9   16:17  11.5   06:57   2.0   1.4   2.1   3.0  17.4   15:48     S
18  14.2  18.3   11:45  11.2   06:22   4.2   0.0   6.9   3.0  15.2   14:56   WSW
19  14.0  20.0   12:33  11.3   06:01   4.3   0.0   0.6   4.3  18.3   12:15   WSW
----------------------------------------------------------------------------------
    14.7  24.9    17     4.3     6    75.6   6.7  47.7   2.5  18.3    16      SW

Max >=  27.0:  0
Max <=   0.0:  0
Min <=   0.0:  0
Min <= -18.0:  0
Max Rain: 9.6 on day 14
Days of Rain: 15 (>= 0.2 mm)  9 (>= 2.0 mm)  0 (>= 20.0 mm)
Heat Base: 18.3  Cool Base: 18.3  Method: Integration

 

XHTML 1.1 | CSS