GeoURL
free counters
Scottish Weather Network UK Weather Network Cumulus Top Weather Sites

Peebles Weather - NOAA Style Reports

Raw Data, Raw Data Expanded

Ignore low humidity and Dew Point values. Something wrong with the sensor.
Daytime temperatures are in direct sunlight so may be higher than official air temperature values.
As with any other website, we log your IP address and browser type in the server logs for diagnostic reasons. Cookies are used to record visit time and gauges preferences. No personal information is stored or processed.

All times are in BST (UTC+1) unless specified.

2018/09/18 17:50 EGPH 181750Z 22010KT 9999 SCT032 16/12 Q0997
16.4 0.0 0.0 0.0 6.0 mph 11.4 mph 994.1 83% X-Ray Solar Flare Level
Planetary K-Index
Planetary K-Index History
Station Warn Rain Snow Flood Wind Ltng Heat Cold Glob Moon Temp Rain 1h Rain Tue Rain 24h Wind 10m Gust Pressure Hum Proton Levels
Lost sensor contact!!! Wind
0.286 m Waxing Gibbous Comfortable F2-SSE F: A: Kp:0 SSN:0

NOAA Reports


Report for 2018 Sep
                   Monthly Climatological Summary for Sep 2018

Name: Kittlegairy Road   City: Peebles   State: Scottish Borders
Elevation: 517 ft  Lat: N 55 38' 27"   Lon: W 003 10' 15"

                  Temperature (C), Rain (mm), Wind Speed (mph)

                                      Heat  Cool        Avg
    Mean                              Deg   Deg         Wind                 Dom
Day Temp  High   Time   Low    Time   Days  Days  Rain  Speed High   Time    Dir
----------------------------------------------------------------------------------
 1  15.7  19.8   13:36  11.2   00:00   2.7   0.1   0.0   2.5  12.1   01:34    SE
 2  17.2  22.6   12:59  11.6   02:04   1.7   0.6   0.0   2.9  17.4   11:05   SSE
 3  12.4  16.0   01:38   9.7   23:45   5.9   0.0  13.5   1.1   7.6   12:45    SE
 4  12.0  22.1   14:52   5.3   23:54   6.5   0.1   0.0   0.9   7.6   13:34   NNE
 5  11.9  22.4   15:46   1.9   06:14   6.8   0.4   0.0   0.9  99.5   15:46    SE
 6  10.2  18.5   16:07   4.2   23:59   8.1   0.0   0.0   1.4  13.6   14:07     N
 7  10.5  20.1   14:57   3.2   03:19   7.8   0.0   2.7   1.7   9.8   14:58   WSW
 8  12.6  18.4   17:07   6.9   02:42   5.7   0.0   0.0   1.2   9.8   18:22   WSW
 9  14.5  19.9   10:30  11.3   00:00   3.8   0.0   0.9   3.8  17.4   11:36    SW
10  12.7  15.7   13:14  11.4   06:11   5.6   0.0   9.3   4.8  16.8   01:47    SW
11  13.1  17.9   13:17   9.8   03:08   5.2   0.0   4.5   5.8  24.4   07:15     W
12  11.8  17.6   14:11   8.3   22:24   6.5   0.0   2.4   3.5  15.2   01:49   WSW
13  11.8  15.8   13:29   9.3   02:58   6.5   0.0   0.6   3.6  15.9   11:40   WSW
14  11.8  16.2   14:26   7.2   23:56   6.5   0.0   6.0   2.9  12.1   11:12   WSW
15  10.6  18.0   14:40   5.2   01:40   7.7   0.0   0.3   1.6  17.4   23:50     S
16  14.3  17.2   13:16  11.8   19:55   4.0   0.0   1.5   5.1  24.4   03:53   SSW
17  14.4  20.3   14:20   8.2   06:07   3.9   0.0   0.3   3.8  24.4   19:09     S
----------------------------------------------------------------------------------
    12.8  22.6     2     1.9     5    94.9   1.2  42.0   2.8  99.5     5      SW

Max >=  27.0:  0
Max <=   0.0:  0
Min <=   0.0:  0
Min <= -18.0:  0
Max Rain: 13.5 on day 3
Days of Rain: 11 (>= 0.2 mm)  6 (>= 2.0 mm)  0 (>= 20.0 mm)
Heat Base: 18.3  Cool Base: 18.3  Method: Integration

 

XHTML 1.1 | CSS