GeoURL
free counters
Scottish Weather Network UK Weather Network Cumulus Top Weather Sites

Peebles Weather - NOAA Style Reports

Raw Data, Raw Data Expanded

Ignore low humidity and Dew Point values. Something wrong with the sensor.
Daytime temperatures are in direct sunlight so may be higher than official air temperature values.
As with any other website, we log your IP address and browser type in the server logs for diagnostic reasons. Cookies are used to record visit time and gauges preferences. No personal information is stored or processed.

All times are in local time (GMT, or BST in summer) unless specified.

2019/06/19 17:50 EGPH 191750Z 26010KT 220V300 CAVOK 17/09 Q1005
18.0 0.0 0.0 0.0 2.8 mph 5.4 mph 1000.7 57% X-Ray Solar Flare Level
Planetary K-Index
Planetary K-Index History
Station Warn Rain Snow Flood Wind Ltng Heat Cold Glob Moon Temp Rain 1h Rain Wed Rain 24h Wind 10m Gust Pressure Hum Proton Levels

0.246 m Waning Gibbous Comfortable F1-NW F: A: Kp:0 SSN:0

NOAA Reports


Report for 2019 Jun
                   Monthly Climatological Summary for Jun 2019

Name: Kittlegairy Road   City: Peebles   State: Scottish Borders
Elevation: 524 ft  Lat: N 55 38' 27"   Lon: W 003 10' 15"

                  Temperature (C), Rain (mm), Wind Speed (mph)

                                      Heat  Cool        Avg
    Mean                              Deg   Deg         Wind                 Dom
Day Temp  High   Time   Low    Time   Days  Days  Rain  Speed High   Time    Dir
----------------------------------------------------------------------------------
 1  14.4  20.4   15:18  10.3   03:45   4.0   0.1   0.0   2.8  12.1   15:21     S
 2  15.3  21.6   12:00  12.0   23:57   3.2   0.1   0.6   6.1  25.1   14:28     S
 3  12.8  17.8   16:27  10.5   22:36   5.5   0.0   1.2   5.3  19.0   08:31   SSW
 4  12.7  17.5   09:51   9.7   04:59   5.6   0.0  10.8   1.8 100.0   20:21    SE
 5  12.5  19.9   12:22   8.9   04:41   5.8   0.0  12.0   2.2  12.1   16:24   SSE
 6  13.4  19.8   16:31   6.2   23:53   5.0   0.1   0.0   3.6  16.8   12:07   SSE
 7  11.7  20.6   13:21   4.1   04:20   6.7   0.1   3.3   2.8  12.1   14:28   NNE
 8  11.0  16.1   12:08   9.1   23:57   7.3   0.0   5.1   1.8  13.6   13:46     N
 9  12.1  18.3   14:12   8.0   23:59   6.2   0.0   0.6   2.0  12.1   13:13     S
10  11.8  21.4   13:56   3.6   05:15   6.7   0.2   0.0   2.1   9.8   12:54    NE
11  10.5  15.6   14:46   5.0   02:13   7.8   0.0   0.0   3.8  13.6   12:28   NNE
12  10.8  12.6   13:21   9.5   02:11   7.5   0.0   0.0   7.6  21.3   07:24   NNE
13   9.3  15.8   17:14   7.1   08:13   9.0   0.0   4.8   2.9  17.4   01:14   NNE
14  12.1  19.3   16:09   6.8   02:14   6.2   0.0   0.0   3.2  13.0   09:13     S
15  13.3  20.1   14:18   8.2   23:56   5.0   0.1   0.6   3.1  14.5   15:23   SSE
16  12.2  18.3   12:23   4.6   03:46   6.1   0.0   1.8   3.5  15.2   13:26   SSE
17  13.9  18.8   15:18   9.5   23:53   4.4   0.0   3.9   5.2  24.4   14:52     S
18  13.3  21.3   13:22   6.3   05:05   5.1   0.1   0.3   2.2  13.6   08:29   SSW
----------------------------------------------------------------------------------
    12.4  21.6     2     3.6    10   107.1   0.8  45.0   3.4 100.0     4     SSE

Max >=  27.0:  0
Max <=   0.0:  0
Min <=   0.0:  0
Min <= -18.0:  0
Max Rain: 12.0 on day 5
Days of Rain: 12 (>= 0.2 mm)  6 (>= 2.0 mm)  0 (>= 20.0 mm)
Heat Base: 18.3  Cool Base: 18.3  Method: Integration

 

XHTML 1.1 | CSS