GeoURL
free counters
Scottish Weather Network UK Weather Network Cumulus Top Weather Sites

Peebles Weather - NOAA Style Reports

Raw Data, Raw Data Expanded


Daytime temperatures are in direct sunlight so may be higher than official air temperature values.
As with any other website, we log your IP address and browser type in the server logs for diagnostic reasons. Cookies are used to record visit time and gauges preferences. No personal information is stored or processed.

All times are in local time (GMT, or BST in summer) unless specified.

2022/06/29 09:50 EGPH 290950Z VRB03KT 9999 FEW016 BKN046 17/13 Q1007
14.3 0.3 0.6 1.2 4.6 mph 6.9 mph 1008.8 78% X-Ray Solar Flare Level
Planetary K-Index
Planetary K-Index History
Station Warn Rain Snow Flood Wind Ltng Heat Cold Glob Moon Temp Rain 1h Rain Wed Rain 24h Wind 10m Gust Pressure Hum Proton Levels

m New moon Cool F1-SSE F: A: Kp:0 SSN:0

NOAA Reports


Report for 2022 Jun
                   Monthly Climatological Summary for Jun 2022

Name: Kittlegairy Road   City: Peebles   State: Scottish Borders
Elevation: 524 ft  Lat: N 55 38' 27"   Lon: W 003 10' 15"

                  Temperature (C), Rain (mm), Wind Speed (mph)

                                      Heat  Cool        Avg
    Mean                              Deg   Deg         Wind                 Dom
Day Temp  High   Time   Low    Time   Days  Days  Rain  Speed High   Time    Dir
----------------------------------------------------------------------------------
 1  10.9  17.6   17:44   5.8   00:00   7.4   0.0   2.4   0.7   4.5   08:33    SE
 2  11.5  19.0   15:24   2.3   04:38   6.8   0.0   0.0   0.7   6.9   13:50   SSE
 3  12.0  17.1   15:49   8.3   04:37   6.3   0.0   0.0   2.7  10.7   10:08    NE
 4  12.9  19.1   16:16   7.9   01:15   5.5   0.0   0.0   2.8  13.0   13:21   SSE
 5  11.1  17.2   15:32   5.6   04:35   7.2   0.0   0.0   3.3  10.7   12:47   SSE
 6  12.2  17.5   14:27   8.0   23:47   6.1   0.0   0.0   1.6   9.2   18:51   ENE
 7  12.7  20.5   16:24   5.2   04:30   5.7   0.1   0.0   2.2  10.7   19:57   SSE
 8  12.4  17.3   15:06   9.3   04:19   5.9   0.0   3.0   2.3   8.3   07:37   SSE
 9  13.6  18.8   12:33  10.0   01:55   4.7   0.0   0.3   2.2  13.6   15:18     S
10  15.1  19.4   14:31  11.7   04:27   3.2   0.0   0.0   4.9  22.1   16:27   SSW
11  13.4  16.4   14:34  10.4   22:31   4.9   0.0   2.1   4.8  19.7   03:26    SW
12  11.3  15.6   15:33   8.2   23:46   7.0   0.0   3.0   4.1  19.7   13:26     W
13  11.7  15.9   16:13   8.3   00:00   6.6   0.0   0.0   2.5  10.7   16:41     W
14  12.7  17.9   17:49   8.3   03:51   5.6   0.0   0.0   1.1  11.4   13:47    SW
15  15.4  23.2   16:03   8.5   04:33   3.4   0.5   0.0   1.2   8.3   18:23   WSW
16  15.9  22.1   15:42   7.6   05:10   2.9   0.5   0.0   1.7   9.2   11:59     S
17  15.4  18.7   08:30  10.2   23:53   2.9   0.0   2.7   3.5  22.1   08:09    SW
18  11.8  16.8   15:06   8.8   04:31   6.5   0.0   0.0   3.6  13.6   14:35   WSW
19  13.4  19.0   16:17   7.8   23:59   4.9   0.0   0.0   3.2  11.4   16:59   WNW
20  13.5  21.9   14:52   2.5   04:55   5.4   0.6   0.0   2.2   8.3   12:38     W
21  15.0  19.0   14:04  10.4   23:55   3.3   0.0   0.3   1.6   9.2   11:16     W
22  14.6  20.6   15:17   8.5   02:41   3.9   0.2   0.0   2.4   9.2   13:38     W
23  18.0  24.3   15:40  14.2   03:10   1.5   1.3   0.0   2.0  13.6   17:08   SSW
24  16.7  21.8   15:52  13.7   04:23   2.0   0.4   1.2   1.9  10.7   12:07     S
25  14.7  18.3   15:02   9.6   22:53   3.6   0.0   0.6   4.6  17.4   11:26     S
26  12.3  16.5   11:23   6.6   01:58   6.0   0.0   6.6   5.5  18.3   11:11     S
27  13.4  18.4   13:17  10.8   05:25   4.9   0.0   2.1   2.4  13.6   20:54     S
28  13.8  16.5   15:07  11.4   00:18   4.5   0.0   0.9   4.9  18.3   03:34     S
----------------------------------------------------------------------------------
    13.5  24.3    23     2.3     2   138.6   3.6  25.2   2.7  22.1    10     SSW

Max >=  27.0:  0
Max <=   0.0:  0
Min <=   0.0:  0
Min <= -18.0:  0
Max Rain: 6.6 on day 26
Days of Rain: 12 (>= 0.2 mm)  7 (>= 2.0 mm)  0 (>= 20.0 mm)
Heat Base: 18.3  Cool Base: 18.3  Method: Integration

 

XHTML 1.1 | CSS