GeoURL
free counters
Scottish Weather Network UK Weather Network Cumulus Top Weather Sites

Peebles Weather - NOAA Style Reports

Raw Data, Raw Data Expanded

Ignore low humidity and Dew Point values. Something wrong with the sensor.
Daytime temperatures are in direct sunlight so may be higher than official air temperature values.
As with any other website, we log your IP address and browser type in the server logs for diagnostic reasons. Cookies are used to record visit time and gauges preferences. No personal information is stored or processed.

All times are in local time (GMT, or BST in summer) unless specified.

2021/07/30 07:50 EGPH 300750Z VRB03KT 9999 FEW013 OVC034 15/13 Q1004
16.0 0.0 0.0 0.0 0.3 mph 3.1 mph 999.2 59% X-Ray Solar Flare Level
Planetary K-Index
Planetary K-Index History
Station Warn Rain Snow Flood Wind Ltng Heat Cold Glob Moon Temp Rain 1h Rain Fri Rain 24h Wind 10m Gust Pressure Hum Proton Levels

m Waning Gibbous Comfortable F0-SE F: A: Kp:0 SSN:0

NOAA Reports


Report for 2021 Jul
                   Monthly Climatological Summary for Jul 2021

Name: Kittlegairy Road   City: Peebles   State: Scottish Borders
Elevation: 524 ft  Lat: N 55 38' 27"   Lon: W 003 10' 15"

                  Temperature (C), Rain (mm), Wind Speed (mph)

                                      Heat  Cool        Avg
    Mean                              Deg   Deg         Wind                 Dom
Day Temp  High   Time   Low    Time   Days  Days  Rain  Speed High   Time    Dir
----------------------------------------------------------------------------------
 1  17.1  29.6   16:18   4.6   04:30   4.0   2.9   0.0   2.1   9.2   18:53   ENE
 2  15.7  24.5   14:07  11.7   04:50   3.2   0.6   5.1   2.3   9.2   12:26   ENE
 3  16.4  21.3   10:40  11.8   03:15   2.3   0.4   1.8   1.6   7.6   14:49   ENE
 4  17.7  26.1   14:25  14.0   04:44   1.7   1.0   3.0   1.7   9.2   16:18     E
 5  16.5  23.5   12:38   9.8   23:29   2.4   0.6   1.2   1.8  12.1   14:18    SE
 6  12.7  16.2   10:23   8.8   00:45   5.6   0.0   0.3   1.2   7.6   11:21   ENE
 7  15.6  24.7   15:10   9.9   04:31   3.3   0.6   1.2   0.9  12.1   15:27   ESE
 8  16.3  22.1   17:17  10.6   02:47   2.5   0.5   0.0   0.8   6.0   10:53     E
 9  17.2  23.9   13:39  14.1   04:48   1.7   0.6   3.6   0.6   4.5   14:19     E
10  17.5  23.8   10:07  12.7   04:47   1.8   1.0   1.8   0.8   9.2   14:41     E
11  18.3  25.3   11:51  14.6   05:03   1.3   1.2   6.3   0.8   6.0   13:21     E
12  18.1  25.2   16:36  14.0   04:57   1.4   1.2   0.0   1.6  10.7   12:33    NE
13  19.5  30.3   17:38  13.0   03:20   1.4   2.6   0.0   1.3   7.6   11:48   ENE
14  19.7  26.1   14:10  15.0   04:45   0.0   1.4   0.0   2.1   9.2   16:45     W
15  20.6  30.1   16:08  12.9   04:59   1.4   3.8   0.0   2.2   7.6   01:51    SE
16  20.0  27.2   16:51  13.0   04:58   1.4   3.1   0.0   2.0   9.8   14:52     W
17  21.1  29.0   14:37  13.1   04:31   1.2   4.0   0.0   2.4  14.5   11:22     W
18  19.3  26.5   15:20  14.9   04:28   1.1   2.2   0.0   2.4   9.8   11:34   WSW
19  20.9  30.5   16:26  12.2   04:33   1.4   4.0   0.0   1.4   7.6   14:55     E
20  20.8  31.6   16:55  10.1   05:07   2.1   4.6   0.0   1.7   9.2   15:34    NE
21  22.4  32.4   15:50  16.0   23:58   0.7   4.9   0.0   2.3  10.7   12:29   NNE
22  20.4  29.9   17:18  12.7   03:13   1.5   3.5   0.0   1.7   9.2   18:27     N
23  21.1  30.8   15:59  14.5   23:56   0.7   3.5   0.0   2.9   8.3   10:44     E
24  17.7  28.9   16:55  10.8   02:49   2.7   2.2   0.0   3.1  13.6   15:48     E
25  16.6  27.1   17:07   6.4   04:29   3.9   2.2   0.0   1.9   9.2   15:44   ENE
26  19.7  28.2   15:15  12.0   00:00   1.5   3.0   0.0   1.2   9.8   16:25   ESE
27  18.4  25.7   12:55  11.2   01:16   1.8   1.9   0.0   1.6   9.2   15:45   ESE
28  16.1  22.2   14:59  13.0   23:44   2.5   0.3   3.9   1.8  12.1   17:43    SE
29  16.4  23.6   14:45  12.6   01:09   2.6   0.7   0.0   2.5  12.1   14:09   SSW
----------------------------------------------------------------------------------
    18.3  32.4    21     4.6     1    59.1  58.5  28.2   1.8  14.5    17       E

Max >=  27.0: 13
Max <=   0.0:  0
Min <=   0.0:  0
Min <= -18.0:  0
Max Rain: 6.3 on day 11
Days of Rain: 10 (>= 0.2 mm)  5 (>= 2.0 mm)  0 (>= 20.0 mm)
Heat Base: 18.3  Cool Base: 18.3  Method: Integration

 

XHTML 1.1 | CSS