GeoURL
free counters
Scottish Weather Network UK Weather Network Cumulus Top Weather Sites

Peebles Weather - NOAA Style Reports

Raw Data, Raw Data Expanded

Ignore low humidity and Dew Point values. Something wrong with the sensor.
Daytime temperatures are in direct sunlight so may be higher than official air temperature values.

Warnings and solar data not updating. Currently under investigation. (27th Oct 2016)

2017/06/28 16:50 EGPH 281650Z 05015KT 9999 SCT022 13/08 Q1005
12.8 0.0 0.0 0.0 3.1 mph 6.0 mph 1001.2 74% X-Ray Solar Flare Level
Planetary K-Index
Planetary K-Index History
Station Warn Rain Snow Flood Wind Ltng Heat Cold Glob Moon Temp Rain 1h Rain Wed Rain 24h Wind 10m Gust Pressure Hum Proton Levels

0.279 m Waxing Crescent Cool F1-N F:74 A:5 Kp:1 SSN:17

NOAA Reports

Select a Year or Month report
2017 > Jan Feb Mar Apr May Jun Jul Aug Sep Oct Nov Dec
2016 > Jan Feb Mar Apr May Jun Jul Aug Sep Oct Nov Dec
2015 > Jan Feb Mar Apr May Jun Jul Aug Sep Oct Nov Dec
2014 > Jan Feb Mar Apr May Jun Jul Aug Sep Oct Nov Dec
2013 > Jan Feb Mar Apr May Jun Jul Aug Sep Oct Nov Dec
2012 > Jan Feb Mar Apr May Jun Jul Aug Sep Oct Nov Dec
2011 > Jan Feb Mar Apr May Jun Jul Aug Sep Oct Nov Dec
2010 > Jan Feb Mar Apr May Jun Jul Aug Sep Oct Nov Dec

Report for 2017 Jun
                   Monthly Climatological Summary for Jun 2017

Name: Kittlegairy Road   City: Peebles   State: Scottish Borders
Elevation: 517 ft  Lat: N 55 38' 27"   Lon: W 003 10' 15"

                  Temperature (C), Rain (mm), Wind Speed (mph)

                                      Heat  Cool        Avg
    Mean                              Deg   Deg         Wind                 Dom
Day Temp  High   Time   Low    Time   Days  Days  Rain  Speed High   Time    Dir
----------------------------------------------------------------------------------
 1  16.2  19.0   11:58  14.3   02:13   2.1   0.0   0.0   4.3  22.8   20:06     S
 2  15.2  22.5   14:20   6.6   23:58   3.5   0.4   0.6   1.5   9.2   11:21   SSW
 3  13.4  24.0   13:30   2.7   05:38   5.8   0.9   0.0   2.0  16.8   13:38     S
 4  12.3  21.7   17:28   4.3   04:35   6.1   0.1   0.3   2.0  13.6   17:48   SSW
 5  13.2  22.0   15:33   8.9   06:26   5.5   0.4   7.8   3.3  13.0   14:11   SSE
 6  10.7  12.5   15:57   9.3   03:20   7.6   0.0  24.9   3.1  16.8   19:26   WSW
 7  12.6  18.9   14:43   8.7   05:19   5.7   0.0   1.2   4.7  23.5   12:25     W
 8  13.1  17.3   17:07  10.1   00:00   5.2   0.0   8.4   2.8  14.5   17:36   SSE
 9  15.2  19.7   16:39  11.7   04:24   3.1   0.0   0.3   3.2  13.6   14:41   WSW
10  15.0  22.4   16:48  11.9   05:34   3.4   0.2   2.1   5.7  22.8   14:33     S
11  14.7  20.0   11:29  12.2   23:26   3.6   0.0   3.0   4.5  18.3   16:29   SSW
12  13.1  15.9   13:38  11.4   21:50   5.4   0.0   0.3   5.1  15.2   12:29     W
13  16.3  24.4   14:07  10.7   04:25   3.7   0.8   0.0   2.7  13.0   13:30   SSW
14  17.3  23.5   17:50  13.1   01:56   1.8   0.7   0.0   2.3  11.4   22:43   ESE
15  14.5  21.5   13:18  11.8   22:54   3.8   0.1   3.9   3.1  12.1   00:26   SSW
16  15.1  19.6   13:42  11.6   02:33   3.2   0.0   0.3   3.0  13.6   15:34   WSW
17  21.3  28.3   17:07  15.7   05:38   0.4   3.4   0.0   2.5   9.8   15:45   WSW
18  21.5  31.0   16:51  12.1   04:57   1.2   4.4   0.0   2.0   9.2   11:49    SW
19  19.2  27.1   10:19  10.8   04:30   2.0   3.0   0.0   1.9  10.7   09:55     W
20  16.9  25.4   16:28   7.4   03:21   3.1   1.7   0.0   2.7  11.4   14:34    SE
21  18.7  27.5   16:27  13.1   05:51   1.9   2.3   0.0   2.9  10.7   10:34     E
22  17.8  24.3   15:29  13.9   22:48   1.4   0.9   0.0   2.3  11.4   17:25   WSW
23  14.9  19.3   17:07  11.8   23:46   3.4   0.0   1.2   3.7  16.8   10:29    SW
24  13.2  17.7   15:23  10.7   23:30   5.1   0.0   0.0   4.9  20.6   14:40   WSW
25  13.8  20.1   14:09   9.7   23:58   4.5   0.1   0.0   4.2  15.2   17:22     W
26  14.5  21.7   13:30   9.4   00:56   4.1   0.2   0.0   1.4   8.3   14:21    NE
27  11.2  12.7   00:00   9.7   23:29   7.1   0.0  13.2   3.8   9.8   08:50   ESE
----------------------------------------------------------------------------------
    15.2  31.0    18     2.7     3   103.7  19.6  67.5   3.2  23.5     7     SSW

Max >=  27.0:  4
Max <=   0.0:  0
Min <=   0.0:  0
Min <= -18.0:  0
Max Rain: 24.9 on day 6
Days of Rain: 14 (>= 0.2 mm)  7 (>= 2.0 mm)  1 (>= 20.0 mm)
Heat Base: 18.3  Cool Base: 18.3  Method: Integration

 

XHTML 1.1 | CSS