GeoURL
free counters
Scottish Weather Network UK Weather Network Cumulus Top Weather Sites

Peebles Weather - NOAA Style Reports

Raw Data, Raw Data Expanded

Ignore low humidity and Dew Point values. Something wrong with the sensor.
Daytime temperatures are in direct sunlight so may be higher than official air temperature values.
As with any other website, we log your IP address and browser type in the server logs for diagnostic reasons. Cookies are used to record visit time. No personal information is stored or processed.

All times are in BST (UTC+1) unless specified.

2018/07/20 09:50 EGPH 200950Z 24007KT 200V270 9999 SCT017 15/13 Q1012
14.7 0.9 2.1 2.1 0.5 mph 1.6 mph 1008.5 58% X-Ray Solar Flare Level
Planetary K-Index
Planetary K-Index History
Station Warn Rain Snow Flood Wind Ltng Heat Cold Glob Moon Temp Rain 1h Rain Fri Rain 24h Wind 10m Gust Pressure Hum Proton Levels

0.19 m Waxing Gibbous Cool F0-ESE F:71 A:4 Kp:0 SSN:0

NOAA Reports

Select a Year or Month report
2018 > Jan Feb Mar Apr May Jun Jul Aug Sep Oct Nov Dec
2017 > Jan Feb Mar Apr May Jun Jul Aug Sep Oct Nov Dec
2016 > Jan Feb Mar Apr May Jun Jul Aug Sep Oct Nov Dec
2015 > Jan Feb Mar Apr May Jun Jul Aug Sep Oct Nov Dec
2014 > Jan Feb Mar Apr May Jun Jul Aug Sep Oct Nov Dec
2013 > Jan Feb Mar Apr May Jun Jul Aug Sep Oct Nov Dec
2012 > Jan Feb Mar Apr May Jun Jul Aug Sep Oct Nov Dec
2011 > Jan Feb Mar Apr May Jun Jul Aug Sep Oct Nov Dec
2010 > Jan Feb Mar Apr May Jun Jul Aug Sep Oct Nov Dec

Report for 2018 Jul
                   Monthly Climatological Summary for Jul 2018

Name: Kittlegairy Road   City: Peebles   State: Scottish Borders
Elevation: 517 ft  Lat: N 55 38' 27"   Lon: W 003 10' 15"

                  Temperature (C), Rain (mm), Wind Speed (mph)

                                      Heat  Cool        Avg
    Mean                              Deg   Deg         Wind                 Dom
Day Temp  High   Time   Low    Time   Days  Days  Rain  Speed High   Time    Dir
----------------------------------------------------------------------------------
 1  19.7  31.3   17:16   9.2   04:45   2.5   4.0   0.3   3.0  10.7   12:25   ENE
 2  16.3  24.8   17:59   9.9   03:26   3.1   1.1   0.0   2.7   9.2   12:32    SE
 3  18.6  28.0   16:25   9.8   04:44   2.7   3.1   0.0   3.2  11.4   14:51   ESE
 4  19.4  27.1   12:37  10.5   05:18   2.1   3.3   0.0   2.1  18.3   12:33     E
 5  18.0  28.6   17:12   8.9   04:56   2.8   2.5   0.0   2.0   9.2   13:45     S
 6  16.3  26.1   15:14   6.8   02:24   3.8   1.8   0.0   2.0  12.1   15:17   WSW
 7  18.2  28.5   16:16   6.2   05:07   3.5   3.4   0.0   1.6   9.8   11:31     S
 8  20.5  28.0   16:10  12.9   00:20   1.1   3.3   0.0   1.9  10.7   12:41   WSW
 9  18.2  27.2   17:49  13.8   23:57   1.9   1.8   1.5   2.3   9.2   14:51    NE
10  16.4  21.8   17:14  12.8   04:07   2.3   0.4   0.0   2.0   6.9   00:29     E
11  16.2  25.1   14:17   7.3   05:07   3.1   1.1   0.0   2.2   8.3   13:47     E
12  17.5  24.6   16:10  10.7   04:48   2.3   1.5   0.0   2.5   7.6   11:29   ESE
13  17.6  23.6   13:56  13.5   06:14   1.8   1.1   1.2   2.1   9.2   13:57   NNE
14  19.0  26.9   15:55  11.0   04:43   2.0   2.7   0.0   2.7  16.8   12:13     S
15  18.2  24.4   12:47  13.0   05:19   1.3   1.3   0.0   3.5  17.4   10:22   SSE
16  17.6  22.8   14:46  13.4   23:44   1.4   0.7   1.8   1.3   7.6   19:37    SE
17  14.5  21.6   18:18   7.8   04:44   4.0   0.2   0.6   1.1   9.2   17:24   SSW
18  15.3  22.9   15:22   7.9   04:16   3.7   0.7   1.2   1.2   9.2   12:09   SSE
19  16.5  25.0   17:25   8.6   01:31   3.4   1.6   0.0   1.3   8.3   12:17     S
----------------------------------------------------------------------------------
    17.6  31.3     1     6.2     7    48.8  35.6   6.6   2.1  18.3     4      SE

Max >=  27.0:  7
Max <=   0.0:  0
Min <=   0.0:  0
Min <= -18.0:  0
Max Rain: 1.8 on day 16
Days of Rain: 6 (>= 0.2 mm)  0 (>= 2.0 mm)  0 (>= 20.0 mm)
Heat Base: 18.3  Cool Base: 18.3  Method: Integration

 

XHTML 1.1 | CSS