GeoURL
free counters
Scottish Weather Network UK Weather Network Cumulus Top Weather Sites

Peebles Weather - NOAA Style Reports

Raw Data, Raw Data Expanded

Ignore low humidity and Dew Point values. Something wrong with the sensor.
Daytime temperatures are in direct sunlight so may be higher than official air temperature values.
As with any other website, we log your IP address and browser type in the server logs for diagnostic reasons. Cookies are used to record visit time and gauges preferences. No personal information is stored or processed.

All times are in local time (GMT, or BST in summer) unless specified.

2021/01/25 16:50 EGPH 251650Z 25005KT CAVOK 02/M01 Q1008
2.3 0.0 3.0 3.0 3.5 mph 4.5 mph 1004.5 69% X-Ray Solar Flare Level
Planetary K-Index
Planetary K-Index History
Station Warn Rain Snow Flood Wind Ltng Heat Cold Glob Moon Temp Rain 1h Rain Mon Rain 24h Wind 10m Gust Pressure Hum Proton Levels
snow
m Waxing Gibbous Cold F1-WSW F: A: Kp:0 SSN:0

NOAA Reports

Select a Year or Month report
2021 > Jan Feb Mar Apr May Jun Jul Aug Sep Oct Nov Dec
2020 > Jan Feb Mar Apr May Jun Jul Aug Sep Oct Nov Dec
2019 > Jan Feb Mar Apr May Jun Jul Aug Sep Oct Nov Dec
2018 > Jan Feb Mar Apr May Jun Jul Aug Sep Oct Nov Dec
2017 > Jan Feb Mar Apr May Jun Jul Aug Sep Oct Nov Dec
2016 > Jan Feb Mar Apr May Jun Jul Aug Sep Oct Nov Dec
2015 > Jan Feb Mar Apr May Jun Jul Aug Sep Oct Nov Dec
2014 > Jan Feb Mar Apr May Jun Jul Aug Sep Oct Nov Dec
2013 > Jan Feb Mar Apr May Jun Jul Aug Sep Oct Nov Dec
2012 > Jan Feb Mar Apr May Jun Jul Aug Sep Oct Nov Dec
2011 > Jan Feb Mar Apr May Jun Jul Aug Sep Oct Nov Dec
2010 > Jan Feb Mar Apr May Jun Jul Aug Sep Oct Nov Dec

Report for 2011
                   Annual Climatological Summary for 2011

Name: Kittlegairy Road   City: Peebles   State: Scottish Borders
Elevation: 526 ft  Lat: N 55 38' 27"   Lon: W 003 10' 16"

                  Temperature (C), Heat Base: 18.3  Cool Base: 18.3
                          Dep.  Heat  Cool                       Max  Max  Min  Min
        Mean  Mean        From  Deg   Deg                        >=   <=   <=   <=
 YR MO  Max   Min   Mean  Norm  Days  Days  Hi  Date  Low  Date 27.0  0.0  0.0 -18.0
------------------------------------------------------------------------------------
 11  1   6.5  -0.9   2.6   0.0   485     0  11.5  16 -10.2    7    0    1   17    0
 11  2   9.4   1.7   5.0   0.0   373     0  17.3  24  -4.0   28    0    0    8    0
 11  3  12.3   0.3   5.5   0.0   396     0  18.6  24  -4.5   18    0    0   15    0
 11  4  18.8   4.8  11.2   0.0   213     0  25.4  21  -1.4   28    0    0    2    0
 11  5  17.0   6.1  11.1   0.0   222     0  22.0   7  -2.2    4    0    0    3    0
 11  6  19.4   7.8  12.9   0.0   161     0  30.2   3   1.7   10    1    0    0    0
 11  7  22.2   8.3  14.8   0.0   114     8  29.8  27   3.8   23    2    0    0    0
 11  8  20.0   9.4  13.8   0.0   145     6  27.2   3   5.7   15    1    0    0    0
 11  9  19.7   9.9  13.7   0.0   147     7  29.0  30   2.3   15    1    0    0    0
 11 10  15.3   7.9  11.0   0.0   221     6  22.1   1  -1.6   20    0    0    2    0
 11 11  13.2   5.2   8.7   0.0   286     0  17.4  10  -4.3    7    0    0    3    0
 11 12   7.7   1.3   4.4   0.0   430     0  13.7  25  -7.0   16    0    0    9    0
------------------------------------------------------------------------------------
        15.1   5.2   9.6   0.0  3197    30  30.2 Jun -10.2  Jan    5    1   59    0

                                Precipitation (mm)

              Dep.   Max        Days of Rain
              From   Obs.          Over
 YR MO Total  Norm   Day Date  0.2  2.0 20.0
---------------------------------------------
 11  1  55.5   0.0  11.4  11    18    8    0
 11  2 101.7   0.0  18.9   3    22   15    0
 11  3  62.1   0.0  10.2  31    17    8    0
 11  4  40.5   0.0   9.9   5    16    5    0
 11  5 120.3   0.0  25.8  23    23   14    1
 11  6  71.1   0.0  13.2  21    21   13    0
 11  7 126.6   0.0  30.0   9    18   10    3
 11  8 128.7   0.0  22.2  10    25   14    2
 11  9 109.5   0.0  16.2   7    23   14    0
 11 10 158.9   0.0  22.2  17    27   15    3
 11 11 557.7   0.0 300.0  29    23   15    5
 11 12 515.7   0.0 229.8   8    26   20    6
---------------------------------------------
      2048.3   0.0 300.0  Nov  259  151   20

                                Wind Speed (mph)
                          Dom
 YR MO   Avg.  Hi   Date  Dir
------------------------------
 11  1   2.7  27.3   15   NNW
 11  2   3.9  34.2    3   NNW
 11  3   2.9  32.0   31   NNW
 11  4   3.8  35.8    2   NNW
 11  5   4.7  32.7   23    NW
 11  6   2.4  20.6    1    NW
 11  7   1.8  17.4    5   NNW
 11  8   2.2  24.4   19    NW
 11  9   3.8  30.4   12    NW
 11 10   4.4  32.7   17   WSW
 11 11   5.1  43.4   29    SW
 11 12   6.8  44.1    8     W
------------------------------
         3.7  44.1  Dec   WNW

 

XHTML 1.1 | CSS