GeoURL
free counters
Scottish Weather Network UK Weather Network Cumulus Top Weather Sites

Peebles Weather - NOAA Style Reports

Raw Data, Raw Data Expanded

Ignore low humidity and Dew Point values. Something wrong with the sensor.
Daytime temperatures are in direct sunlight so may be higher than official air temperature values.
As with any other website, we log your IP address and browser type in the server logs for diagnostic reasons. Cookies are used to record visit time and gauges preferences. No personal information is stored or processed.

All times are in local time (GMT, or BST in summer) unless specified.

2021/10/27 15:20 EGPH 271520Z 21005KT 9999 -RA FEW009 SCT016 BKN030 15/14 Q1001 RERA REDZ
16.0 0.0 6.3 7.2 9.2 mph 15.9 mph 997.5 66% X-Ray Solar Flare Level
Planetary K-Index
Planetary K-Index History
Station Warn Rain Snow Flood Wind Ltng Heat Cold Glob Moon Temp Rain 1h Rain Wed Rain 24h Wind 10m Gust Pressure Hum Proton Levels
Rain
m Waning Gibbous Cool F3-WSW F: A: Kp:0 SSN:0

NOAA Reports


Report for 2020 Nov
                   Monthly Climatological Summary for Nov 2020

Name: Kittlegairy Road   City: Peebles   State: Scottish Borders
Elevation: 524 ft  Lat: N 55 38' 27"   Lon: W 003 10' 15"

                  Temperature (C), Rain (mm), Wind Speed (mph)

                                      Heat  Cool        Avg
    Mean                              Deg   Deg         Wind                 Dom
Day Temp  High   Time   Low    Time   Days  Days  Rain  Speed High   Time    Dir
----------------------------------------------------------------------------------
 1   9.3  11.4   19:06   6.5   23:53   9.0   0.0  16.5   6.7  25.9   08:05   SSW
 2   7.3   8.9   13:15   5.6   23:58  11.0   0.0   9.0   2.6  11.4   12:19   WNW
 3   5.5  10.2   14:31   2.7   23:48  12.8   0.0   2.1   3.7  15.9   01:43   WNW
 4   7.2  12.4   11:11   2.7   00:00  11.1   0.0   0.0   2.2   9.2   13:55   WNW
 5  10.5  12.8   13:27   8.2   00:00   7.8   0.0   0.0   3.4  13.0   05:07   WNW
 6   7.1  14.9   11:34   2.3   23:51  11.2   0.0   0.0   1.3   8.3   12:38   ESE
 7   3.5  12.7   14:20  -1.0   08:16  14.8   0.0   0.0   0.8   4.5   00:58   SSE
 8   6.2   9.1   16:56   1.4   00:00  12.1   0.0   4.5   2.3   9.2   16:28     E
 9  10.0  14.8   12:39   7.8   05:50   8.3   0.0   0.0   1.4   6.9   19:16    NE
10  10.7  13.8   12:53   8.9   05:34   7.6   0.0   0.0   3.0  15.2   20:43    SE
11  10.7  12.0   16:45   9.3   04:56   7.6   0.0   2.1   5.3  19.7   14:15   SSE
12  10.1  12.5   14:23   7.9   06:21   8.2   0.0   0.6   5.7  24.4   23:41     S
13   8.8  11.9   02:25   6.0   06:43   9.5   0.0   2.4   5.9  27.3   03:42   SSW
14   9.5  11.9   18:54   7.3   04:16   8.8   0.0   6.3   5.6  32.0   21:52   SSE
15   9.0  10.9   04:35   6.5   17:05   9.3   0.0   5.1   4.0  24.4   00:18     S
16   9.7  13.1   21:39   7.3   09:23   8.6   0.0   2.4   5.4  16.8   03:48     W
17  14.1  14.7   12:28  13.1   00:00   4.2   0.0   0.3   8.8  24.4   19:42   WSW
18  10.7  14.2   10:47   6.7   17:08   7.6   0.0   6.0  10.0  34.9   06:42   SSW
19   3.4   8.2   12:30  -1.3   21:33  14.9   0.0   0.3   2.3  15.2   03:42   WNW
20   7.9  12.4   18:08  -1.2   01:42  10.4   0.0   0.6   4.2  15.2   22:19   SSW
21   8.1  11.5   00:42   5.0   22:42  10.2   0.0   8.7   5.5  19.7   01:52     W
22   5.7   8.3   11:58   4.7   20:04  12.6   0.0   1.5   4.5  15.2   00:54     W
23   8.8  11.6   22:10   5.6   00:26   9.5   0.0   5.7   6.5  25.1   12:08    SW
24  10.8  12.9   10:47   5.8   23:11   7.5   0.0   8.4   8.4  32.7   13:51     S
25   6.5  10.1   10:53   4.8   07:47  11.8   0.0   0.9   1.4  11.4   12:15    NW
26   5.2   7.3   12:16   1.8   22:51  13.1   0.0   0.0   0.4   5.4   13:34    NW
27   3.2   9.9   12:07   0.1   01:10  15.1   0.0   0.0   0.5   5.4   20:58    NE
28   3.1   8.4   11:28  -0.2   09:48  15.2   0.0   0.0   1.5   9.8   00:30     E
29   5.1   8.5   22:29   2.2   00:00  13.2   0.0   0.0   0.6   6.0   00:04   NNE
30   6.7  10.4   11:58   0.0   23:56  11.6   0.0   1.2   4.4  15.9   11:22     W
----------------------------------------------------------------------------------
     7.8  14.9     6    -1.3    19   314.6   0.0  84.6   3.9  34.9    18      SW

Max >=  27.0:  0
Max <=   0.0:  0
Min <=   0.0:  5
Min <= -18.0:  0
Max Rain: 16.5 on day 1
Days of Rain: 20 (>= 0.2 mm)  13 (>= 2.0 mm)  0 (>= 20.0 mm)
Heat Base: 18.3  Cool Base: 18.3  Method: Integration

 

XHTML 1.1 | CSS