GeoURL
free counters
Scottish Weather Network UK Weather Network Cumulus Top Weather Sites

Peebles Weather - NOAA Style Reports

Raw Data, Raw Data Expanded

Ignore low humidity and Dew Point values. Something wrong with the sensor.
Daytime temperatures are in direct sunlight so may be higher than official air temperature values.
As with any other website, we log your IP address and browser type in the server logs for diagnostic reasons. Cookies are used to record visit time and gauges preferences. No personal information is stored or processed.

All times are in local time (GMT, or BST in summer) unless specified.

2020/07/02 12:50 EGPH 021250Z 04006KT 9999 OVC048 15/09 Q1011
16.7 0.0 0.0 0.3 2.0 mph 3.8 mph 1007.3 57% X-Ray Solar Flare Level
Planetary K-Index
Planetary K-Index History
Station Warn Rain Snow Flood Wind Ltng Heat Cold Glob Moon Temp Rain 1h Rain Thu Rain 24h Wind 10m Gust Pressure Hum Proton Levels
Lost sensor contact!!! Rain
m Waxing Gibbous Comfortable F1-ENE F: A: Kp:0 SSN:0

NOAA Reports


Report for 2020 Jun
                   Monthly Climatological Summary for Jun 2020

Name: Kittlegairy Road   City: Peebles   State: Scottish Borders
Elevation: 524 ft  Lat: N 55 38' 27"   Lon: W 003 10' 15"

                  Temperature (C), Rain (mm), Wind Speed (mph)

                                      Heat  Cool        Avg
    Mean                              Deg   Deg         Wind                 Dom
Day Temp  High   Time   Low    Time   Days  Days  Rain  Speed High   Time    Dir
----------------------------------------------------------------------------------
 1  18.5  29.1   16:34   8.5   05:19   3.1   3.3   0.0   2.6  11.4   13:20   ENE
 2  15.8  27.1   11:07   7.5   02:44   4.3   1.8   5.1   1.2  10.7   13:47   ENE
 3  10.6  15.7   15:21   5.9   23:32   7.7   0.0   8.4   3.4  15.9   03:11   NNE
 4   9.4  18.6   14:35   5.9   01:00   8.9   0.0   8.4   1.1   7.6   19:10     E
 5   8.9  15.8   14:41   5.1   04:47   9.4   0.0   7.2   3.7  19.0   16:50   WSW
 6  12.7  21.7   17:21   6.6   00:00   5.8   0.2   3.3   4.0  13.0   06:35     N
 7  12.1  15.9   11:27   8.2   23:46   6.2   0.0   0.0   3.2  12.1   10:13   NNE
 8  11.8  20.2   17:18   6.5   04:39   6.5   0.0   0.0   2.4   7.6   13:18   ENE
 9  11.9  17.8   10:31   8.4   04:14   6.4   0.0   1.8   1.2   7.6   16:11     E
10  10.7  13.5   16:43   8.2   04:12   7.6   0.0   6.6   2.6  13.0   22:31   ENE
11  12.1  17.2   16:28   9.4   02:22   6.3   0.0   0.0   6.7  26.6   22:20     N
12  12.9  17.7   11:55  10.6   04:47   5.4   0.0   1.2   5.7  15.9   03:15   NNE
13  13.7  16.3   18:04  11.2   03:28   4.6   0.0   3.6   1.6   8.3   01:16     E
14  17.2  26.4   16:25  12.5   05:01   2.6   1.6   0.0   1.5   9.8   15:33   ENE
15  17.7  25.9   17:19  13.0   04:32   1.7   1.1   0.0   1.6   6.9   19:20   NNE
16  17.6  26.9   14:42  13.7   05:53   1.8   1.2   3.9   1.3   7.6   12:55   ESE
17  17.2  25.2   16:28  11.6   23:58   2.4   1.4   0.0   2.1  10.7   13:16    SE
18  15.5  24.0   15:40   8.6   03:24   3.8   1.0   0.0   2.8   9.8   14:17    SE
19  16.0  23.1   12:41  12.4   03:45   2.9   0.7   0.9   2.4  13.6   12:45   ESE
20  16.7  23.3   14:45  11.5   04:39   2.6   1.0   0.9   3.4  14.5   16:36   SSE
21  14.6  21.0   13:51  10.7   23:57   3.8   0.1   6.0   3.7  22.1   14:34     S
22  13.4  18.9   17:21   6.2   04:24   4.9   0.0   0.6   6.0  29.8   11:22     S
23  17.5  21.8   11:09  13.3   05:16   1.5   0.7   0.6   5.3  21.3   17:17     S
24  21.5  30.9   17:50  12.8   04:07   1.3   4.4   0.0   2.4   9.8   13:46    SE
25  22.4  32.6   15:46  12.2   04:37   1.4   5.5   0.0   3.0  13.0   14:27    SE
26  19.6  26.3   17:46  13.4   04:44   1.1   2.4   0.3   2.3  10.7   02:13     E
27  16.0  21.4   11:35  12.2   04:46   2.7   0.4   4.5   2.9  15.2   13:33    SE
28  13.1  18.0   15:59  10.9   08:47   5.2   0.0   8.7   5.4  21.3   14:46   SSW
29  12.2  14.9   09:38  11.6   00:33   6.1   0.0  15.3   4.9  16.8   00:00   WSW
30  15.1  21.5   17:59  11.6   03:03   3.5   0.2   0.0   2.8  20.6   05:52    SW
----------------------------------------------------------------------------------
    14.8  32.6    25     5.1     5   131.5  27.0  87.3   3.1  29.8    22     ESE

Max >=  27.0:  4
Max <=   0.0:  0
Min <=   0.0:  0
Min <= -18.0:  0
Max Rain: 15.3 on day 29
Days of Rain: 19 (>= 0.2 mm)  12 (>= 2.0 mm)  0 (>= 20.0 mm)
Heat Base: 18.3  Cool Base: 18.3  Method: Integration

 

XHTML 1.1 | CSS