GeoURL
free counters
Scottish Weather Network UK Weather Network Cumulus Top Weather Sites

Peebles Weather - NOAA Style Reports

Raw Data, Raw Data Expanded

Ignore low humidity and Dew Point values. Something wrong with the sensor.
Daytime temperatures are in direct sunlight so may be higher than official air temperature values.
As with any other website, we log your IP address and browser type in the server logs for diagnostic reasons. Cookies are used to record visit time and gauges preferences. No personal information is stored or processed.

All times are in local time (GMT, or BST in summer) unless specified.

2020/07/09 17:20 EGPH 091720Z 05004KT 9999 -RA FEW016 SCT034 OVC048 12/12 Q1013 RERA
14.3 0.0 0.0 0.0 4.0 mph 6.9 mph 1009.3 81% X-Ray Solar Flare Level
Planetary K-Index
Planetary K-Index History
Station Warn Rain Snow Flood Wind Ltng Heat Cold Glob Moon Temp Rain 1h Rain Thu Rain 24h Wind 10m Gust Pressure Hum Proton Levels
Lost sensor contact!!!
m Waning Gibbous Cool F1-W F: A: Kp:0 SSN:0

NOAA Reports


Report for 2020 Apr
                   Monthly Climatological Summary for Apr 2020

Name: Kittlegairy Road   City: Peebles   State: Scottish Borders
Elevation: 524 ft  Lat: N 55 38' 27"   Lon: W 003 10' 15"

                  Temperature (C), Rain (mm), Wind Speed (mph)

                                      Heat  Cool        Avg
    Mean                              Deg   Deg         Wind                 Dom
Day Temp  High   Time   Low    Time   Days  Days  Rain  Speed High   Time    Dir
----------------------------------------------------------------------------------
 1   7.5  11.0   13:58   4.8   06:56  10.8   0.0   0.0   4.6  15.2   11:53     W
 2   7.3  11.7   15:19   1.4   23:59  11.0   0.0   0.0   7.8  22.8   13:32   WNW
 3   4.9   8.5   13:32   0.7   02:58  13.4   0.0   0.6   2.8  10.7   13:37   WNW
 4   7.5  11.9   16:32   2.6   00:38  10.8   0.0   0.3   3.7  16.8   16:00   SSE
 5  12.4  21.7   16:54   1.6   06:18   6.2   0.3   0.0   6.0  24.4   10:56   SSE
 6  10.8  15.5   17:09   2.8   23:39   7.5   0.0   3.3   6.3  26.6   03:52    SW
 7   7.8  16.9   15:18  -0.9   06:12  10.5   0.0   0.0   3.3  19.7   17:28     S
 8  11.5  21.1   14:34   3.6   06:38   6.9   0.2   0.0   3.1  13.0   11:42     W
 9   8.7  13.0   16:37   5.1   06:18   9.6   0.0   0.0   3.6  12.1   13:48    SE
10  13.1  25.1   14:38   5.4   06:48   6.0   0.8   0.9   1.8   9.2   02:27   ENE
11  13.2  19.9   16:14   9.4   06:23   5.2   0.0   0.0   3.3  20.6   13:09   WNW
12   9.7  13.4   15:47   5.1   23:55   8.6   0.0   0.0   4.1  17.4   18:33     N
13   5.9  14.0   16:58  -1.0   23:58  12.4   0.0   0.0   4.3  15.9   03:33   NNE
14   6.3  17.3   16:38  -3.8   06:07  12.0   0.0   0.0   2.6   9.8   10:43   WNW
15   9.9  18.8   16:36   4.0   05:20   8.4   0.0   0.0   3.5  11.4   08:21    NW
16   7.1  13.7   15:51   0.4   05:41  11.2   0.0   0.0   3.1  11.4   12:45    SE
17   7.4  11.6   11:59   4.1   22:49  10.9   0.0   0.0   3.9  10.7   16:59    SE
18   7.8  16.1   15:42   0.8   23:59  10.5   0.0   0.0   4.4  11.4   12:36    SE
19   9.0  17.5   16:10   0.3   00:41   9.3   0.0   0.0   3.8  13.6   15:30     E
20   8.9  15.9   15:27   2.6   03:22   9.4   0.0   0.0   5.3  18.3   12:42    SE
21  10.1  17.5   14:50   2.8   02:50   8.2   0.0   0.0   5.5  18.3   12:20     E
22  10.8  20.0   14:55   1.7   06:14   7.6   0.1   0.0   3.4  13.0   12:21    SE
23  10.7  21.9   16:22   1.6   05:19   7.9   0.3   0.0   2.3  10.7   13:13     E
24  11.6  24.4   16:42  -0.6   05:23   7.7   1.0   0.0   2.3   9.8   16:20   ENE
25  11.8  23.7   14:34   3.4   02:09   7.2   0.7   0.0   2.0  14.5   06:13     E
26   9.6  17.7   16:31   2.3   03:25   8.7   0.0   0.0   2.7  13.0   13:29   WNW
27   8.2  18.2   16:22   0.2   05:59  10.1   0.0   0.3   2.2  11.4   16:24    NE
28   7.9  14.9   12:28   4.5   05:41  10.4   0.0   0.3   2.2   8.3   11:59   ESE
29   6.9  10.1   09:59   4.8   05:30  11.4   0.0   5.1   3.1  13.6   10:40    SE
30   8.5  13.8   15:56   4.6   02:58   9.8   0.0   0.9   2.1  10.7   11:50    SE
----------------------------------------------------------------------------------
     9.1  25.1    10    -3.8    14   279.6   3.4  11.7   3.6  26.6     6      SE

Max >=  27.0:  0
Max <=   0.0:  0
Min <=   0.0:  4
Min <= -18.0:  0
Max Rain: 5.1 on day 29
Days of Rain: 8 (>= 0.2 mm)  2 (>= 2.0 mm)  0 (>= 20.0 mm)
Heat Base: 18.3  Cool Base: 18.3  Method: Integration

 

XHTML 1.1 | CSS