GeoURL
free counters
Scottish Weather Network UK Weather Network Cumulus Top Weather Sites

Peebles Weather - NOAA Style Reports

Raw Data, Raw Data Expanded

Ignore low humidity and Dew Point values. Something wrong with the sensor.
Daytime temperatures are in direct sunlight so may be higher than official air temperature values.
As with any other website, we log your IP address and browser type in the server logs for diagnostic reasons. Cookies are used to record visit time and gauges preferences. No personal information is stored or processed.

All times are in local time (GMT, or BST in summer) unless specified.

2020/07/02 13:20 EGPH 021320Z 04006KT 010V070 9999 SCT049 15/09 Q1011
16.6 0.0 0.0 0.3 1.3 mph 2.2 mph 1007.3 59% X-Ray Solar Flare Level
Planetary K-Index
Planetary K-Index History
Station Warn Rain Snow Flood Wind Ltng Heat Cold Glob Moon Temp Rain 1h Rain Thu Rain 24h Wind 10m Gust Pressure Hum Proton Levels
Lost sensor contact!!! Rain
m Waxing Gibbous Comfortable F1-NE F: A: Kp:0 SSN:0

NOAA Reports


Report for 2020 Jan
                   Monthly Climatological Summary for Jan 2020

Name: Kittlegairy Road   City: Peebles   State: Scottish Borders
Elevation: 524 ft  Lat: N 55 38' 27"   Lon: W 003 10' 15"

                  Temperature (C), Rain (mm), Wind Speed (mph)

                                      Heat  Cool        Avg
    Mean                              Deg   Deg         Wind                 Dom
Day Temp  High   Time   Low    Time   Days  Days  Rain  Speed High   Time    Dir
----------------------------------------------------------------------------------
 1   3.5   9.5   12:53  -3.4   00:00  14.8   0.0   0.3   2.9  25.1   23:52   SSW
 2   9.2  10.7   21:25   7.3   00:07   9.0   0.0   4.8   8.7  30.4   08:58    SW
 3   5.4   7.4   00:00   3.5   09:53  12.9   0.0   0.6   5.0  19.0   17:13     W
 4   7.6   8.6   12:38   6.2   00:18  10.7   0.0   2.1   5.2  15.2   01:13     W
 5   9.3  10.8   20:31   7.9   09:07   8.9   0.0   0.0   6.5  22.1   11:10     W
 6   7.8   9.3   12:58   5.7   22:10  10.5   0.0   4.8   8.5  40.3   10:33   SSW
 7  10.2  13.4   17:13   5.9   01:14   8.1   0.0   5.1  12.3  41.2   13:26   SSW
 8   4.9   8.4   00:00   1.9   20:48  13.4   0.0   4.5   4.9  17.4   02:54     W
 9   2.2   3.7   13:34  -1.2   23:52  16.1   0.0   6.3   1.2   6.0   00:36     S
10   2.9   9.7   23:30  -3.4   05:21  15.4   0.0   2.1   5.1  38.0   22:28     S
11   9.4  11.6   11:55   5.3   23:50   8.9   0.0  18.3  10.6  36.5   07:23   SSW
12   4.0   7.1   12:54   0.7   04:56  14.3   0.0   1.2   3.1  17.4   14:59     W
13   5.7   7.1   21:44   4.1   23:52  12.6   0.0  15.0   9.1  30.4   15:22     S
14   4.1   5.7   10:10   2.9   17:04  14.2   0.0   1.5   6.6  27.3   02:00   SSW
15   5.6   7.8   12:40   3.8   00:00  12.7   0.0   0.0   9.7  25.1   02:29    SW
16   7.6  10.6   18:43   5.2   00:32  10.7   0.0  15.0   7.7  28.9   18:20     S
17   3.7   6.5   12:33  -0.5   08:23  14.6   0.0   0.0   3.4  14.5   14:56     W
18   2.8   6.3   11:31  -1.9   23:50  15.5   0.0   0.0   3.4  12.1   10:08     W
19   1.8   5.8   14:23  -3.9   04:17  16.5   0.0   0.0   2.1  10.7   15:17    NW
20   6.6   7.7   23:34   5.0   00:00  11.7   0.0   0.0   4.9  13.6   11:23   WNW
21   8.9  10.6   14:10   7.5   02:24   9.4   0.0   0.0   3.4  13.0   05:25   WNW
22   9.4  10.4   13:53   8.5   23:58   8.9   0.0   0.0   2.6   9.8   01:33   WNW
23   7.7   9.1   13:45   6.3   03:09  10.6   0.0   0.0   4.0  16.8   12:16   WNW
24   7.6   9.5   13:01   5.2   23:22  10.7   0.0   0.0   2.6  11.4   01:11   WNW
25   6.8   8.2   14:27   5.4   00:27  11.5   0.0   0.0   3.8  14.5   03:48    SW
26   5.2   8.8   10:27  -0.5   19:39  13.1   0.0   1.8   5.7  28.2   08:10     S
27   3.2   6.3   14:58   1.4   00:00  15.1   0.0   4.5   4.1  19.0   13:19   SSW
28   2.4   4.9   10:55   0.3   02:55  15.9   0.0  12.3   3.5  15.9   21:50     W
29   5.2   8.6   23:14   1.8   03:01  13.1   0.0   5.4   7.0  20.6   16:17     W
30   8.6  11.3   14:39   6.7   21:36   9.7   0.0   0.0   8.3  34.2   15:21     W
31  10.2  13.8   12:38   6.8   00:00   8.1   0.0   0.9   7.0  27.3   20:57   WSW
----------------------------------------------------------------------------------
     6.1  13.8    31    -3.9    19   377.6   0.0 106.5   5.6  41.2     7      SW

Max >=  27.0:  0
Max <=   0.0:  0
Min <=   0.0:  7
Min <= -18.0:  0
Max Rain: 18.3 on day 11
Days of Rain: 19 (>= 0.2 mm)  13 (>= 2.0 mm)  0 (>= 20.0 mm)
Heat Base: 18.3  Cool Base: 18.3  Method: Integration

 

XHTML 1.1 | CSS