GeoURL
free counters
Scottish Weather Network UK Weather Network Cumulus Top Weather Sites

Peebles Weather - NOAA Style Reports

Raw Data, Raw Data Expanded

Ignore low humidity and Dew Point values. Something wrong with the sensor.
Daytime temperatures are in direct sunlight so may be higher than official air temperature values.
As with any other website, we log your IP address and browser type in the server logs for diagnostic reasons. Cookies are used to record visit time and gauges preferences. No personal information is stored or processed.

All times are in local time (GMT, or BST in summer) unless specified.

2020/07/02 11:20 EGPH 021120Z 05006KT CAVOK 15/09 Q1011
17.4 0.0 0.0 0.3 2.2 mph 2.2 mph 1006.9 52% X-Ray Solar Flare Level
Planetary K-Index
Planetary K-Index History
Station Warn Rain Snow Flood Wind Ltng Heat Cold Glob Moon Temp Rain 1h Rain Thu Rain 24h Wind 10m Gust Pressure Hum Proton Levels
Lost sensor contact!!! Rain
m Waxing Gibbous Comfortable F1-S F: A: Kp:0 SSN:0

NOAA Reports


Report for 2019 Apr
                   Monthly Climatological Summary for Apr 2019

Name: Kittlegairy Road   City: Peebles   State: Scottish Borders
Elevation: 524 ft  Lat: N 55 38' 27"   Lon: W 003 10' 15"

                  Temperature (C), Rain (mm), Wind Speed (mph)

                                      Heat  Cool        Avg
    Mean                              Deg   Deg         Wind                 Dom
Day Temp  High   Time   Low    Time   Days  Days  Rain  Speed High   Time    Dir
----------------------------------------------------------------------------------
 1   4.4   9.1   11:07   0.2   01:22  13.9   0.0   0.3   4.4  15.9   16:58    SE
 2   4.6  11.7   14:54   0.7   22:13  13.7   0.0   5.7   1.9  11.4   13:04     W
 3   2.6   4.7   14:53   0.8   00:07  15.7   0.0  18.0   3.5  15.2   23:46     W
 4   4.5  10.4   16:37   0.7   06:15  13.8   0.0  12.6   4.4  19.0   02:13   ESE
 5   7.9  13.1   12:50   5.0   00:15  10.4   0.0   0.0   5.1  14.5   11:45   SSE
 6   5.0   7.4   18:52   0.4   04:47  13.4   0.0   0.0   1.7   9.8   19:38   ENE
 7   7.0   8.3   16:12   6.1   22:05  11.3   0.0   0.0   3.9  11.4   12:47   NNE
 8   8.0  14.1   14:38   5.2   07:16  10.3   0.0   0.0   4.4  12.1   14:53     E
 9   7.2  12.8   14:34   0.1   23:59  11.1   0.0   0.0   4.4  14.5   10:55    SE
10   4.6  15.2   16:40  -3.7   05:37  13.7   0.0   0.0   1.7  10.7   13:51    SE
11   5.9  16.9   14:05  -4.2   06:29  12.4   0.0   0.0   1.5   8.3   16:26   SSW
12   4.9  13.0   12:38  -2.6   06:13  13.4   0.0   0.0   2.5  14.5   12:42    SE
13   4.4  11.1   16:33  -1.6   06:52  13.9   0.0   0.0   4.5  22.8   15:53   SSE
14   4.9  11.2   14:21   0.1   05:49  13.4   0.0   0.0   4.6  15.9   12:38    SE
15   6.8  13.4   15:22   1.7   04:28  11.5   0.0   0.0   6.4  20.6   14:42   SSE
16   8.5  11.5   11:46   6.4   23:54   9.8   0.0   0.0   4.6  14.5   12:35     E
17   9.7  17.8   16:07   5.3   06:55   8.6   0.0   0.0   4.5  10.7   11:34    SE
18  10.6  20.0   14:15   3.5   04:40   7.8   0.1   0.0   3.3  14.5   16:43   ESE
19  14.5  26.4   16:35   4.6   05:23   5.7   1.9   0.0   3.5  13.6   14:18   ESE
20  16.6  27.8   16:06   6.0   06:24   4.3   2.6   0.0   1.8  12.1   15:32   SSE
21  14.8  24.4   15:20   6.8   03:18   4.7   1.2   0.0   3.2  14.5   12:49   SSE
22  15.9  24.2   15:56   7.0   06:52   3.9   1.5   0.0   4.1  14.5   12:24    SE
23  12.6  19.5   15:51   7.5   23:57   5.7   0.0   0.0   3.6  11.4   12:17    SE
24  10.2  15.7   13:10   7.1   01:22   8.1   0.0   0.0   4.2  12.1   12:30    SE
25  10.5  16.4   13:51   7.8   20:58   7.8   0.0   4.8   2.8  13.0   11:03   ESE
26   9.3  14.1   10:41   5.4   03:10   9.0   0.0   2.4   4.5  37.4   13:48   SSE
27   8.8  16.9   16:56   5.4   05:58   9.5   0.0   7.2   2.1  13.0   11:44     W
28  11.7  20.5   14:20   6.3   23:58   6.7   0.1   0.6   1.4   6.9   11:28   ENE
29  11.6  21.1   16:40   3.0   02:44   6.9   0.2   0.0   2.2   8.3   11:40     E
30  10.9  17.6   10:12   2.0   04:59   7.4   0.0   0.0   1.0   6.9   09:21    NE
----------------------------------------------------------------------------------
     8.6  27.8    20    -4.2    11   297.8   7.6  51.6   3.4  37.4    26      SE

Max >=  27.0:  1
Max <=   0.0:  0
Min <=   0.0:  4
Min <= -18.0:  0
Max Rain: 18.0 on day 3
Days of Rain: 8 (>= 0.2 mm)  6 (>= 2.0 mm)  0 (>= 20.0 mm)
Heat Base: 18.3  Cool Base: 18.3  Method: Integration

 

XHTML 1.1 | CSS