GeoURL
free counters
Scottish Weather Network UK Weather Network Cumulus Top Weather Sites

Peebles Weather - NOAA Style Reports

Raw Data, Raw Data Expanded

Ignore low humidity and Dew Point values. Something wrong with the sensor.
Daytime temperatures are in direct sunlight so may be higher than official air temperature values.
As with any other website, we log your IP address and browser type in the server logs for diagnostic reasons. Cookies are used to record visit time and gauges preferences. No personal information is stored or processed.

All times are in local time (GMT, or BST in summer) unless specified.

2020/07/09 16:50 EGPH 091650Z VRB03KT 4900 RA BKN032 OVC049 13/11 Q1014
15.2 0.0 0.0 0.0 2.6 mph 4.5 mph 1009.4 72% X-Ray Solar Flare Level
Planetary K-Index
Planetary K-Index History
Station Warn Rain Snow Flood Wind Ltng Heat Cold Glob Moon Temp Rain 1h Rain Thu Rain 24h Wind 10m Gust Pressure Hum Proton Levels
Lost sensor contact!!!
m Waning Gibbous Cool F1-SW F: A: Kp:0 SSN:0

NOAA Reports


Report for 2018 May
                   Monthly Climatological Summary for May 2018

Name: Kittlegairy Road   City: Peebles   State: Scottish Borders
Elevation: 517 ft  Lat: N 55 38' 27"   Lon: W 003 10' 15"

                  Temperature (C), Rain (mm), Wind Speed (mph)

                                      Heat  Cool        Avg
    Mean                              Deg   Deg         Wind                 Dom
Day Temp  High   Time   Low    Time   Days  Days  Rain  Speed High   Time    Dir
----------------------------------------------------------------------------------
 1   6.1  14.0   12:11  -2.8   05:06  12.2   0.0   0.0   6.7  28.9   19:33     S
 2   7.9  13.1   15:22   4.5   23:42  10.4   0.0   5.1   4.6  16.8   14:22     W
 3   8.5  12.3   11:50   4.5   00:00   9.8   0.0   0.3   4.6  17.4   18:28   SSW
 4  12.7  19.0   16:43   6.8   23:59   5.6   0.0   0.0   3.0  10.7   16:29     W
 5  13.2  21.9   14:51   4.7   03:15   5.3   0.2   0.0   3.2  13.0   15:17   NNW
 6  15.4  25.0   16:42   4.5   05:20   4.6   1.8   0.0   3.4  20.6   14:58     S
 7  16.4  24.9   14:39   7.3   04:17   3.7   1.8   0.0   3.3  13.6   14:59   SSE
 8  13.4  19.6   10:31   5.1   23:58   4.9   0.0   2.4   3.2  16.8   10:57     S
 9   9.1  12.2   14:19   3.3   04:43   9.2   0.0   0.3   4.2  22.1   17:22     S
10   9.8  17.4   16:34   3.7   04:09   8.5   0.0   0.3   3.1  14.5   11:27   WSW
11  10.4  15.5   16:11   3.7   04:40   7.9   0.0   0.0   5.7  23.5   11:14   SSE
12  12.7  22.4   15:59   4.0   05:31   6.0   0.4   5.7   1.9  12.1   17:30     E
13  12.5  22.0   16:32   5.2   23:56   5.9   0.2   9.0   1.6  11.4   13:16   WSW
14  13.0  25.3   17:41   1.1   04:56   6.5   1.3   0.0   1.4   7.6   17:07    NE
15  12.6  22.8   13:35   0.5   04:54   6.2   0.5   0.0   2.0   8.3   10:24     W
16  11.7  19.5   14:28   4.9   05:11   6.7   0.0   0.0   2.5   9.8   13:23    NE
17  11.1  21.8   17:07   2.4   05:27   7.3   0.1   0.0   2.2   9.8   18:33     E
18  12.2  23.7   15:47   0.7   05:20   6.7   0.6   0.0   1.4   9.2   12:56   NNE
19  13.9  22.7   14:25   3.3   05:23   5.2   0.8   0.0   3.1  15.2   15:37   SSE
20  14.1  16.9   14:21  11.2   23:26   4.2   0.0   0.0   4.3  17.4   14:35   SSE
21  16.3  25.6   16:09   6.6   05:48   4.0   2.0   0.0   2.6  11.4   10:32   SSE
22   9.7  12.4   14:45   7.7   04:40   8.6   0.0   0.0   4.5  13.6   07:31    NE
23  11.9  21.1   17:08   7.2   05:31   6.7   0.2   0.0   3.5  11.4   14:18     E
24  14.7  24.7   16:59   6.8   05:24   4.9   1.4   0.0   3.7   9.8   08:57   ENE
25  14.2  22.7   11:18   6.8   04:37   5.0   0.9   0.0   3.5  15.9   15:23     N
26  15.8  24.8   15:22   9.5   04:48   3.8   1.4   0.0   3.8  14.5   15:23   NNE
27  17.4  25.9   16:09   9.8   04:07   3.0   2.1   0.0   4.3  16.8   16:28   ESE
28  18.3  28.0   16:20   8.2   03:48   2.9   3.0   0.3   2.6   9.8   09:22   ESE
29  14.2  19.4   10:37   9.0   04:11   4.1   0.0   0.0   2.7  13.6   18:49   NNE
30  14.3  21.9   12:41   9.2   02:18   4.1   0.2   0.0   1.9   9.8   12:44   SSE
31  17.0  28.4   16:22  13.1   00:00   2.2   0.9   0.0   1.1   6.9   11:57    NE
----------------------------------------------------------------------------------
    12.9  28.4    31    -2.8     1   186.1  19.8  23.4   3.2  28.9     1      SE

Max >=  27.0:  2
Max <=   0.0:  0
Min <=   0.0:  1
Min <= -18.0:  0
Max Rain: 9.0 on day 13
Days of Rain: 8 (>= 0.2 mm)  4 (>= 2.0 mm)  0 (>= 20.0 mm)
Heat Base: 18.3  Cool Base: 18.3  Method: Integration

 

XHTML 1.1 | CSS