GeoURL
free counters
Scottish Weather Network UK Weather Network Cumulus Top Weather Sites

Peebles Weather - NOAA Style Reports

Raw Data, Raw Data Expanded

Ignore low humidity and Dew Point values. Something wrong with the sensor.
Daytime temperatures are in direct sunlight so may be higher than official air temperature values.
As with any other website, we log your IP address and browser type in the server logs for diagnostic reasons. Cookies are used to record visit time and gauges preferences. No personal information is stored or processed.

All times are in local time (GMT, or BST in summer) unless specified.

2021/10/27 14:20 EGPH 271420Z 27004KT 9999 -RA SCT011 BKN022 15/14 Q1002
16.3 0.0 6.3 7.2 7.1 mph 8.3 mph 997.8 63% X-Ray Solar Flare Level
Planetary K-Index
Planetary K-Index History
Station Warn Rain Snow Flood Wind Ltng Heat Cold Glob Moon Temp Rain 1h Rain Wed Rain 24h Wind 10m Gust Pressure Hum Proton Levels
Rain
m Waning Gibbous Comfortable F2-NE F: A: Kp:0 SSN:0

NOAA Reports


Report for 2017 Dec
                   Monthly Climatological Summary for Dec 2017

Name: Kittlegairy Road   City: Peebles   State: Scottish Borders
Elevation: 517 ft  Lat: N 55 38' 27"   Lon: W 003 10' 15"

                  Temperature (C), Rain (mm), Wind Speed (mph)

                                      Heat  Cool        Avg
    Mean                              Deg   Deg         Wind                 Dom
Day Temp  High   Time   Low    Time   Days  Days  Rain  Speed High   Time    Dir
----------------------------------------------------------------------------------
 1   1.3   6.1   12:18  -2.9   08:25  17.0   0.0   0.3   1.7  10.7   03:26   WSW
 2   6.7   8.7   23:35   3.0   00:00  11.6   0.0   0.0   2.4  10.7   21:35     W
 3   5.6   9.0   02:49   0.9   22:52  12.7   0.0   0.0   2.4  12.1   03:26     W
 4   7.0   9.1   13:07   2.0   00:00  11.3   0.0   0.0   3.0  12.1   13:13     W
 5   7.6   8.8   23:15   6.7   04:59  10.7   0.0   0.3   6.3  22.8   20:32   WSW
 6  10.7  13.1   23:51   8.8   00:00   7.6   0.0   0.6   8.4  32.7   17:48    SW
 7   5.4  13.0   00:12   0.8   22:15  12.9   0.0   5.7   7.5  25.9   12:50     W
 8  -0.2   3.0   11:22  -1.8   22:31  18.5   0.0   0.0   4.2  13.6   13:27     W
 9  -1.8   3.8   11:51  -4.1   07:37  20.1   0.0   0.0   1.1   6.9   00:38   WNW
10  -7.0  -0.7   12:46 -11.3   23:52  25.3   0.0   0.0   0.2   3.1   00:48     S
11  -4.1   3.5   12:43 -11.8   00:56  22.4   0.0   0.3   0.3   3.8   12:46    NW
12  -1.4   5.1   22:25  -8.4   07:48  19.7   0.0   1.2   1.8  18.3   19:37   WSW
13   3.1   5.8   09:29   0.4   23:43  15.2   0.0   2.4   4.3  17.4   08:45     W
14   1.0   2.4   12:13  -1.6   22:17  17.3   0.0   3.6   1.9  11.4   15:29     W
15   0.6   5.6   11:27  -3.1   23:59  17.7   0.0   5.4   0.9  14.5   07:49   WSW
16  -4.3   0.0   13:27  -7.2   21:05  22.6   0.0   0.0   0.1   3.1   00:22     S
17   2.7   8.8   13:34  -5.5   00:00  15.6   0.0   2.4   2.7  17.4   14:38     W
18   0.9   7.1   23:59  -3.7   08:48  17.4   0.0   0.0   0.7   6.9   15:27   NNE
19   9.1  12.6   11:34   6.0   00:57   9.2   0.0   0.3   2.8  14.5   22:40     W
20   9.7  11.8   08:56   5.5   23:30   8.6   0.0   0.0   2.9  14.5   03:46     W
21   2.2   5.8   00:15  -0.1   23:35  16.1   0.0   0.0   0.3   3.1   08:39   SSE
22   4.9  10.1   22:19  -1.9   04:38  13.4   0.0   0.0   1.7  13.6   21:41   WNW
23  11.5  14.5   12:34   9.6   01:35   6.8   0.0   3.0   6.4  21.3   13:23     W
24  11.2  12.8   04:35  10.5   12:51   7.1   0.0   0.6   8.4  27.3   11:11     W
25   5.6  10.6   00:00   0.6   23:51  12.7   0.0  24.0   1.7  13.6   00:40   WSW
26   0.2   2.1   14:28  -2.6   23:52  18.1   0.0   1.2   0.1   4.5   11:30   SSW
27  -2.8   1.1   11:39  -7.0   09:08  21.1   0.0   0.0   0.0   0.0   00:00   ---
28  -1.1   5.6   12:44  -7.4   23:59  19.4   0.0   0.0   0.4   5.4   11:16     W
29  -1.3   2.4   21:39  -8.3   03:25  19.6   0.0   0.0   2.0   9.2   15:40   ESE
30   3.1   6.1   23:49   0.4   07:49  15.2   0.0   8.1   2.8  20.6   15:41   WSW
31   5.7   8.4   05:59   3.6   23:47  12.6   0.0   2.1   7.2  27.3   12:26   WSW
----------------------------------------------------------------------------------
     3.0  14.5    23   -11.8    11   475.5   0.0  61.5   2.8  32.7     6       W

Max >=  27.0:  0
Max <=   0.0:  2
Min <=   0.0: 17
Min <= -18.0:  0
Max Rain: 24.0 on day 25
Days of Rain: 17 (>= 0.2 mm)  9 (>= 2.0 mm)  1 (>= 20.0 mm)
Heat Base: 18.3  Cool Base: 18.3  Method: Integration

 

XHTML 1.1 | CSS