GeoURL
free counters
Scottish Weather Network UK Weather Network Cumulus Top Weather Sites

Peebles Weather - NOAA Style Reports

Raw Data, Raw Data Expanded

Ignore low humidity and Dew Point values. Something wrong with the sensor.
Daytime temperatures are in direct sunlight so may be higher than official air temperature values.
As with any other website, we log your IP address and browser type in the server logs for diagnostic reasons. Cookies are used to record visit time and gauges preferences. No personal information is stored or processed.

All times are in local time (GMT, or BST in summer) unless specified.

2020/07/02 12:20 EGPH 021220Z 03006KT CAVOK 14/09 Q1011
16.9 0.0 0.0 0.3 1.4 mph 3.1 mph 1007.0 55% X-Ray Solar Flare Level
Planetary K-Index
Planetary K-Index History
Station Warn Rain Snow Flood Wind Ltng Heat Cold Glob Moon Temp Rain 1h Rain Thu Rain 24h Wind 10m Gust Pressure Hum Proton Levels
Lost sensor contact!!! Rain
m Waxing Gibbous Comfortable F1-E F: A: Kp:0 SSN:0

NOAA Reports


Report for 2017 Jul
                   Monthly Climatological Summary for Jul 2017

Name: Kittlegairy Road   City: Peebles   State: Scottish Borders
Elevation: 517 ft  Lat: N 55 38' 27"   Lon: W 003 10' 15"

                  Temperature (C), Rain (mm), Wind Speed (mph)

                                      Heat  Cool        Avg
    Mean                              Deg   Deg         Wind                 Dom
Day Temp  High   Time   Low    Time   Days  Days  Rain  Speed High   Time    Dir
----------------------------------------------------------------------------------
 1  15.1  21.7   11:42  11.9   02:13   3.6   0.4   0.0   2.6  12.1   13:47   WSW
 2  13.6  18.1   13:16  11.3   04:53   4.7   0.0   0.6   3.3  13.6   15:27     W
 3  14.8  20.8   17:59   9.6   23:55   3.6   0.1   0.9   2.5  13.0   11:36   WSW
 4  11.6  14.2   16:20   9.1   00:47   7.0   0.0   9.9   2.7   8.3   13:18    NE
 5  14.0  17.5   12:31  11.4   02:32   4.3   0.0   0.0   2.7   9.8   16:07    SE
 6  16.7  22.5   18:42  11.8   00:00   2.4   0.8   0.9   1.1   5.4   04:46    NE
 7  15.9  22.0   13:33   9.5   23:58   2.7   0.2   0.0   1.7   9.8   13:54   WSW
 8  15.5  24.0   18:07   8.0   03:10   3.9   1.1   0.0   2.4  10.7   16:56   WSW
 9  14.9  19.1   14:13  11.3   00:07   3.4   0.0   1.2   1.5   8.3   16:41   WSW
10  13.4  16.9   14:09  10.6   23:59   4.9   0.0   3.3   0.8   4.5   12:17    SE
11  14.3  21.3   16:41   8.4   05:39   4.2   0.2   0.3   1.9  10.7   13:52   ENE
12  15.1  26.7   17:53   4.6   04:55   5.0   1.6   0.0   1.2   7.6   05:59    NW
13  15.4  22.6   17:48   7.1   05:10   4.2   0.4   4.5   2.2  11.4   13:21   SSW
14  14.6  21.7   15:45  11.4   01:30   3.9   0.3   0.3   2.9  12.1   10:37   WSW
15  16.9  21.6   15:17  13.0   00:15   2.0   0.6   3.6   2.8  15.9   14:49    SW
16  15.9  22.5   14:21  11.5   23:48   3.0   0.6   0.0   3.3  15.2   13:57   WSW
17  17.9  25.7   15:37  11.1   00:41   2.5   2.0   0.0   3.1  17.4   14:32   WSW
18  18.5  29.8   15:46   7.7   04:11   3.4   3.6   0.0   2.9  13.0   12:34   SSE
19  16.2  20.1   12:40  13.7   01:35   2.2   0.1   1.2   4.0  11.4   01:15   ESE
20  14.9  20.0   12:51   9.3   23:31   3.4   0.0   2.7   1.9  10.7   10:58    SW
21  14.8  21.7   15:54   8.9   01:07   3.8   0.3   0.0   3.8  18.3   16:33    SE
22  15.4  16.4   11:51  13.8   23:40   2.9   0.0   7.2   3.9  12.1   11:36    NE
23  14.2  17.5   10:43  10.2   05:10   4.1   0.0   3.3   1.5  12.1   15:40   NNE
24  17.7  28.1   17:08  10.9   02:22   2.8   2.2   0.0   2.4   9.8   14:24     E
25  15.6  18.4   19:22  12.5   23:59   2.7   0.0   0.0   1.6   6.0   12:26   ENE
26  15.1  22.1   15:53  11.1   23:31   3.6   0.4  13.5   3.0  15.9   13:50   SSW
27  14.6  21.4   17:09  10.5   05:17   3.9   0.2   0.6   2.9  15.2   14:27     S
28  15.5  21.9   16:50  11.3   23:59   3.1   0.3   0.6   3.0  15.2   16:07     S
29  16.3  20.2   11:14  10.8   00:15   2.2   0.1   0.0   3.9  10.7   11:09     W
30  16.0  20.4   13:14  11.5   04:31   3.2   0.2   0.6   3.0  16.8   13:49   SSW
31  15.0  20.9   13:37  11.2   05:47   3.4   0.1   1.5   2.2  14.5   15:40   SSW
----------------------------------------------------------------------------------
    15.3  29.8    18     4.6    12   110.0  15.8  56.7   2.5  18.3    21     SSW

Max >=  27.0:  2
Max <=   0.0:  0
Min <=   0.0:  0
Min <= -18.0:  0
Max Rain: 13.5 on day 26
Days of Rain: 19 (>= 0.2 mm)  8 (>= 2.0 mm)  0 (>= 20.0 mm)
Heat Base: 18.3  Cool Base: 18.3  Method: Integration

 

XHTML 1.1 | CSS