GeoURL
free counters
Scottish Weather Network UK Weather Network Cumulus Top Weather Sites

Peebles Weather - NOAA Style Reports

Raw Data, Raw Data Expanded

Ignore low humidity and Dew Point values. Something wrong with the sensor.
Daytime temperatures are in direct sunlight so may be higher than official air temperature values.
As with any other website, we log your IP address and browser type in the server logs for diagnostic reasons. Cookies are used to record visit time and gauges preferences. No personal information is stored or processed.

All times are in local time (GMT, or BST in summer) unless specified.

2020/07/09 16:50 EGPH 091650Z VRB03KT 4900 RA BKN032 OVC049 13/11 Q1014
15.2 0.0 0.0 0.0 2.6 mph 4.5 mph 1009.4 72% X-Ray Solar Flare Level
Planetary K-Index
Planetary K-Index History
Station Warn Rain Snow Flood Wind Ltng Heat Cold Glob Moon Temp Rain 1h Rain Thu Rain 24h Wind 10m Gust Pressure Hum Proton Levels
Lost sensor contact!!!
m Waning Gibbous Cool F1-SW F: A: Kp:0 SSN:0

NOAA Reports


Report for 2017 May
                   Monthly Climatological Summary for May 2017

Name: Kittlegairy Road   City: Peebles   State: Scottish Borders
Elevation: 517 ft  Lat: N 55 38' 27"   Lon: W 003 10' 15"

                  Temperature (C), Rain (mm), Wind Speed (mph)

                                      Heat  Cool        Avg
    Mean                              Deg   Deg         Wind                 Dom
Day Temp  High   Time   Low    Time   Days  Days  Rain  Speed High   Time    Dir
----------------------------------------------------------------------------------
 1  11.9  18.6   16:21   7.9   00:37   6.4   0.0   0.0   4.6  15.2   13:29     E
 2  11.3  17.7   16:52   7.4   23:58   7.1   0.0   0.0   2.3   9.8   13:55     E
 3  10.9  19.5   15:42 -18.7   16:41   7.4   0.11593.0   4.1 117.0   09:41   NNE
 4  10.7  17.2   14:32   4.6   05:51   7.6   0.0   0.0   5.2  20.6   17:37   NNE
 5  10.4  17.2   15:50   1.9   05:56   7.9   0.0   0.0   4.8  18.3   11:40   NNE
 6  11.2  19.3   17:30   3.0   02:01   7.2   0.0   0.0   4.4  16.8   13:28     N
 7  11.0  17.7   16:31   5.7   00:00   7.2   0.0   0.0   2.6  11.4   21:07   NNE
 8   9.5  15.7   16:11   5.5   22:52   8.8   0.0   0.0   4.7  17.4   10:37     N
 9  11.8  21.4   16:39   4.9   05:43   6.9   0.3   0.3   2.2  10.7   17:20   WNW
10  10.5  20.2   16:22   0.7   05:01   7.9   0.1   0.0   2.1  11.4   13:49   WNW
11  11.9  22.2   16:22   0.5   05:52   7.0   0.6   0.0   3.1  15.2   16:42   ESE
12  12.2  21.9   15:30   5.2   04:11   6.4   0.3   0.0   3.6  10.7   10:57    SE
13  11.9  14.8   18:40   9.8   01:27   6.4   0.0   1.5   3.5  15.9   14:12   SSE
14  14.1  20.1   12:28  10.6   00:46   4.3   0.1   0.0   4.1  19.0   19:21     S
15  12.8  17.9   15:45   9.4   05:20   5.5   0.0   3.9   4.4  25.9   13:25    SE
16  15.1  20.6   11:57   8.3   22:32   3.3   0.1   1.8   4.7  25.1   11:59   SSW
17  12.9  19.2   16:09   3.6   05:37   5.4   0.01600.5   1.9   9.2   11:17     S
18  12.7  22.1   16:30   5.5   01:57   5.9   0.3   0.0   1.6  11.4   14:42   SSW
19  11.0  18.9   14:26   3.0   03:53   7.3   0.0   0.0   1.8  11.4   15:30     E
20  10.3  17.9   17:37   8.0   04:29   8.0   0.0  15.9   0.9   9.2   18:04    SE
21  11.6  18.0   16:14   5.4   05:25   6.7   0.0   0.0   3.5  16.8   10:32     S
22  13.4  21.4   14:47   7.6   00:07   5.1   0.2   3.3   2.9  16.8   14:59   SSE
23  13.1  22.6   15:40   5.3   02:56   5.5   0.3   0.6   1.8  11.4   14:11     W
24  17.6  25.5   15:52  13.4   22:38   2.2   1.4   0.0   2.5   8.3   13:09   WNW
25  22.3  32.5   16:57  14.2   00:00   1.2   5.2   0.0   1.6   9.8   14:31    SE
26  22.4  31.1   16:26  12.5   03:04   1.2   5.4   0.0   3.6  12.1   11:25   SSE
27  19.9  27.5   13:30  14.4   06:09   0.9   2.4   3.0   2.7  11.4   09:11   ESE
28  17.2  26.7   17:16  12.9   23:54   2.5   1.5   0.0   3.3   9.2   03:11   SSW
29  12.7  14.2   13:58  11.3   05:41   5.6   0.0   0.3   4.0  10.7   14:15    SE
30  14.4  20.3   11:27   8.8   23:47   4.1   0.1   0.9   3.2  13.6   19:36     W
31  16.0  26.8   17:07   6.3   04:28   4.0   1.7   0.0   2.4  10.7   21:57     S
----------------------------------------------------------------------------------
    13.4  32.5    25   -18.7     3   172.9  20.13225.0   3.2 117.0     3      SE

Max >=  27.0:  3
Max <=   0.0:  0
Min <=   0.0:  1
Min <= -18.0:  1
Max Rain: 1600.5 on day 17
Days of Rain: 12 (>= 0.2 mm)  6 (>= 2.0 mm)  2 (>= 20.0 mm)
Heat Base: 18.3  Cool Base: 18.3  Method: Integration

 

XHTML 1.1 | CSS