GeoURL
free counters
Scottish Weather Network UK Weather Network Cumulus Top Weather Sites

Peebles Weather - NOAA Style Reports

Raw Data, Raw Data Expanded

Ignore low humidity and Dew Point values. Something wrong with the sensor.
Daytime temperatures are in direct sunlight so may be higher than official air temperature values.
As with any other website, we log your IP address and browser type in the server logs for diagnostic reasons. Cookies are used to record visit time and gauges preferences. No personal information is stored or processed.

All times are in local time (GMT, or BST in summer) unless specified.

2021/09/27 05:50 EGPH 270550Z 28007KT 250V320 4400 RA FEW007 BKN016 10/09 Q0997
9.2 10.2 22.5 26.1 2.6 mph 3.1 mph 992.4 10% X-Ray Solar Flare Level
Planetary K-Index
Planetary K-Index History
Station Warn Rain Snow Flood Wind Ltng Heat Cold Glob Moon Temp Rain 1h Rain Mon Rain 24h Wind 10m Gust Pressure Hum Proton Levels

m Waning Gibbous Cool F1-W F: A: Kp:0 SSN:0

NOAA Reports


Report for 2016 Apr
                   Monthly Climatological Summary for Apr 2016

Name: Kittlegairy Road   City: Peebles   State: Scottish Borders
Elevation: 517 ft  Lat: N 55 38' 27"   Lon: W 003 10' 15"

                  Temperature (C), Rain (mm), Wind Speed (mph)

                                      Heat  Cool        Avg
    Mean                              Deg   Deg         Wind                 Dom
Day Temp  High   Time   Low    Time   Days  Days  Rain  Speed High   Time    Dir
----------------------------------------------------------------------------------
 1   6.6   9.5   22:49   0.9   01:50  11.7   0.0   0.3   8.9  37.4   17:43     S
 2   8.6  12.3   12:48   5.6   04:32   9.7   0.0   1.5   1.5   7.6   13:26   SSE
 3   8.2  13.7   14:22   5.9   04:19  10.1   0.0   0.6   2.0  13.6   14:11   SSE
 4   8.0  11.3   13:25   6.2   23:47  10.3   0.0   9.9   1.8   7.6   13:14   SSE
 5   7.4  12.0   15:46   5.4   06:08  10.9   0.0   5.4   2.9  13.0   15:14     W
 6   6.3   9.0   09:58   4.8   21:13  12.0   0.0   2.4   5.6  17.4   19:17   WSW
 7   7.3  13.9   13:57   3.5   06:35  11.0   0.0   6.9   3.0  13.6   14:15   WNW
 8   6.9  13.0   14:57   3.2   01:07  11.4   0.0   1.2   2.2  14.5   20:59   SSW
 9   7.2  13.9   13:54   2.9   05:36  11.1   0.0   2.4   2.2   8.3   01:11    NW
10   6.0  15.3   17:07   0.5   05:40  12.3   0.0  12.9   1.9   9.2   18:35   SSE
11   6.6  11.3   16:08   2.3   02:07  11.7   0.0   0.0   5.5  15.2   09:38     N
12   6.8   8.0   10:53   6.2   00:00  11.5   0.0   4.8   4.7  15.2   06:13     N
13   6.4   7.9   12:07   5.4   23:40  11.9   0.0   0.3   1.9  10.7   14:44   NNW
14   7.1  13.8   13:59   4.8   05:39  11.2   0.0   1.8   2.2   8.3   06:55   ENE
15   4.2   7.4   12:30  -1.2   23:43  14.1   0.0   2.1   1.5  13.6   15:50    NE
16   3.6  11.6   16:26  -1.6   23:54  14.6   0.0   0.9   2.5  15.2   14:44   NNW
17   4.2  11.8   14:51  -4.0   03:54  14.1   0.0   0.0   4.3  19.0   14:39     W
18   8.5  14.1   14:53   4.7   23:53   9.8   0.0   1.2   7.4  22.8   04:52     W
19   9.4  18.3   16:43   2.3   06:46   9.0   0.0   0.0   1.9  13.6   15:44   WNW
20   9.3  21.0   17:09  -1.6   05:56   9.3   0.3   0.0   1.8   8.3   16:12    NW
21   9.2  20.5   14:14  -0.3   05:53   9.2   0.1   0.0   2.7  11.4   20:48    SE
22   6.2  13.7   14:07  -0.7   05:14  12.1   0.0   0.0   2.5  10.7   14:27     N
23   4.1  13.7   14:39  -2.7   06:00  14.2   0.0   0.0   2.4  14.5   11:27   NNW
24   7.0  14.6   15:32   1.0   00:32  11.3   0.0   1.5   2.2   9.8   13:18   WNW
25   5.7  10.2   16:07   2.9   23:59  12.6   0.0   0.0   5.9  24.4   11:40   NNW
26   3.8  10.1   16:19   0.2   05:47  14.5   0.0   4.2   5.1  26.6   14:16   NNW
27   4.4  11.5   17:47  -0.2   23:56  13.9   0.0   1.5   2.6  14.5   14:54   WNW
28   2.4   9.2   14:07  -3.0   06:07  15.9   0.0   2.1   2.4  21.3   13:45   SSE
29   2.8   9.8   18:22   0.8   04:18  15.5   0.0  20.7   3.5  19.7   07:13    NW
30   5.3  14.1   17:41  -1.6   05:25  13.0   0.0   0.3   2.2  12.1   15:39    SW
----------------------------------------------------------------------------------
     6.3  21.0    20    -4.0    17   359.9   0.4  84.9   3.2  37.4     1     WNW

Max >=  27.0:  0
Max <=   0.0:  0
Min <=   0.0: 10
Min <= -18.0:  0
Max Rain: 20.7 on day 29
Days of Rain: 22 (>= 0.2 mm)  11 (>= 2.0 mm)  1 (>= 20.0 mm)
Heat Base: 18.3  Cool Base: 18.3  Method: Integration

 

XHTML 1.1 | CSS