GeoURL
free counters
Scottish Weather Network UK Weather Network Cumulus Top Weather Sites

Peebles Weather - NOAA Style Reports

Raw Data, Raw Data Expanded

Ignore low humidity and Dew Point values. Something wrong with the sensor.
Daytime temperatures are in direct sunlight so may be higher than official air temperature values.
As with any other website, we log your IP address and browser type in the server logs for diagnostic reasons. Cookies are used to record visit time and gauges preferences. No personal information is stored or processed.

All times are in local time (GMT, or BST in summer) unless specified.

2020/07/07 13:20 EGPH 071320Z 26007KT 230V300 9999 SCT028 OVC047 15/09 Q1015
18.0 0.0 0.0 0.0 2.1 mph 3.8 mph 1011.4 59% X-Ray Solar Flare Level
Planetary K-Index
Planetary K-Index History
Station Warn Rain Snow Flood Wind Ltng Heat Cold Glob Moon Temp Rain 1h Rain Tue Rain 24h Wind 10m Gust Pressure Hum Proton Levels

m Waning Gibbous Comfortable F1-N F: A: Kp:0 SSN:0

NOAA Reports


Report for 2016 Feb
                   Monthly Climatological Summary for Feb 2016

Name: Kittlegairy Road   City: Peebles   State: Scottish Borders
Elevation: 517 ft  Lat: N 55 38' 27"   Lon: W 003 10' 15"

                  Temperature (C), Rain (mm), Wind Speed (mph)

                                      Heat  Cool        Avg
    Mean                              Deg   Deg         Wind                 Dom
Day Temp  High   Time   Low    Time   Days  Days  Rain  Speed High   Time    Dir
----------------------------------------------------------------------------------
 1   8.3  11.5   03:08   4.6   21:08  10.0   0.0   9.6  12.9  38.0   10:41   WSW
 2   4.3   7.4   11:13   0.3   06:13  14.0   0.0  10.5  11.9  35.8   02:08     W
 3   3.8   8.2   13:40   1.9   08:50  14.5   0.0   0.3   4.2  14.5   00:59     W
 4   7.6  10.1   21:21   2.6   01:45  10.7   0.0   1.8   4.3  15.2   04:31   WNW
 5   7.8   9.9   00:00   2.9   21:08  10.5   0.0   6.0   7.2  25.9   15:58    SW
 6   4.7   7.6   19:29   2.0   01:20  13.6   0.0   6.0   4.7  18.3   22:43   SSW
 7   4.9   5.9   15:34   2.8   20:48  13.4   0.0   6.0   8.9  25.9   09:09    SW
 8   5.6   7.0   11:07   4.7   03:53  12.7   0.0   1.8   4.0  14.5   21:40     W
 9   4.1   5.4   00:16   3.0   21:08  14.2   0.0   6.9   4.5  18.3   08:57     W
10   2.6   8.0   15:07  -0.3   04:56  15.7   0.0   0.0   2.7  12.1   12:45     W
11   2.6   9.1   13:50  -1.4   23:58  15.7   0.0   0.0   2.6  13.6   12:11   WNW
12   0.5  10.3   13:56  -3.0   02:14  17.8   0.0   0.0   0.7   7.6   12:27   ESE
13   1.7   2.7   12:08   0.6   17:27  16.6   0.0  12.0   2.9  12.1   21:29    NE
14   0.7   5.8   14:37  -3.0   04:08  17.6   0.0   0.3   3.5  19.0   20:36     N
15   0.0   9.6   14:46  -3.8   06:29  18.3   0.0   0.0   1.6   6.0   12:23    SW
16   4.2   7.1   21:41  -1.9   00:00  14.1   0.0   4.8  11.3  35.8   12:24     S
17   1.6   7.0   00:00  -1.8   23:24  16.7   0.0  17.4   1.7  23.5   00:16    SW
18   1.2   8.4   14:52  -4.4   06:37  17.1   0.0   0.3   2.2  10.7   13:09     W
19   5.3   9.0   18:16   0.4   05:17  13.0   0.0   3.6   6.7  24.4   17:12    SW
20   4.6   6.0   13:09   3.0   05:29  13.7   0.0   5.7   8.2  24.4   09:50     W
21   4.9   7.5   13:07   2.0   23:57  13.4   0.0   4.8   6.8  19.0   03:53     W
22   4.0  10.5   13:41  -1.1   22:40  14.3   0.0   0.0   4.5  17.4   04:21     W
23   1.2   7.7   13:59  -4.1   23:50  17.1   0.0   0.0   2.0   9.8   10:07   WNW
24   0.1   7.5   14:28  -4.4   00:22  18.2   0.0   0.0   1.3  10.7   15:50   WNW
25   0.6   5.5   12:21  -3.7   05:11  17.7   0.0   0.0   0.9   6.0   12:33    NW
26   1.1   8.1   14:48  -3.2   22:25  17.2   0.0   0.0   1.0   7.6   14:30   NNE
27  -0.2   7.8   12:07  -5.8   07:22  18.5   0.0   0.0   0.5   4.5   17:21   SSE
28   0.4  12.0   14:22  -5.3   03:57  17.9   0.0   0.0   0.4   3.8   23:55     E
29   2.8   6.1   13:42  -2.9   00:56  15.5   0.0   1.5   5.3  30.4   23:28     S
----------------------------------------------------------------------------------
     3.1  12.0    28    -5.8    27   439.7   0.0  99.3   4.5  38.0     1     WSW

Max >=  27.0:  0
Max <=   0.0:  0
Min <=   0.0: 16
Min <= -18.0:  0
Max Rain: 17.4 on day 17
Days of Rain: 18 (>= 0.2 mm)  12 (>= 2.0 mm)  0 (>= 20.0 mm)
Heat Base: 18.3  Cool Base: 18.3  Method: Integration

 

XHTML 1.1 | CSS