GeoURL
free counters
Scottish Weather Network UK Weather Network Cumulus Top Weather Sites

Peebles Weather - NOAA Style Reports

Raw Data, Raw Data Expanded

Ignore low humidity and Dew Point values. Something wrong with the sensor.
Daytime temperatures are in direct sunlight so may be higher than official air temperature values.
As with any other website, we log your IP address and browser type in the server logs for diagnostic reasons. Cookies are used to record visit time and gauges preferences. No personal information is stored or processed.

All times are in local time (GMT, or BST in summer) unless specified.

2020/07/02 10:50 EGPH 021050Z 03006KT 350V070 CAVOK 14/09 Q1011
17.6 0.0 0.0 0.6 2.5 mph 3.1 mph 1006.9 50% X-Ray Solar Flare Level
Planetary K-Index
Planetary K-Index History
Station Warn Rain Snow Flood Wind Ltng Heat Cold Glob Moon Temp Rain 1h Rain Thu Rain 24h Wind 10m Gust Pressure Hum Proton Levels
Lost sensor contact!!! Rain
m Waxing Gibbous Comfortable F1-NE F: A: Kp:0 SSN:0

NOAA Reports


Report for 2015 Dec
                   Monthly Climatological Summary for Dec 2015

Name: Kittlegairy Road   City: Peebles   State: Scottish Borders
Elevation: 517 ft  Lat: N 55 38' 27"   Lon: W 003 10' 15"

                  Temperature (C), Rain (mm), Wind Speed (mph)

                                      Heat  Cool        Avg
    Mean                              Deg   Deg         Wind                 Dom
Day Temp  High   Time   Low    Time   Days  Days  Rain  Speed High   Time    Dir
----------------------------------------------------------------------------------
 1   6.3  13.0   15:55  -1.6   00:54  12.0   0.0   3.0   5.0  25.1   22:46   SSW
 2   8.1  13.9   10:58  -0.2   21:59  10.2   0.0   4.5   6.9  29.8   04:22   SSW
 3   1.2   3.7   13:55  -0.6   03:15  17.1   0.0  12.3   1.1   7.6   18:07    SW
 4   7.8  11.1   17:33   1.9   00:00  10.5   0.0  15.6   9.9  31.1   16:49   WSW
 5  11.2  12.6   23:23  10.0   02:15   7.1   0.0  34.5  13.9  30.4   20:53    SW
 6   6.5  12.7   00:35   2.6   21:59  11.8   0.0  12.3   4.9  28.2   04:43     W
 7   8.3  13.0   13:38   3.0   00:07  10.0   0.0   3.9   5.5  22.8   13:28   SSE
 8   9.1  12.9   01:30   4.0   23:00   9.2   0.0   2.7   9.0  32.0   08:45   SSW
 9   8.8  11.5   13:38   3.5   00:38   9.5   0.0   8.4  11.0  34.9   19:12    SW
10   5.7   8.9   00:00   1.4   22:37  12.6   0.0   1.5   7.2  19.0   04:23   WSW
11   3.9   5.4   19:05   1.5   02:41  14.4   0.0   4.5   7.1  23.5   10:33   WSW
12   2.8   4.5   00:33   1.1   23:59  15.5   0.0   1.8   1.3  10.7   00:52   WSW
13  -0.2   2.7   23:59  -2.7   08:57  18.5   0.0   0.6   1.3   6.9   18:10    SE
14   5.7   8.5   05:57   2.6   00:16  12.6   0.0   0.0   2.2   9.8   04:57   NNW
15   7.2   9.0   23:51   5.8   00:00  11.1   0.0   3.6   3.3   9.8   07:58   SSE
16  11.3  14.1   23:45   9.0   00:00   7.0   0.0   0.0   3.6  21.3   23:35    SW
17  12.5  14.1   00:00  10.7   22:30   5.8   0.0   0.6   8.5  31.1   04:50   SSW
18  12.1  13.8   22:07  10.5   05:54   6.2   0.0   0.6   7.8  24.4   14:21    SW
19  13.9  15.5   05:49  10.6   23:59   4.4   0.0   3.6  12.6  41.8   11:42     S
20   8.8  10.6   00:00   7.8   10:39   9.5   0.0  14.4   6.4  25.9   10:10    SW
21   7.2   9.1   13:07   5.9   05:58  11.1   0.0   6.0   8.3  27.3   12:11    SW
22   9.4  13.5   06:31   6.7   20:39   8.9   0.0   5.1   9.5  35.8   02:59    SW
23   7.1  10.6   23:58   4.5   08:19  11.3   0.0   4.2  11.8  42.5   23:33   SSW
24   6.2  10.6   00:00   3.1   15:50  12.1   0.0  17.1  10.5  41.8   00:16   SSW
25   3.3   4.8   14:18   1.1   19:16  15.0   0.0   9.0   3.7  19.0   01:38    SW
26   3.8   6.2   23:49   0.4   03:37  14.5   0.0  33.6   2.1  12.1   22:30     S
27   5.6   9.6   12:45   2.7   10:09  12.7   0.0   0.6   3.6  16.8   00:19     W
28   9.6  11.7   14:41   7.1   00:00   8.6   0.0   0.3   5.2  22.1   23:16   SSE
29   9.0  11.3   02:40   7.4   06:39   9.3   0.0   8.7   9.1  26.6   03:10     S
30   8.7  12.8   09:58   2.6   22:29   9.6   0.0  33.0  11.2  41.2   05:16     S
31   3.2   7.4   11:14   0.9   22:30  15.1   0.0   5.7   3.5  19.0   11:58    SW
----------------------------------------------------------------------------------
     7.2  15.5    19    -2.7    13   343.2   0.0 251.7   6.7  42.5    23      SW

Max >=  27.0:  0
Max <=   0.0:  0
Min <=   0.0:  4
Min <= -18.0:  0
Max Rain: 34.5 on day 5
Days of Rain: 29 (>= 0.2 mm)  22 (>= 2.0 mm)  3 (>= 20.0 mm)
Heat Base: 18.3  Cool Base: 18.3  Method: Integration

 

XHTML 1.1 | CSS