GeoURL
free counters
Scottish Weather Network UK Weather Network Cumulus Top Weather Sites

Peebles Weather - NOAA Style Reports

Raw Data, Raw Data Expanded

Ignore low humidity and Dew Point values. Something wrong with the sensor.
Daytime temperatures are in direct sunlight so may be higher than official air temperature values.
As with any other website, we log your IP address and browser type in the server logs for diagnostic reasons. Cookies are used to record visit time and gauges preferences. No personal information is stored or processed.

All times are in local time (GMT, or BST in summer) unless specified.

2020/07/09 18:20 EGPH 091820Z VRB03KT 9999 -RA FEW023 BKN047 13/12 Q1013
13.2 0.9 0.9 0.9 1.4 mph 1.6 mph 1009.3 90% X-Ray Solar Flare Level
Planetary K-Index
Planetary K-Index History
Station Warn Rain Snow Flood Wind Ltng Heat Cold Glob Moon Temp Rain 1h Rain Thu Rain 24h Wind 10m Gust Pressure Hum Proton Levels
Lost sensor contact!!!
m Waning Gibbous Cool F1-SSE F: A: Kp:0 SSN:0

NOAA Reports


Report for 2015 Aug
                   Monthly Climatological Summary for Aug 2015

Name: Kittlegairy Road   City: Peebles   State: Scottish Borders
Elevation: 517 ft  Lat: N 55 38' 27"   Lon: W 003 10' 15"

                  Temperature (C), Rain (mm), Wind Speed (mph)

                                      Heat  Cool        Avg
    Mean                              Deg   Deg         Wind                 Dom
Day Temp  High   Time   Low    Time   Days  Days  Rain  Speed High   Time    Dir
----------------------------------------------------------------------------------
 1  12.2  19.1   12:52   5.7   05:54   6.2   0.0   3.3   2.8  18.3   12:26   SSW
 2  13.1  18.6   12:38   7.8   00:56   5.2   0.0   0.3   2.6  12.1   11:57   SSE
 3  16.5  21.0   16:16  13.2   03:25   2.2   0.5   0.6   6.1  20.6   11:37     S
 4  15.0  19.8   12:16  12.1   04:54   3.3   0.0   1.8   6.0  25.1   07:56     S
 5  14.9  19.4   15:48  11.4   06:07   3.4   0.0   0.0   3.1  12.1   10:37   SSE
 6  15.2  20.9   15:58   7.5   23:56   3.2   0.1   0.3   2.6   9.2   14:18    SW
 7  13.8  23.3   14:34   6.1   04:30   5.0   0.5   0.0   1.3   9.2   14:22   WSW
 8  14.3  21.1   12:08   6.3   06:16   4.2   0.3   0.0   3.3  15.9   19:54   SSW
 9  16.6  22.8   16:12  13.8   00:00   2.1   0.4   0.0   3.5  13.6   16:22   SSW
10  16.9  23.9   10:56  11.8   23:57   2.2   0.8   0.3   4.3  16.8   14:40     S
11  13.6  19.4   14:19   7.0   23:57   4.8   0.0   0.0   1.7   8.3   02:53   WSW
12  13.5  25.2   16:37   5.3   01:52   5.7   0.9   0.0   1.0   6.9   11:07     W
13  15.7  27.2   16:53   4.6   02:40   4.9   2.3   0.0   1.7  10.7   13:21    SE
14  13.8  15.4   16:14  12.2   23:42   4.5   0.0   0.0   1.0   4.5   16:56     N
15  13.1  21.2   16:38   5.7   23:56   5.4   0.2   0.0   2.1  11.4   13:46   WSW
16  12.3  21.6   10:35   2.4   05:51   6.5   0.5   0.0   1.3  10.7   14:50     S
17  14.0  25.0   15:30   4.0   05:57   5.9   1.6   0.0   1.5  11.4   16:34     N
18  12.4  18.2   12:50   5.3   06:43   5.9   0.0   0.6   0.9   6.0   12:51   WSW
19  16.1  23.5   15:21  11.5   06:18   2.9   0.7   0.3   2.5  13.6   12:50   SSE
20  17.1  22.9   14:54  11.2   05:28   2.0   0.8   0.6   3.1  15.9   14:39   SSE
21  17.8  22.3   16:15  13.3   23:57   1.1   0.6   0.9   4.5  18.3   02:21     S
22  16.0  19.3   18:46  12.2   00:56   2.4   0.1  12.3   2.0   9.8   09:51    SE
23  19.3  25.5   14:50  15.1   00:00   1.0   2.1   1.8   6.4  23.5   13:28   SSE
24  16.4  24.2   15:11  11.1   06:28   2.6   0.7   3.0   1.4   6.9   00:48    SE
25  14.6  20.9   14:53   9.9   05:52   4.0   0.3   0.3   2.6  15.2   11:20    SW
26  14.7  21.2   15:43  11.2   05:47   3.9   0.2   4.2   3.6  22.8   11:57     S
27  13.9  19.3   17:14  11.4   06:20   4.4   0.0   0.3   4.3  15.9   09:17   WSW
28  14.4  20.3   13:56   8.4   03:21   4.0   0.1   0.3   3.6  16.8   12:37   SSW
29  15.4  23.0   16:55  11.8   06:07   3.2   0.3   1.8   3.2  12.1   17:37    SW
30  14.1  21.6   16:24   7.0   23:54   4.6   0.5   0.0   1.5   8.3   13:28    SW
31  12.0  21.1   16:45   4.3   03:38   6.4   0.1   0.0   1.3   9.2   13:19    NE
----------------------------------------------------------------------------------
    14.8  27.2    13     2.4    16   123.1  14.6  33.0   2.8  25.1     4     SSW

Max >=  27.0:  1
Max <=   0.0:  0
Min <=   0.0:  0
Min <= -18.0:  0
Max Rain: 12.3 on day 22
Days of Rain: 18 (>= 0.2 mm)  4 (>= 2.0 mm)  0 (>= 20.0 mm)
Heat Base: 18.3  Cool Base: 18.3  Method: Integration

 

XHTML 1.1 | CSS