GeoURL
free counters
Scottish Weather Network UK Weather Network Cumulus Top Weather Sites

Peebles Weather - NOAA Style Reports

Raw Data, Raw Data Expanded

Ignore low humidity and Dew Point values. Something wrong with the sensor.
Daytime temperatures are in direct sunlight so may be higher than official air temperature values.
As with any other website, we log your IP address and browser type in the server logs for diagnostic reasons. Cookies are used to record visit time and gauges preferences. No personal information is stored or processed.

All times are in local time (GMT, or BST in summer) unless specified.

2021/01/26 01:20 EGPH 260120Z VRB02KT 9999 -RA BKN012 OVC024 02/01 Q1011 RERA
0.3 0.0 0.0 3.0 0.0 mph 0.0 mph 1006.7 10% X-Ray Solar Flare Level
Planetary K-Index
Planetary K-Index History
Station Warn Rain Snow Flood Wind Ltng Heat Cold Glob Moon Temp Rain 1h Rain Tue Rain 24h Wind 10m Gust Pressure Hum Proton Levels
snow
m Waxing Gibbous Cold F0-NE F: A: Kp:0 SSN:0

NOAA Reports

Select a Year or Month report
2021 > Jan Feb Mar Apr May Jun Jul Aug Sep Oct Nov Dec
2020 > Jan Feb Mar Apr May Jun Jul Aug Sep Oct Nov Dec
2019 > Jan Feb Mar Apr May Jun Jul Aug Sep Oct Nov Dec
2018 > Jan Feb Mar Apr May Jun Jul Aug Sep Oct Nov Dec
2017 > Jan Feb Mar Apr May Jun Jul Aug Sep Oct Nov Dec
2016 > Jan Feb Mar Apr May Jun Jul Aug Sep Oct Nov Dec
2015 > Jan Feb Mar Apr May Jun Jul Aug Sep Oct Nov Dec
2014 > Jan Feb Mar Apr May Jun Jul Aug Sep Oct Nov Dec
2013 > Jan Feb Mar Apr May Jun Jul Aug Sep Oct Nov Dec
2012 > Jan Feb Mar Apr May Jun Jul Aug Sep Oct Nov Dec
2011 > Jan Feb Mar Apr May Jun Jul Aug Sep Oct Nov Dec
2010 > Jan Feb Mar Apr May Jun Jul Aug Sep Oct Nov Dec

Report for 2015 Apr
                   Monthly Climatological Summary for Apr 2015

Name: Kittlegairy Road   City: Peebles   State: Scottish Borders
Elevation: 517 ft  Lat: N 55 38' 27"   Lon: W 003 10' 15"

                  Temperature (C), Rain (mm), Wind Speed (mph)

                                      Heat  Cool        Avg
    Mean                              Deg   Deg         Wind                 Dom
Day Temp  High   Time   Low    Time   Days  Days  Rain  Speed High   Time    Dir
----------------------------------------------------------------------------------
 1   4.6   9.3   14:40   1.8   03:38  13.7   0.0   1.8   8.0  22.1   12:38     W
 2   5.2  14.0   15:42  -2.9   06:05  13.1   0.0   0.3   2.3   7.6   11:59     S
 3   5.6   8.8   13:59   2.7   04:12  12.7   0.0   7.5   2.4   7.6   00:44   WSW
 4   9.7  15.1   13:38   5.7   07:08   8.6   0.0   0.0   2.4  10.7   13:44   WNW
 5  12.6  22.7   16:31   5.3   23:57   6.3   0.6   0.0   2.5  11.4   15:19   WSW
 6  10.0  20.0   14:53   0.7   06:41   8.4   0.1   0.0   2.8  13.6   17:12     W
 7   8.9  12.9   17:29   3.2   23:57   9.4   0.0   0.0   4.4  15.9   17:33     W
 8   8.8  21.1   14:27  -1.9   06:37   9.7   0.2   0.0   1.4  11.4   13:39    SW
 9   9.9  20.2   16:02   0.2   06:13   8.5   0.2   0.0   2.9  15.2   14:54    SW
10  10.1  22.0   15:45  -1.2   06:22   8.4   0.2   0.0   4.1  25.1   22:22     S
11   7.1  10.8   13:20   2.8   07:11  11.2   0.0   3.0   8.4  34.9   19:37    SW
12   6.0  12.1   17:38   3.2   23:56  12.3   0.0   9.3   5.2  16.8   04:32   WSW
13   7.0  12.3   11:41  -0.7   05:46  11.3   0.0   0.3   5.1  22.1   13:27    SW
14  11.3  14.3   13:01   9.5   06:16   7.0   0.0   0.3   6.2  18.3   10:57    SW
15   9.1  13.3   17:58   1.2   23:42   9.2   0.0   3.3   5.3  15.9   14:28     W
16   7.2  20.0   17:19  -2.9   06:06  11.1   0.1   0.0   2.1  10.7   17:49   NNE
17   7.6  17.2   18:02   0.3   05:48  10.7   0.0   0.0   2.5  11.4   13:09    SE
18   8.8  18.0   16:20   0.6   01:27   9.5   0.0   0.0   2.5  11.4   12:18     S
19   5.4  13.7   15:31  -1.6   05:45  12.9   0.0   0.0   2.9  13.0   13:03     N
20  10.0  19.7   17:14   3.0   23:56   8.3   0.1   0.0   2.3  10.7   00:36   ENE
21  10.0  22.0   16:45  -1.6   05:48   8.8   0.5   0.0   2.2  12.1   11:46    SW
22  12.6  25.6   17:06   0.9   05:54   7.1   1.4   0.0   1.6   9.2   13:52   WSW
23  12.8  22.7   14:45   3.0   06:23   6.4   0.9   0.0   2.5  12.1   12:08     W
24  10.6  19.2   12:21   3.3   03:29   7.8   0.0   0.9   3.4  17.4   13:43   SSW
25   8.2  15.0   17:06   2.6   22:56  10.1   0.0   5.4   3.7  12.1   17:22   WNW
26   4.4  12.0   16:05  -2.2   23:52  13.9   0.0   0.6   4.2  19.7   16:48     W
27   3.4  11.6   14:52  -4.0   06:08  14.9   0.0   1.2   4.5  19.0   16:25   SSW
28   5.4  10.2   14:48   2.2   02:47  12.9   0.0   2.7   6.0  23.5   12:44   WSW
29   6.3  11.8   14:55   3.0   04:33  12.0   0.0   4.8   4.8  18.3   14:59    SW
30   6.7  14.8   17:29   0.0   23:54  11.6   0.0   1.5   3.3  19.7   14:37   NNW
----------------------------------------------------------------------------------
     8.2  25.6    22    -4.0    27   307.8   4.3  42.9   3.7  34.9    11     WSW

Max >=  27.0:  0
Max <=   0.0:  0
Min <=   0.0: 10
Min <= -18.0:  0
Max Rain: 9.3 on day 12
Days of Rain: 15 (>= 0.2 mm)  7 (>= 2.0 mm)  0 (>= 20.0 mm)
Heat Base: 18.3  Cool Base: 18.3  Method: Integration

 

XHTML 1.1 | CSS