GeoURL
free counters
Scottish Weather Network UK Weather Network Cumulus Top Weather Sites

Peebles Weather - NOAA Style Reports

Raw Data, Raw Data Expanded

Ignore low humidity and Dew Point values. Something wrong with the sensor.
Daytime temperatures are in direct sunlight so may be higher than official air temperature values.
As with any other website, we log your IP address and browser type in the server logs for diagnostic reasons. Cookies are used to record visit time and gauges preferences. No personal information is stored or processed.

All times are in local time (GMT, or BST in summer) unless specified.

2020/07/02 10:50 EGPH 021050Z 03006KT 350V070 CAVOK 14/09 Q1011
17.8 0.0 0.0 0.3 3.0 mph 3.1 mph 1006.8 51% X-Ray Solar Flare Level
Planetary K-Index
Planetary K-Index History
Station Warn Rain Snow Flood Wind Ltng Heat Cold Glob Moon Temp Rain 1h Rain Thu Rain 24h Wind 10m Gust Pressure Hum Proton Levels
Lost sensor contact!!! Rain
m Waxing Gibbous Comfortable F1-NE F: A: Kp:0 SSN:0

NOAA Reports


Report for 2013 Dec
                   Monthly Climatological Summary for Dec 2013

Name: Kittlegairy Road   City: Peebles   State: Scottish Borders
Elevation: 517 ft  Lat: N 55 38' 27"   Lon: W 003 10' 15"

                  Temperature (C), Rain (mm), Wind Speed (mph)

                                      Heat  Cool        Avg
    Mean                              Deg   Deg         Wind                 Dom
Day Temp  High   Time   Low    Time   Days  Days  Rain  Speed High   Time    Dir
----------------------------------------------------------------------------------
 1   5.7  13.0   13:52  -0.7   21:45  12.6   0.0   0.0   2.4  12.1   00:21     W
 2   4.6   9.0   12:25  -1.2   01:13  13.6   0.0   0.0   3.8  16.8   20:25   WSW
 3   8.5  10.3   12:37   4.2   23:54   9.8   0.0   2.7   5.9  15.9   00:12   WSW
 4   4.0   6.6   23:32   0.2   03:49  14.4   0.0   0.6   5.3  25.1   23:20     W
 5   3.9   8.6   08:30   0.3   21:17  14.4   0.0  12.9  12.7  45.0   08:38     W
 6   0.9   2.7   12:42  -0.1   08:54  17.4   0.0   0.0   3.8  20.6   05:51   WNW
 7   5.1   9.1   23:23   0.2   00:00  13.2   0.0   2.4   4.2  19.7   23:52     W
 8  10.5  12.0   22:58   8.5   05:42   7.8   0.0   6.3   9.6  23.5   17:53   WSW
 9  11.1  13.3   12:27   9.1   23:40   7.2   0.0   0.0   7.2  27.3   02:56   WSW
10  10.4  12.8   12:30   8.7   05:16   7.9   0.0   0.0   6.5  25.1   12:11    SW
11   9.3  11.9   00:00   4.3   17:57   9.0   0.0   0.0   4.3  20.6   03:19     S
12  12.1  13.2   11:52   9.2   06:24   6.2   0.0   0.6   7.5  28.9   03:45   SSW
13  10.8  13.5   01:16   6.1   22:02   7.5   0.0   1.5   7.9  28.9   23:35   SSW
14   8.2  10.8   18:01   3.7   07:07  10.1   0.0   8.4  11.9  40.3   15:53   SSW
15   7.8  11.4   23:09   4.1   05:21  10.5   0.0  12.3   8.4  41.8   12:38    SW
16   5.9   9.1   00:00   4.4   07:33  12.4   0.0   6.6   8.1  22.1   00:12   WSW
17   4.8   8.2   13:20   0.9   08:44  13.5   0.0   1.2   6.2  19.7   00:45   SSW
18   7.7  10.5   18:38   3.6   01:07  10.6   0.0  13.8  10.0  36.5   21:07     S
19   3.8   6.3   00:00   2.5   16:21  14.5   0.0   1.2   9.1  30.4   03:11    SW
20   7.0  10.9   22:20   3.2   04:43  11.3   0.0  12.0  11.1  34.9   16:26    SW
21   6.5  10.4   00:00   0.9   18:48  11.8   0.0  18.0   8.7  28.9   01:30    SW
22   3.7   5.3   04:10   2.3   15:59  14.6   0.0   0.9  10.0  34.2   13:12   WSW
23   5.3   9.6   15:21   1.4   12:48  13.0   0.0  29.7   8.6  34.2   22:38   SSW
24   4.8   8.9   01:46   2.8   13:50  13.5   0.0   6.3  13.9  41.8   07:54   SSW
25   5.5   7.8   13:09   4.3   08:38  12.8   0.0   0.0  10.2  32.7   00:47    SW
26   3.9   9.3   12:18   0.0   09:26  14.4   0.0   2.4   3.7  32.0   23:20   SSW
27   5.9   7.7   03:58   2.6   00:36  12.4   0.0  35.4  15.6  40.3   03:51   SSW
28   4.9   6.1   12:30   3.7   09:21  13.4   0.0   3.3   9.6  32.0   00:09   WSW
29   5.2   7.8   23:53   3.6   15:42  13.1   0.0   3.0   5.5  21.3   23:36    SW
30   6.8  10.6   06:14   1.9   23:37  11.5   0.0  25.5   9.1  28.9   05:57   SSW
31   5.4   7.4   10:57   2.3   00:34  12.9   0.0   1.5   6.0  23.5   20:57     S
----------------------------------------------------------------------------------
     6.5  13.5    13    -1.2     2   367.3   0.0 208.5   8.0  45.0     5      SW

Max >=  27.0:  0
Max <=   0.0:  0
Min <=   0.0:  4
Min <= -18.0:  0
Max Rain: 35.4 on day 27
Days of Rain: 24 (>= 0.2 mm)  17 (>= 2.0 mm)  3 (>= 20.0 mm)
Heat Base: 18.3  Cool Base: 18.3  Method: Integration

 

XHTML 1.1 | CSS