GeoURL
free counters
Scottish Weather Network UK Weather Network Cumulus Top Weather Sites

Peebles Weather - NOAA Style Reports

Raw Data, Raw Data Expanded

Ignore low humidity and Dew Point values. Something wrong with the sensor.
Daytime temperatures are in direct sunlight so may be higher than official air temperature values.
As with any other website, we log your IP address and browser type in the server logs for diagnostic reasons. Cookies are used to record visit time and gauges preferences. No personal information is stored or processed.

All times are in local time (GMT, or BST in summer) unless specified.

2020/07/09 16:50 EGPH 091650Z VRB03KT 4900 RA BKN032 OVC049 13/11 Q1014
15.2 0.0 0.0 0.0 2.6 mph 4.5 mph 1009.4 72% X-Ray Solar Flare Level
Planetary K-Index
Planetary K-Index History
Station Warn Rain Snow Flood Wind Ltng Heat Cold Glob Moon Temp Rain 1h Rain Thu Rain 24h Wind 10m Gust Pressure Hum Proton Levels
Lost sensor contact!!!
m Waning Gibbous Cool F1-SW F: A: Kp:0 SSN:0

NOAA Reports


Report for 2013 May
                   Monthly Climatological Summary for May 2013

Name: Kittlegairy Road   City: Peebles   State: Scottish Borders
Elevation: 517 ft  Lat: N 55 38' 27"   Lon: W 003 10' 15"

                  Temperature (C), Rain (mm), Wind Speed (mph)

                                      Heat  Cool        Avg
    Mean                              Deg   Deg         Wind                 Dom
Day Temp  High   Time   Low    Time   Days  Days  Rain  Speed High   Time    Dir
----------------------------------------------------------------------------------
 1   8.4  14.4   17:28   1.7   23:59   9.9   0.0   1.5   5.5  16.8   15:09    SW
 2   7.4  16.6   15:59  -2.2   05:18  10.9   0.0   0.0   4.4  19.7   20:52     S
 3  10.2  12.7   13:11   6.3   23:59   8.1   0.0   8.4   6.7  20.6   18:42    SW
 4   8.3  13.9   13:20   2.5   05:18  10.0   0.0   0.0   6.7  20.6   13:30    SW
 5  12.5  18.1   16:17   8.7   06:30   5.8   0.0   0.0   5.8  19.0   05:10   SSW
 6  12.3  19.7   14:46   6.8   23:42   6.0   0.0   0.0   3.3  14.5   13:54    SW
 7  13.8  25.6   15:13   2.3   04:49   6.0   1.5   0.0   3.0  13.0   13:54     S
 8  11.8  16.4   16:43   8.4   23:39   6.5   0.0   2.4   5.8  21.3   20:24     S
 9   8.9  13.3   11:48   6.6   04:49   9.4   0.0   4.5   5.1  20.6   14:45     S
10   9.3  14.3   13:07   6.0   23:23   9.0   0.0   6.6   4.6  16.8   18:29   WSW
11   7.8  10.5   14:59   5.4   00:57  10.5   0.0   2.4   6.0  17.4   14:55   WSW
12   9.0  14.2   14:41   5.1   23:47   9.3   0.0   2.4   5.9  21.3   14:47   WSW
13   6.4  12.0   15:31   1.4   03:24  11.9   0.0   8.1   9.0  24.4   18:27   WSW
14   8.0  13.2   13:11   2.0   23:55  10.3   0.0   1.5   7.6  58.6   01:46    SW
15   6.0  13.8   16:14  -0.3   03:53  12.3   0.0   1.5   4.2  21.3   12:54    NW
16   8.7  18.2   17:28   1.7   05:56   9.6   0.0   0.0   3.6  13.6   10:59     S
17  10.4  19.0   17:32   1.2   04:08   7.9   0.0   0.0   2.9  13.6   13:50   NNW
18   9.6  11.5   11:08   7.8   03:39   8.7   0.0   8.4   4.5  23.5   13:09    NW
19  12.1  18.3   19:11   8.4   04:49   6.2   0.0   0.0   2.1   6.9   13:18     W
20  15.4  21.3   18:53  11.9   04:40   3.4   0.5   5.7   2.0   8.3   17:58   WSW
21  12.2  18.5   12:53   7.4   04:36   6.1   0.0   0.0   2.1   8.3   12:13   WNW
22  10.6  16.3   14:51   4.9   23:56   7.7   0.0   0.0   5.6  19.7   16:47   WNW
23   6.6  11.5   15:23   3.2   02:46  11.7   0.0   0.0   7.0  19.7   10:33    NW
24   8.2  13.8   18:29   2.3   23:51  10.1   0.0   4.2   6.1  21.3   08:10     N
25  10.6  21.6   15:49  -1.4   04:41   8.0   0.4   0.0   2.4  11.4   17:15   WNW
26  10.6  18.0   18:40   1.2   04:26   7.7   0.0   0.0   2.7  15.9   18:33    SW
27  10.2  13.7   17:34   8.2   01:46   8.1   0.0   2.4   5.9  26.6   06:40   SSW
28  11.0  16.9   15:23   5.6   23:59   7.3   0.0   1.5   2.8  10.7   07:53   WSW
29  11.0  15.8   20:07   2.6   03:23   7.3   0.0   0.0   2.6  14.5   12:32     W
30  14.7  23.5   19:10   8.5   23:51   3.9   0.2   0.0   3.3  13.6   08:29   NNW
31  13.2  21.5   12:56   7.2   04:35   5.4   0.3   0.0   3.1  15.2   19:58     W
----------------------------------------------------------------------------------
    10.2  25.6     7    -2.2     2   255.0   2.9  61.5   4.6  58.6    14     WSW

Max >=  27.0:  0
Max <=   0.0:  0
Min <=   0.0:  3
Min <= -18.0:  0
Max Rain: 8.4 on day 3
Days of Rain: 15 (>= 0.2 mm)  11 (>= 2.0 mm)  0 (>= 20.0 mm)
Heat Base: 18.3  Cool Base: 18.3  Method: Integration

 

XHTML 1.1 | CSS