GeoURL
free counters
Scottish Weather Network UK Weather Network Cumulus Top Weather Sites

Peebles Weather - NOAA Style Reports

Raw Data, Raw Data Expanded

Ignore low humidity and Dew Point values. Something wrong with the sensor.
Daytime temperatures are in direct sunlight so may be higher than official air temperature values.
As with any other website, we log your IP address and browser type in the server logs for diagnostic reasons. Cookies are used to record visit time and gauges preferences. No personal information is stored or processed.

All times are in local time (GMT, or BST in summer) unless specified.

2020/07/07 11:20 EGPH 071120Z 25009KT 9999 FEW024 SCT047 14/09 Q1016
16.4 0.0 0.0 0.0 3.1 mph 5.4 mph 1011.9 59% X-Ray Solar Flare Level
Planetary K-Index
Planetary K-Index History
Station Warn Rain Snow Flood Wind Ltng Heat Cold Glob Moon Temp Rain 1h Rain Tue Rain 24h Wind 10m Gust Pressure Hum Proton Levels

m Waning Gibbous Comfortable F1-WSW F: A: Kp:0 SSN:0

NOAA Reports


Report for 2013 Apr
                   Monthly Climatological Summary for Apr 2013

Name: Kittlegairy Road   City: Peebles   State: Scottish Borders
Elevation: 517 ft  Lat: N 55 38' 27"   Lon: W 003 10' 15"

                  Temperature (C), Rain (mm), Wind Speed (mph)

                                      Heat  Cool        Avg
    Mean                              Deg   Deg         Wind                 Dom
Day Temp  High   Time   Low    Time   Days  Days  Rain  Speed High   Time    Dir
----------------------------------------------------------------------------------
 1   2.0   8.7   15:11  -2.1   01:14  16.3   0.0   0.0   4.1  16.8   16:24   WSW
 2   2.2   8.8   14:39  -3.8   06:49  16.1   0.0   0.0   2.8  12.1   14:32     N
 3   1.7  11.5   14:59  -5.7   06:16  16.6   0.0   0.0   2.1  13.0   15:15     N
 4   3.9  10.3   15:13  -2.9   06:41  14.4   0.0   0.6   4.1  15.2   14:28   NNE
 5   2.6   5.7   15:12  -4.0   23:56  15.7   0.0   0.3   3.0  12.1   13:11   NNE
 6   2.2  13.1   15:59  -7.0   05:43  16.1   0.0   0.0   2.2  14.5   14:40     W
 7   3.6  12.9   15:09  -2.2   06:17  14.7   0.0   0.0   2.3   9.8   15:11   WNW
 8   3.5   9.3   14:26   1.0   22:52  14.8   0.0   0.0   4.7  13.6   08:41   WSW
 9   3.0   8.0   13:50  -0.2   06:07  15.3   0.0   0.0   4.3  15.2   12:45   NNW
10   4.2  10.6   15:40   1.3   00:00  14.1   0.0   0.3   2.9   8.3   15:09   WSW
11   4.6   8.6   12:47   2.4   05:57  13.7   0.0   0.0   3.8  13.0   14:40    SW
12   5.1  11.1   12:31   2.1   01:29  13.3   0.0   2.4   3.1   9.8   03:14    SW
13   8.2  14.1   14:10   3.7   00:31  10.1   0.0   0.0   3.7  18.3   19:27   SSW
14  11.5  13.7   14:55   9.8   00:25   6.8   0.0  14.1  17.4  40.3   22:39   SSW
15  10.8  14.3   13:07   8.6   23:34   7.5   0.0   3.6  10.6  34.9   00:15   SSW
16   9.7  13.1   15:41   6.8   23:42   8.6   0.0   6.6  12.6  34.9   10:41   SSW
17   8.4  14.7   14:07   2.0   03:55   9.9   0.0   9.3  11.8  45.6   12:48   SSE
18   8.3  11.6   14:39   6.4   23:45  10.0   0.0   6.9  10.8  34.2   11:07   SSW
19   8.1  17.2   15:13   1.6   06:36  10.2   0.0   1.2   2.6  10.7   00:21    SW
20   8.5  13.3   10:56   1.3   01:19   9.8   0.0   0.0   5.8  19.0   16:13     S
21   8.9  14.7   16:12   5.7   22:55   9.4   0.0   0.6   6.8  19.0   10:32     S
22   8.7  13.3   13:53   5.3   04:36   9.5   0.0   0.0   8.5  25.9   10:35   SSW
23   9.7  13.6   17:14   7.3   06:41   8.6   0.0   0.0   9.5  23.5   14:19    SW
24  10.6  14.4   15:52   6.4   23:19   7.7   0.0   3.3   6.7  22.1   06:19    SW
25   6.9  11.9   15:43   2.5   09:11  11.4   0.0   1.5   3.2  15.2   16:26    SW
26   5.4  11.6   17:57   1.9   22:29  12.9   0.0   5.7   5.2  17.4   15:53   WSW
27   6.8  14.0   16:07   2.5   00:00  11.5   0.0   0.9   4.3  15.9   07:43     W
28   6.7  10.9   15:18   3.7   22:47  11.6   0.0   2.7   8.2  19.7   11:42    SW
29   7.8  13.1   15:38   4.6   00:00  10.5   0.0   0.3   8.8  24.4   11:37   WSW
30   8.6  17.2   15:33   2.5   06:11   9.7   0.0   0.0   3.2  14.5   17:14    SW
----------------------------------------------------------------------------------
     6.4  17.2    19    -7.0     6   356.8   0.0  60.3   6.0  45.6    17      SW

Max >=  27.0:  0
Max <=   0.0:  0
Min <=   0.0:  8
Min <= -18.0:  0
Max Rain: 14.1 on day 14
Days of Rain: 17 (>= 0.2 mm)  9 (>= 2.0 mm)  0 (>= 20.0 mm)
Heat Base: 18.3  Cool Base: 18.3  Method: Integration

 

XHTML 1.1 | CSS