GeoURL
free counters
Scottish Weather Network UK Weather Network Cumulus Top Weather Sites

Peebles Weather - NOAA Style Reports

Raw Data, Raw Data Expanded

Ignore low humidity and Dew Point values. Something wrong with the sensor.
Daytime temperatures are in direct sunlight so may be higher than official air temperature values.
As with any other website, we log your IP address and browser type in the server logs for diagnostic reasons. Cookies are used to record visit time and gauges preferences. No personal information is stored or processed.

All times are in local time (GMT, or BST in summer) unless specified.

2020/07/09 15:50 EGPH 091550Z 01006KT 330V040 5000 -RA FEW018 BKN037 13/12 Q1013
20.1 0.0 0.0 0.0 4.0 mph 6.0 mph 1008.3 50% X-Ray Solar Flare Level
Planetary K-Index
Planetary K-Index History
Station Warn Rain Snow Flood Wind Ltng Heat Cold Glob Moon Temp Rain 1h Rain Thu Rain 24h Wind 10m Gust Pressure Hum Proton Levels
Lost sensor contact!!!
m Waning Gibbous Comfortable F1-S F: A: Kp:0 SSN:0

NOAA Reports


Report for 2012 Sep
                   Monthly Climatological Summary for Sep 2012

Name: Kittlegairy Road   City: Peebles   State: Scottish Borders
Elevation: 526 ft  Lat: N 55 38' 27"   Lon: W 003 10' 16"

                  Temperature (C), Rain (mm), Wind Speed (mph)

                                      Heat  Cool        Avg
    Mean                              Deg   Deg         Wind                 Dom
Day Temp  High   Time   Low    Time   Days  Days  Rain  Speed High   Time    Dir
----------------------------------------------------------------------------------
 1  15.8  20.9   15:41  13.7   00:00   2.6   0.1   0.3   4.7  20.6   10:16   WSW
 2  15.8  22.1   14:58  12.8   07:08   2.7   0.3   0.3   2.9  11.4   12:26     W
 3  17.7  25.3   14:27  13.4   00:50   1.9   1.4   0.3   4.2  18.3   23:08     W
 4  15.3  19.6   12:59  11.5   23:28   3.1   0.1   0.6   6.5  19.7   14:40     W
 5  13.5  21.5   15:31   7.8   23:26   5.0   0.3   0.0   4.0  18.3   10:53     W
 6  12.4  19.1   11:56   5.4   02:35   5.9   0.0   1.8   4.6  19.0   09:07     W
 7  16.3  19.9   13:33  14.7   00:11   2.1   0.1   1.8   4.1  13.0   07:19     W
 8  16.1  21.6   11:31   6.0   23:54   2.7   0.6   0.0   2.4  14.5   00:35     W
 9  13.3  18.5   11:49   4.7   04:16   5.0   0.0   7.2   4.2  23.5   19:19    SW
10  12.8  15.4   00:18   8.2   23:26   5.5   0.0  23.4   2.3  10.7   03:45   WSW
11   9.5  16.3   16:07   5.0   04:31   8.8   0.0   1.5   4.0  15.2   14:31     W
12  11.2  18.0   16:59   7.3   23:18   7.1   0.0   2.1   3.2  15.2   12:12     W
13  11.4  16.1   17:48   5.0   02:57   6.9   0.0   0.9   5.5  28.9   20:14     W
14  12.6  17.1   15:29  10.7   08:54   5.7   0.0   0.3   8.5  23.5   01:39     W
15  13.6  18.7   12:35  10.4   06:17   4.7   0.0   0.0   4.9  18.3   17:58     W
16  13.0  19.4   14:18   8.8   23:22   5.3   0.0   0.0   5.4  16.8   09:26     W
17  10.8  17.2   14:28   7.0   22:55   7.5   0.0  15.0   4.5  22.8   09:11   WSW
18   9.4  16.3   15:25   6.2   22:53   8.9   0.0   0.9   4.0  15.2   15:11     W
19   8.2  16.3   14:30   2.5   07:16  10.1   0.0   1.5   2.2  12.1   15:56     W
20   8.1  11.9   12:17   5.3   01:49  10.2   0.0  47.1   0.9   9.2   22:57    SW
21   8.3  17.5   15:29   1.6   23:51  10.0   0.0   0.3   1.7   8.3   04:09     N
22   6.7  19.9   15:43  -0.5   02:59  11.6   0.0   0.0   0.6   4.5   14:13     W
23   7.3  16.4   16:38  -0.5   06:21  11.0   0.0   0.3   2.2   8.3   14:08    SW
24   9.5  10.6   12:30   7.8   00:40   8.8   0.0  15.6  10.5  25.9   14:00   NNE
25  10.0  11.5   11:51   7.8   08:30   8.3   0.0  31.8  11.3  41.8   05:43   NNE
26  11.3  16.2   16:34   7.7   21:39   7.0   0.0   5.4   4.3  19.0   00:22   NNE
27  10.4  15.3   11:29   7.6   00:37   7.9   0.0   0.6   1.8  12.1   23:53     W
28  10.8  15.3   14:50   7.4   22:24   7.5   0.0   0.9   5.5  22.1   14:52     W
29  10.4  15.5   14:13   7.9   00:32   7.9   0.0   0.6   5.9  18.3   17:20     W
30  13.4  19.0   16:26  11.3   01:44   4.9   0.0  16.8   6.0  18.3   10:32   WSW
----------------------------------------------------------------------------------
    11.8  25.3     3    -0.5    22   196.6   2.9 177.3   4.4  41.8    25       W

Max >=  27.0:  0
Max <=   0.0:  0
Min <=   0.0:  2
Min <= -18.0:  0
Max Rain: 47.1 on day 20
Days of Rain: 25 (>= 0.2 mm)  9 (>= 2.0 mm)  3 (>= 20.0 mm)
Heat Base: 18.3  Cool Base: 18.3  Method: Integration

 

XHTML 1.1 | CSS