GeoURL
free counters
Scottish Weather Network UK Weather Network Cumulus Top Weather Sites

Peebles Weather - NOAA Style Reports

Raw Data, Raw Data Expanded

Ignore low humidity and Dew Point values. Something wrong with the sensor.
Daytime temperatures are in direct sunlight so may be higher than official air temperature values.
As with any other website, we log your IP address and browser type in the server logs for diagnostic reasons. Cookies are used to record visit time and gauges preferences. No personal information is stored or processed.

All times are in local time (GMT, or BST in summer) unless specified.

2020/07/02 12:20 EGPH 021220Z 03006KT CAVOK 14/09 Q1011
16.8 0.0 0.0 0.3 1.5 mph 3.1 mph 1006.9 57% X-Ray Solar Flare Level
Planetary K-Index
Planetary K-Index History
Station Warn Rain Snow Flood Wind Ltng Heat Cold Glob Moon Temp Rain 1h Rain Thu Rain 24h Wind 10m Gust Pressure Hum Proton Levels
Lost sensor contact!!! Rain
m Waxing Gibbous Comfortable F1-NNE F: A: Kp:0 SSN:0

NOAA Reports


Report for 2012 Jul
                   Monthly Climatological Summary for Jul 2012

Name: Kittlegairy Road   City: Peebles   State: Scottish Borders
Elevation: 526 ft  Lat: N 55 38' 27"   Lon: W 003 10' 16"

                  Temperature (C), Rain (mm), Wind Speed (mph)

                                      Heat  Cool        Avg
    Mean                              Deg   Deg         Wind                 Dom
Day Temp  High   Time   Low    Time   Days  Days  Rain  Speed High   Time    Dir
----------------------------------------------------------------------------------
 1  13.3  17.8   13:25   8.5   00:00   4.9   0.0   0.3   2.6  14.5   15:40   WSW
 2  13.9  17.7   16:35  10.6   01:32   4.4   0.0   4.2   1.4   6.9   15:57   SSW
 3  16.2  21.1   16:57  13.3   05:36   2.3   0.2   1.8   1.8  13.0   13:49   SSW
 4  17.9  25.4   15:33  14.8   00:00   1.4   1.0   6.6   1.4   7.6   15:51    SW
 5  19.1  27.1   17:08  14.5   05:09   1.2   2.0   0.0   2.0  13.0   17:54   WNW
 6  16.3  22.6   12:39  14.0   06:07   2.2   0.3   2.4   4.8  16.8   23:34   NNE
 7  13.6  15.1   16:14  11.8   23:57   4.7   0.0  17.7   6.2  18.3   09:25   NNE
 8  14.2  18.2   12:37  11.2   04:30   4.1   0.0   0.0   1.5   7.6   13:57     W
 9  12.5  14.3   13:40  10.3   23:53   5.8   0.0  17.7   1.3   6.0   16:26   WSW
10  11.5  14.1   16:08   9.9   04:00   6.8   0.0  26.4   1.0   5.4   10:45    SW
11  11.0  13.2   10:39   9.7   23:45   7.3   0.0  22.5   0.5   4.5   11:53    SW
12  13.0  19.9   14:17   9.0   04:13   5.4   0.0   3.6   1.5   7.6   13:16   WNW
13  11.7  14.2   14:59   9.1   04:47   6.6   0.0   1.2   1.8   7.6   10:38   WSW
14  11.9  20.1   12:40   8.4   01:17   6.4   0.0  12.9   0.7   5.4   13:11     N
15  12.4  19.5   16:08   5.4   03:36   5.9   0.0   0.0   4.6  19.0   15:09   WSW
16  13.6  19.5   12:53   7.3   04:45   4.7   0.0   0.0   1.7   9.2   10:19     W
17  13.9  20.5   13:08   6.7   05:40   4.5   0.1   4.5   1.7   8.3   14:09     W
18  13.9  17.6   11:35  10.2   23:48   4.4   0.0  33.6   2.7  15.2   10:17     W
19  13.4  22.0   15:59   8.9   05:07   5.1   0.2   0.3   1.8  10.7   10:27    NW
20  13.2  19.5   12:21   6.6   05:22   5.2   0.0   0.0   1.0   7.6   15:26   NNW
21  13.7  20.4   13:10   5.0   05:17   4.8   0.2   0.0   2.3  11.4   15:17     W
22  16.8  20.9   11:10  12.5   00:50   1.8   0.3   0.0   7.2  28.2   16:08   WSW
23  16.8  19.3   12:17  13.4   23:44   1.6   0.0   0.0   2.4  15.9   00:33   WSW
24  16.5  24.6   17:11  13.2   03:23   2.4   0.7   0.3   0.9   8.3   18:32     W
25  16.9  26.8   15:49   9.8   05:11   3.1   1.7   0.0   1.4   6.9   16:35     W
26  14.5  21.7   12:17   9.7   23:57   3.9   0.1   1.5   2.1   9.2   09:59   WNW
27  13.1  18.7   12:29   7.2   04:14   5.2   0.0   0.3   4.4  17.4   19:20   WSW
28  13.4  20.0   14:50  10.4   02:47   5.0   0.0   4.2   4.2  15.2   10:40   WSW
29  12.7  18.1   14:30   9.8   23:38   5.6   0.0  12.0   3.5  15.9   15:16   WSW
30  12.3  18.6   17:43   8.5   23:58   6.0   0.0   2.1   2.9  13.6   11:23     W
31  13.4  22.4   16:26   4.2   05:48   5.4   0.5   0.9   2.3  13.0   17:30   SSW
----------------------------------------------------------------------------------
    14.1  27.1     5     4.2    31   138.1   7.3 177.0   2.4  28.2    22       W

Max >=  27.0:  1
Max <=   0.0:  0
Min <=   0.0:  0
Min <= -18.0:  0
Max Rain: 33.6 on day 18
Days of Rain: 22 (>= 0.2 mm)  14 (>= 2.0 mm)  3 (>= 20.0 mm)
Heat Base: 18.3  Cool Base: 18.3  Method: Integration

 

XHTML 1.1 | CSS