GeoURL
free counters
Scottish Weather Network UK Weather Network Cumulus Top Weather Sites

Peebles Weather - NOAA Style Reports

Raw Data, Raw Data Expanded

Ignore low humidity and Dew Point values. Something wrong with the sensor.
Daytime temperatures are in direct sunlight so may be higher than official air temperature values.
As with any other website, we log your IP address and browser type in the server logs for diagnostic reasons. Cookies are used to record visit time and gauges preferences. No personal information is stored or processed.

All times are in local time (GMT, or BST in summer) unless specified.

2020/07/02 11:20 EGPH 021120Z 05006KT CAVOK 15/09 Q1011
17.4 0.0 0.0 0.3 2.2 mph 2.2 mph 1006.9 52% X-Ray Solar Flare Level
Planetary K-Index
Planetary K-Index History
Station Warn Rain Snow Flood Wind Ltng Heat Cold Glob Moon Temp Rain 1h Rain Thu Rain 24h Wind 10m Gust Pressure Hum Proton Levels
Lost sensor contact!!! Rain
m Waxing Gibbous Comfortable F1-S F: A: Kp:0 SSN:0

NOAA Reports


Report for 2012 Mar
                   Monthly Climatological Summary for Mar 2012

Name: Kittlegairy Road   City: Peebles   State: Scottish Borders
Elevation: 526 ft  Lat: N 55 38' 27"   Lon: W 003 10' 16"

                  Temperature (C), Rain (mm), Wind Speed (mph)

                                      Heat  Cool        Avg
    Mean                              Deg   Deg         Wind                 Dom
Day Temp  High   Time   Low    Time   Days  Days  Rain  Speed High   Time    Dir
----------------------------------------------------------------------------------
 1  10.2  16.3   14:27   8.0   03:58   8.1   0.0   0.0   5.5  17.4   04:47   WSW
 2   7.6  13.6   14:28   2.4   07:40  10.7   0.0   2.1   2.4   7.6   14:33   WSW
 3   6.5  13.2   14:48   2.0   22:55  11.8   0.0   4.2   4.6  19.0   12:38   WSW
 4   2.6   7.9   14:52  -1.7   22:27  15.7   0.0   8.4   2.6  14.5   14:56   WNW
 5   2.5  11.9   13:59  -3.2   23:20  15.9   0.0   0.3   2.3   9.8   12:40    NW
 6   3.2   8.5   22:59  -4.2   05:14  15.1   0.0   0.0   6.3  37.4   15:41    SW
 7   5.7  11.4   03:40   1.8   16:47  12.6   0.0   6.0   9.6  35.8   00:39     W
 8   6.9  10.0   12:25   2.7   03:07  11.4   0.0   0.6   8.2  21.3   00:44     W
 9  10.4  14.5   12:28   7.2   22:07   7.9   0.0   0.0  10.3  27.3   06:22     W
10   8.7   9.6   12:56   7.7   00:00   9.6   0.0   0.0   7.8  22.1   02:51   WNW
11   9.0  12.7   13:47   7.8   01:08   9.3   0.0   0.0   7.0  19.0   11:50   WNW
12   8.0  10.7   13:16   6.1   23:48  10.3   0.0   0.0   5.5  13.6   00:21   WNW
13   7.2   9.3   15:14   6.0   04:53  11.1   0.0   0.0   3.4   9.8   07:24   WNW
14   6.6  10.4   13:07   1.0   23:56  11.7   0.0   0.0   3.3  13.6   12:45     W
15   5.5  13.8   16:25  -2.3   06:21  12.8   0.0   0.0   2.6  13.6   12:38    NW
16   9.0  12.2   09:53   6.2   22:50   9.3   0.0  15.0   4.6  20.6   05:27   WSW
17   5.9  14.0   14:09  -1.8   23:50  12.4   0.0   1.5   3.0  12.1   03:55     W
18   4.0  13.2   15:27  -3.5   05:36  14.3   0.0   0.0   3.0  13.0   13:16   WNW
19   7.6  11.3   15:28   3.1   01:57  10.7   0.0   0.3   7.5  22.8   13:25     W
20  10.8  13.9   15:24   9.7   03:22   7.5   0.0   2.7   7.5  24.4   04:07     W
21   9.8  17.0   13:31   1.1   23:52   8.5   0.0   0.0   4.6  14.5   00:55     W
22   7.6  20.0   14:53  -2.2   06:07  10.8   0.1   0.0   2.4  10.7   10:24     W
23   8.9  16.5   13:48   4.1   02:47   9.4   0.0   0.0   3.7  11.4   14:29   WSW
24  10.1  22.1   15:17   3.2   06:22   8.5   0.3   0.0   1.6   9.2   13:18     W
25  11.4  25.6   15:54   2.0   04:11   7.9   1.3   0.0   1.6   9.2   14:12   WSW
26  10.9  28.0   15:59  -0.5   07:07   9.2   1.8   0.0   0.8   6.9   17:59   WSW
27  10.4  25.1   14:07  -1.6   07:10   9.4   1.5   0.0   1.2   9.2   15:31   WNW
28  10.2  21.7   15:39  -1.0   06:43   8.5   0.4   0.0   2.9  15.2   17:15   WNW
29  11.1  19.2   14:59   5.8   03:43   7.3   0.0   0.0   4.4  15.9   14:59     W
30  10.6  17.4   15:19   6.4   23:57   7.7   0.0   0.0   5.4  16.8   16:48   WNW
31   6.8  15.3   17:44   1.2   23:59  11.5   0.0   0.0   2.2   9.2   10:14    NW
----------------------------------------------------------------------------------
     7.9  28.0    26    -4.2     6   326.9   5.4  41.1   4.4  37.4     6       W

Max >=  27.0:  1
Max <=   0.0:  0
Min <=   0.0: 10
Min <= -18.0:  0
Max Rain: 15.0 on day 16
Days of Rain: 10 (>= 0.2 mm)  6 (>= 2.0 mm)  0 (>= 20.0 mm)
Heat Base: 18.3  Cool Base: 18.3  Method: Integration

 

XHTML 1.1 | CSS