GeoURL
free counters
Scottish Weather Network UK Weather Network Cumulus Top Weather Sites

Peebles Weather - NOAA Style Reports

Raw Data, Raw Data Expanded

Ignore low humidity and Dew Point values. Something wrong with the sensor.
Daytime temperatures are in direct sunlight so may be higher than official air temperature values.
As with any other website, we log your IP address and browser type in the server logs for diagnostic reasons. Cookies are used to record visit time and gauges preferences. No personal information is stored or processed.

All times are in local time (GMT, or BST in summer) unless specified.

2020/07/09 16:50 EGPH 091650Z VRB03KT 4900 RA BKN032 OVC049 13/11 Q1014
18.2 0.0 0.0 0.0 2.4 mph 3.8 mph 1008.5 56% X-Ray Solar Flare Level
Planetary K-Index
Planetary K-Index History
Station Warn Rain Snow Flood Wind Ltng Heat Cold Glob Moon Temp Rain 1h Rain Thu Rain 24h Wind 10m Gust Pressure Hum Proton Levels
Lost sensor contact!!!
m Waning Gibbous Comfortable F1-SE F: A: Kp:0 SSN:0

NOAA Reports


Report for 2011 Apr
                   Monthly Climatological Summary for Apr 2011

Name:     City:     State:  
Elevation: 526 ft  Lat: N 55 38' 27"   Lon: W 003 10' 15"

                  Temperature (C), Rain (mm), Wind Speed (mph)

                                      Heat  Cool        Avg
    Mean                              Deg   Deg         Wind                 Dom
Day Temp  High   Time   Low    Time   Days  Days  Rain  Speed High   Time    Dir
----------------------------------------------------------------------------------
 1  12.3  17.6   12:34   8.7   00:57   6.0   0.0   0.9   8.8  28.2   13:37   WNW
 2  11.1  16.6   15:33   6.8   10:29   7.2   0.0   8.1   8.6  35.8   00:16    NW
 3   9.2  16.1   13:23   5.1   21:52   9.1   0.0   0.3   4.4  17.4   16:25   NNW
 4   8.9  15.1   16:21   5.0   05:29   9.4   0.0   1.8   6.9  19.0   13:47    NW
 5  13.2  18.7   16:38  10.4   03:59   5.1   0.0   9.9   9.7  28.2   19:19    NW
 6  15.0  19.7   14:11  12.5   23:38   3.3   0.0   8.1  10.3  27.3   16:14   NNW
 7  10.3  15.1   16:27   6.7   23:41   8.0   0.0   0.0   6.4  18.3   14:54   NNW
 8  11.1  20.4   16:07   6.2   01:08   7.2   0.0   0.0   3.5  12.1   05:30     N
 9  14.1  24.9   15:00   6.4   00:15   4.2   0.0   2.4   2.6   9.8   11:57     N
10  14.5  24.7   16:41   6.9   05:07   3.8   0.0   0.0   1.7  12.1   17:28   NNW
11  11.3  15.7   16:13   4.2   23:42   7.0   0.0   0.6   4.9  21.3   16:59   NNW
12   8.1  13.9   17:14   3.9   23:54  10.2   0.0   0.0   5.3  17.4   15:11   NNW
13   8.1  11.2   15:32   3.9   00:20  10.2   0.0   0.0   4.0  15.9   14:38    NW
14  10.8  15.6   13:23   7.8   05:39   7.5   0.0   0.0   2.2  11.4   00:53   NNW
15  10.3  17.2   15:15   6.2   03:49   8.0   0.0   0.3   1.8   9.8   15:30    NW
16   9.7  13.2   14:08   7.0   23:09   8.6   0.0   0.0   3.6  13.6   12:44   NNW
17  11.6  21.1   15:45   5.1   05:57   6.7   0.0   0.6   2.6   9.2   13:29   NNW
18  10.8  18.6   12:30   2.2   04:17   7.5   0.0   0.0   0.9   6.0   16:12    NW
19  12.9  22.0   13:59   5.1   23:55   5.4   0.0   0.6   1.3   9.2   14:29   NNW
20  11.7  23.7   12:12   1.2   05:57   6.6   0.0   0.0   1.2  10.7   12:20   NNW
21  14.9  25.4   15:36   5.6   06:11   3.4   0.0   0.0   2.1   7.6   15:07   NNW
22  13.6  24.7   15:10   4.7   06:10   4.7   0.0   0.0   3.4   9.2   12:57     N
23  10.2  14.3   11:07   2.4   23:59   8.1   0.0   4.2   1.4  10.7   11:14   NNW
24  10.1  22.0   15:19   0.1   05:33   8.2   0.0   0.3   1.7  13.6   13:42   NNW
25  11.4  18.3   17:07   5.7   23:58   6.9   0.0   0.6   2.2   9.2   12:30     N
26   9.2  18.6   13:54   0.7   06:08   9.1   0.0   1.5   1.8   9.8   17:46   NNW
27   9.9  21.0   17:12   1.4   06:23   8.4   0.0   0.0   2.0   8.3   11:23   NNE
28   9.3  20.1   14:51  -1.4   05:59   9.0   0.0   0.0   1.9  11.4   15:25    NW
29   9.3  19.7   13:35  -0.4   05:07   9.0   0.0   0.3   2.8  11.4   18:31   NNW
30  12.5  19.3   15:16   4.7   05:11   5.8   0.0   0.0   5.2  16.8   16:48   NNW
----------------------------------------------------------------------------------
    11.2  25.4    21    -1.4    28   213.6   0.0  40.5   3.8  35.8     2     NNW

Max >=  27.0:  0
Max <=   0.0:  0
Min <=   0.0:  2
Min <= -18.0:  0
Max Rain: 9.9 on day 5
Days of Rain: 16 (> 0.2 mm)  5 (> 2.0 mm)  0 (> 20.0 mm)
Heat Base: 18.3  Cool Base: 18.3  Method: Integration

 

XHTML 1.1 | CSS