GeoURL
free counters
Scottish Weather Network UK Weather Network Cumulus Top Weather Sites

Peebles Weather - NOAA Style Reports

Raw Data, Raw Data Expanded

Ignore low humidity and Dew Point values. Something wrong with the sensor.
Daytime temperatures are in direct sunlight so may be higher than official air temperature values.
As with any other website, we log your IP address and browser type in the server logs for diagnostic reasons. Cookies are used to record visit time and gauges preferences. No personal information is stored or processed.

All times are in local time (GMT, or BST in summer) unless specified.

2020/07/02 12:50 EGPH 021250Z 04006KT 9999 OVC048 15/09 Q1011
15.9 0.0 0.0 0.3 1.9 mph 3.1 mph 1007.1 59% X-Ray Solar Flare Level
Planetary K-Index
Planetary K-Index History
Station Warn Rain Snow Flood Wind Ltng Heat Cold Glob Moon Temp Rain 1h Rain Thu Rain 24h Wind 10m Gust Pressure Hum Proton Levels
Lost sensor contact!!! Rain
m Waxing Gibbous Cool F1-NE F: A: Kp:0 SSN:0

NOAA Reports


Report for 2011 Feb
                   Monthly Climatological Summary for Feb 2011

Name:     City:     State:  
Elevation: 526 ft  Lat: N 55 38' 27"   Lon: W 003 10' 15"

                  Temperature (C), Rain (mm), Wind Speed (mph)

                                      Heat  Cool        Avg
    Mean                              Deg   Deg         Wind                 Dom
Day Temp  High   Time   Low    Time   Days  Days  Rain  Speed High   Time    Dir
----------------------------------------------------------------------------------
 1   7.2  10.7   12:58   4.2   22:07  11.1   0.0   0.9   7.2  21.3   17:17   NNW
 2   7.7  11.4   14:32   3.8   19:34  10.6   0.0   6.3   9.0  28.2   20:30    NW
 3   4.6   8.0   19:43   1.5   07:20  13.7   0.0  18.9  12.5  34.2   19:35    NW
 4   7.8  12.0   14:12   3.3   03:29  10.5   0.0  11.1  11.8  33.6   02:25   NNW
 5   6.2   8.7   00:00   3.9   08:38  12.1   0.0   2.4   4.9  22.1   00:59   NNW
 6   3.5   5.1   00:30   0.7   20:48  14.8   0.0   5.1   0.3   3.8   00:12   NNE
 7   4.5   9.6   10:32   1.6   00:00  13.8   0.0  12.9   5.9  22.1   07:49   NNW
 8   3.2   6.4   12:55   1.2   21:46  15.1   0.0   0.0   2.5  13.6   01:28     N
 9   7.3  12.9   11:33   3.1   01:07  11.0   0.0   3.6   3.5  15.2   09:17    NW
10   5.4  15.0   13:59  -0.3   23:47  12.9   0.0   1.5   1.6   6.0   02:42   NNW
11   2.1   4.6   19:07  -1.4   02:25  16.2   0.0   4.5   2.7   7.6   08:25     N
12   5.1  13.2   13:59   2.0   22:59  13.2   0.0   6.6   1.6   8.3   14:17   NNW
13   4.7   7.7   15:28   2.1   23:27  13.6   0.0   6.3   2.3  15.9   06:18    NW
14   3.1   9.1   13:24   0.8   22:19  15.2   0.0   2.7   2.1  15.2   20:00   WNW
15   2.1   4.9   14:30  -1.1   06:24  16.2   0.0   4.2   2.4  10.7   20:25    NW
16   3.2   9.8   15:59  -1.1   20:58  15.1   0.0   3.9   0.9   7.6   00:22   NNW
17   1.6   6.2   12:55  -3.0   07:16  16.7   0.0   1.8   1.0   5.4   13:16     N
18   3.4   4.8   13:21   2.0   23:40  14.9   0.0   0.0   3.8  13.0   21:57    NW
19   1.9   2.9   15:12   0.7   07:38  16.4   0.0   3.9   3.5  13.0   04:41   NNW
20   3.1   7.4   13:42   1.9   19:23  15.2   0.0   0.0   3.1  11.4   17:36   NNW
21   2.2   3.5   12:27   1.4   07:32  16.1   0.0   0.0   2.9  12.1   02:20   NNW
22   4.4   7.6   11:45  -0.2   05:14  13.9   0.0   0.3   1.6  14.5   21:11     N
23   9.5  12.3   12:10   6.8   00:07   8.8   0.0   2.7   3.9  19.0   02:39   NNW
24  10.9  17.3   15:54   9.0   20:46   7.4   0.0   0.0   6.1  21.3   17:45    NW
25  10.5  13.7   13:47   7.1   23:10   7.8   0.0   0.3   7.1  21.3   04:11    NW
26   6.8  13.8   15:19   1.6   23:09  11.5   0.0   0.9   2.6  13.6   13:50   NNW
27   4.5   9.5   15:07  -0.2   22:07  13.8   0.0   0.9   2.4  12.1   11:39   NNE
28   2.4  14.6   15:31  -4.0   07:34  15.9   0.0   0.0   0.9   8.3   13:55   NNW
----------------------------------------------------------------------------------
     5.0  36.3    13    -4.0    28   373.5   0.0 101.7   3.9  34.2     3     NNW

Max >=  27.0:  1
Max <=   0.0:  0
Min <=   0.0:  8
Min <= -18.0:  0
Max Rain: 18.9 on day 3
Days of Rain: 22 (> 0.2 mm)  15 (> 2.0 mm)  0 (> 20.0 mm)
Heat Base: 18.3  Cool Base: 18.3  Method: Integration

 

XHTML 1.1 | CSS