GeoURL
free counters
Scottish Weather Network UK Weather Network Cumulus Top Weather Sites

Peebles Weather - NOAA Style Reports

Raw Data, Raw Data Expanded

Ignore low humidity and Dew Point values. Something wrong with the sensor.
Daytime temperatures are in direct sunlight so may be higher than official air temperature values.
As with any other website, we log your IP address and browser type in the server logs for diagnostic reasons. Cookies are used to record visit time and gauges preferences. No personal information is stored or processed.

All times are in local time (GMT, or BST in summer) unless specified.

2019/08/24 10:50 EGPH 241050Z 22009KT CAVOK 21/15 Q1018
24.8 0.0 0.0 0.0 4.7 mph 9.8 mph 1013.6 52% X-Ray Solar Flare Level
Planetary K-Index
Planetary K-Index History
Station Warn Rain Snow Flood Wind Ltng Heat Cold Glob Moon Temp Rain 1h Rain Sat Rain 24h Wind 10m Gust Pressure Hum Proton Levels

0.39 m Waning Crescent Comfortable F2-SSE F: A: Kp:0 SSN:0

NOAA Reports


Report for 2019 Aug
                   Monthly Climatological Summary for Aug 2019

Name: Kittlegairy Road   City: Peebles   State: Scottish Borders
Elevation: 524 ft  Lat: N 55 38' 27"   Lon: W 003 10' 15"

                  Temperature (C), Rain (mm), Wind Speed (mph)

                                      Heat  Cool        Avg
    Mean                              Deg   Deg         Wind                 Dom
Day Temp  High   Time   Low    Time   Days  Days  Rain  Speed High   Time    Dir
----------------------------------------------------------------------------------
 1  18.3  24.7   16:49  14.0   05:20   1.5   1.4   0.0   1.9   9.2   15:21   NNE
 2  16.9  24.1   14:25  10.4   05:32   2.5   1.2   0.0   1.4   8.3   00:28     E
 3  17.6  26.6   13:41   9.3   03:24   2.9   2.3   0.9   1.8   7.6   13:20   ESE
 4  18.6  25.2   14:25  15.1   07:01   1.2   1.5   2.4   2.2   9.2   14:07   ESE
 5  17.6  23.5   16:55  14.4   01:26   1.7   1.0   1.2   3.2  14.5   10:55   SSE
 6  15.5  19.1   12:39  12.3   23:19   2.8   0.0   2.4   1.2   7.6   08:08   ESE
 7  14.5  20.2   14:58  11.6   02:17   3.8   0.1  33.3   1.8  11.4   10:27   WSW
 8  16.8  25.5   14:30  13.0   00:00   2.4   0.9   0.3   1.8   9.2   20:39     E
 9  16.4  23.3   16:30  14.3   00:00   2.3   0.4  25.2   3.8  20.6   09:35    SE
10  17.6  26.2   16:06  13.2   04:19   2.0   1.3   6.6   1.2   8.3   16:58     E
11  13.6  14.9   00:00  10.1   23:50   4.7   0.0  30.6   1.0   9.2   19:13    SE
12  12.7  20.6   16:13   8.4   23:34   5.6   0.0   1.5   1.3   8.3   16:14     S
13  12.2  19.8   14:38   6.9   05:40   6.2   0.0   1.2   1.7  14.5   14:43   WSW
14  12.7  17.1   16:23   6.5   01:31   5.6   0.0   0.9   2.2  14.5   09:42   ENE
15  14.8  20.5   15:49  11.1   22:07   3.6   0.1   3.0   3.2  14.5   10:57   WSW
16  17.2  22.3   17:21  14.7   00:00   1.7   0.6   1.5   5.4  27.3   11:12   SSE
17  15.6  21.1   14:37  11.9   06:17   2.9   0.2   6.3   4.3  17.4   12:41   SSW
18  14.5  18.8   11:50  12.9   00:32   3.8   0.0   3.9   5.2  19.7   01:41    SW
19  14.7  20.0   13:46  12.2   06:30   3.7   0.1   0.3   3.5  14.5   17:33   WSW
20  14.6  21.7   16:30   8.5   23:58   3.9   0.2   0.0   2.0  11.4   14:54    SW
21  13.2  20.2   10:37   7.1   04:18   5.2   0.1   9.6   3.6  22.1   13:41     S
22  15.7  21.1   12:11  10.9   04:08   2.7   0.1   1.2   3.4  17.4   19:56   SSW
23  18.8  26.4   15:32  15.4   03:55   1.1   1.6   0.3   4.0  15.2   12:11     S
----------------------------------------------------------------------------------
    15.7  26.6     3     6.5    14    73.8  13.1 132.6   2.7  27.3    16       S

Max >=  27.0:  0
Max <=   0.0:  0
Min <=   0.0:  0
Min <= -18.0:  0
Max Rain: 33.3 on day 7
Days of Rain: 20 (>= 0.2 mm)  10 (>= 2.0 mm)  3 (>= 20.0 mm)
Heat Base: 18.3  Cool Base: 18.3  Method: Integration

 

XHTML 1.1 | CSS