GeoURL
free counters
Scottish Weather Network UK Weather Network Cumulus Top Weather Sites

Peebles Weather - NOAA Style Reports

Raw Data, Raw Data Expanded

Ignore low humidity and Dew Point values. Something wrong with the sensor.
Daytime temperatures are in direct sunlight so may be higher than official air temperature values.
As with any other website, we log your IP address and browser type in the server logs for diagnostic reasons. Cookies are used to record visit time and gauges preferences. No personal information is stored or processed.

All times are in local time (GMT, or BST in summer) unless specified.

2020/07/09 17:20 EGPH 091720Z 05004KT 9999 -RA FEW016 SCT034 OVC048 12/12 Q1013 RERA
12.9 0.9 0.9 0.9 1.7 mph 3.8 mph 1009.5 89% X-Ray Solar Flare Level
Planetary K-Index
Planetary K-Index History
Station Warn Rain Snow Flood Wind Ltng Heat Cold Glob Moon Temp Rain 1h Rain Thu Rain 24h Wind 10m Gust Pressure Hum Proton Levels
Lost sensor contact!!!
m Waning Gibbous Cool F1-SE F: A: Kp:0 SSN:0

NOAA Reports


Report for 2020 May
                   Monthly Climatological Summary for May 2020

Name: Kittlegairy Road   City: Peebles   State: Scottish Borders
Elevation: 524 ft  Lat: N 55 38' 27"   Lon: W 003 10' 15"

                  Temperature (C), Rain (mm), Wind Speed (mph)

                                      Heat  Cool        Avg
    Mean                              Deg   Deg         Wind                 Dom
Day Temp  High   Time   Low    Time   Days  Days  Rain  Speed High   Time    Dir
----------------------------------------------------------------------------------
 1   9.4  17.9   12:07   4.6   00:02   8.9   0.0   6.0   1.6  13.0   16:19     E
 2  11.2  20.5   16:17   5.8   00:07   7.2   0.1   0.0   2.1   9.8   15:31    NE
 3   8.8  17.8   16:07   2.0   05:46   9.5   0.0   0.6   2.3   9.8   13:08     E
 4   8.7  15.3   17:40   3.3   23:56   9.6   0.0   0.0   2.7   9.8   11:17     E
 5   8.4  18.1   16:31   0.1   05:41   9.9   0.0   0.0   2.1   9.8   10:20   ESE
 6  10.9  23.1   17:07  -1.8   05:32   8.2   0.8   0.0   2.0  97.3   03:35   ENE
 7  11.2  21.0   10:39  -0.8   05:33   7.2   0.1   0.0   1.8   9.8   13:12   SSE
 8  14.6  22.8   14:41   8.2   04:25   4.2   0.5   0.0   1.9  12.1   15:50   WNW
 9  15.0  24.0   16:33   6.3   04:25   4.2   0.9   0.0   1.8  11.4   22:38    NW
10   6.1   9.9   15:37   2.3   23:52  12.2   0.0   3.0   5.8  25.1   15:58     N
11   6.7  15.7   15:48  -2.6   04:42  11.6   0.0   0.0   2.8  14.5   09:24     N
12   8.2  16.9   14:10   3.6   23:53  10.1   0.0   1.5   3.1  17.4   14:38     W
13   6.3  15.6   16:34  -1.2   05:27  12.0   0.0   0.0   2.3  11.4   12:55   NNE
14   7.5  16.6   16:47  -3.2   05:17  10.8   0.0   0.0   2.3   9.8   11:42   WSW
15   9.5  16.5   17:37   2.4   03:26   8.8   0.0   0.0   2.9  10.7   18:34     W
16  10.7  16.7   15:24   6.1   05:10   7.6   0.0   0.0   3.6  10.7   09:43   WNW
17  11.6  14.6   13:54   9.2   00:12   6.7   0.0   3.9   2.5  15.2   10:43   NNW
18  12.6  17.6   14:22  10.0   01:42   5.7   0.0   3.6   2.0  13.6   00:19   SSW
19  14.8  20.5   12:18  11.0   01:26   3.6   0.1   3.9   1.7  10.7   12:55     W
20  18.3  28.3   15:47  10.4   23:59   2.5   2.5   0.0   2.6  12.1   16:13    SE
21  14.4  23.2   16:16   7.4   04:30   4.4   0.6   0.0   2.2   9.2   14:17   SSE
22  13.4  15.8   12:46  10.8   23:43   4.9   0.0   9.6   8.8  34.2   13:47     S
23  10.1  12.8   13:43   8.5   08:16   8.2   0.0   3.6   7.8  22.1   10:08   WSW
24  12.2  15.8   16:28   8.0   23:57   6.1   0.0   0.3   4.0  15.2   05:10     W
25  12.3  20.3   15:09   3.1   05:11   6.0   0.0   0.0   2.7  15.9   13:13   SSE
26  15.3  22.9   16:21   8.5   23:53   3.6   0.7   0.0   2.2  10.7   13:08   WNW
27  14.0  25.1   15:17   4.1   02:38   5.3   1.0   0.0   2.2   9.2   15:26   ESE
28  18.7  28.9   16:36   8.1   03:47   3.2   3.6   0.0   1.7   9.2   14:39     E
29  20.1  30.8   16:42   7.8   04:29   3.0   4.8   0.0   2.2  10.7   12:48   SSE
30  17.8  24.9   14:59  10.6   23:58   2.5   1.9   0.0   4.3  13.0   13:53   ESE
31  16.5  26.3   15:47   6.5   05:17   3.9   2.1   0.0   3.8  13.0   12:33     E
----------------------------------------------------------------------------------
    12.1  30.8    29    -3.2    14   211.6  19.7  36.0   3.0  97.3     6     SSW

Max >=  27.0:  3
Max <=   0.0:  0
Min <=   0.0:  5
Min <= -18.0:  0
Max Rain: 9.6 on day 22
Days of Rain: 10 (>= 0.2 mm)  7 (>= 2.0 mm)  0 (>= 20.0 mm)
Heat Base: 18.3  Cool Base: 18.3  Method: Integration

 

XHTML 1.1 | CSS