GeoURL
free counters
Scottish Weather Network UK Weather Network Cumulus Top Weather Sites

Peebles Weather - NOAA Style Reports

Raw Data, Raw Data Expanded

Ignore low humidity and Dew Point values. Something wrong with the sensor.
Daytime temperatures are in direct sunlight so may be higher than official air temperature values.
As with any other website, we log your IP address and browser type in the server logs for diagnostic reasons. Cookies are used to record visit time and gauges preferences. No personal information is stored or processed.

All times are in local time (GMT, or BST in summer) unless specified.

2020/07/02 10:50 EGPH 021050Z 03006KT 350V070 CAVOK 14/09 Q1011
17.8 0.0 0.0 0.3 3.1 mph 3.1 mph 1006.9 51% X-Ray Solar Flare Level
Planetary K-Index
Planetary K-Index History
Station Warn Rain Snow Flood Wind Ltng Heat Cold Glob Moon Temp Rain 1h Rain Thu Rain 24h Wind 10m Gust Pressure Hum Proton Levels
Lost sensor contact!!! Rain
m Waxing Gibbous Comfortable F1-ESE F: A: Kp:0 SSN:0

NOAA Reports


Report for 2016 Sep
                   Monthly Climatological Summary for Sep 2016

Name: Kittlegairy Road   City: Peebles   State: Scottish Borders
Elevation: 517 ft  Lat: N 55 38' 27"   Lon: W 003 10' 15"

                  Temperature (C), Rain (mm), Wind Speed (mph)

                                      Heat  Cool        Avg
    Mean                              Deg   Deg         Wind                 Dom
Day Temp  High   Time   Low    Time   Days  Days  Rain  Speed High   Time    Dir
----------------------------------------------------------------------------------
 1  14.6  21.3   16:30  10.6   06:12   3.8   0.1   0.3   3.2  16.8   20:21   SSW
 2  15.1  20.4   12:10  10.8   23:55   3.3   0.1   3.3   2.3  13.6   14:46    SW
 3  13.2  17.6   14:11   9.3   02:12   5.1   0.0  11.1   1.0   9.8   11:07    SE
 4  15.8  25.4   14:45  11.8   06:18   3.4   0.9   0.6   0.4   4.5   09:13    NE
 5  16.2  22.2   18:38  12.6   01:20   2.6   0.5   0.0   1.7  10.7   09:16   ESE
 6  20.2  26.3   12:53  14.3   00:07   0.3   2.2   0.0   2.9  13.0   12:54     S
 7  19.3  24.4   13:42  14.1   01:23   0.5   1.5   0.0   1.8   9.8   12:11   SSE
 8  16.0  19.3   16:46   5.2   05:35   2.3   0.0  10.2   2.2  49.4   06:46   SSE
 9  15.5  18.4   11:56  12.0   23:59   2.8   0.0   9.0   5.6  28.2   18:59     S
10  13.7  21.3   14:07  10.0   06:38   4.8   0.2   0.0   1.7  10.7   22:58     S
11  14.0  19.2   12:26   8.5   04:47   4.3   0.0   0.0   3.6  98.9   20:39   SSE
12  17.7  23.8   16:59  13.0   01:49   1.6   1.0   2.1   4.7  21.3   18:09   SSE
13  19.2  24.5   14:45  15.2   23:55   0.4   1.3   0.3   1.2   7.6   03:19     E
14  14.9  17.0   14:47  13.4   23:38   3.4   0.0   0.3   2.3   9.8   17:23    SE
15  18.2  29.5   14:57  12.4   07:07   2.5   2.5   0.0   1.0   8.3   00:00     E
16  14.0  20.9   15:07   8.0   23:59   4.4   0.1   4.2   1.6  13.6   12:28     W
17  12.2  23.1   12:24   5.7   04:29   6.6   0.5   0.0   0.5  28.2   12:24    NW
18  12.5  21.9   14:30   6.6   01:13   5.9   0.1   0.0   0.9  11.4   14:18     S
19  13.5  20.5   11:39   8.1   07:46   4.8   0.1   0.0   0.8   7.6   02:21   SSW
20  12.2  20.1   15:18   5.4   23:57   6.2   0.1   0.0   1.2   9.8   14:13   SSE
21  10.9  19.8   13:43   2.5   05:07   7.4   0.0   4.2   1.8  13.0   11:36    SE
22  13.3  19.4   14:37   9.2   23:55   5.1   0.0   9.0   2.3  14.5   21:57     S
23  12.0  16.7   12:23   5.5   07:38   6.3   0.0   0.3   3.5  21.3   21:22     S
24  16.0  19.1   13:47  13.8   03:38   2.3   0.0   0.6   9.9  28.2   14:18     S
25  13.6  18.8   14:50   8.5   23:59   4.8   0.0   2.1   3.4  15.9   03:27   SSW
26   9.7  14.0   12:23   4.5   05:43   8.6   0.0   0.0   1.3   9.2   12:23     E
27  14.3  19.8   10:26   8.7   01:11   4.0   0.0   0.3   4.7  21.3   12:56   WSW
28  15.5  19.3   15:20  12.8   06:09   2.8   0.0   2.7   5.5  19.7   00:31   WSW
29  12.1  16.5   00:00   9.8   22:34   6.2   0.0   0.0   6.8  25.9   05:59   WSW
30  10.7  19.2   15:07   5.3   23:51   7.6   0.0   0.0   2.7  19.7   08:51   WSW
----------------------------------------------------------------------------------
    14.5  29.5    15     2.5    21   124.1  11.2  60.6   2.8  98.9    11       S

Max >=  27.0:  1
Max <=   0.0:  0
Min <=   0.0:  0
Min <= -18.0:  0
Max Rain: 11.1 on day 3
Days of Rain: 17 (>= 0.2 mm)  10 (>= 2.0 mm)  0 (>= 20.0 mm)
Heat Base: 18.3  Cool Base: 18.3  Method: Integration

 

XHTML 1.1 | CSS