GeoURL
free counters
Scottish Weather Network UK Weather Network Cumulus Top Weather Sites

Peebles Weather - NOAA Style Reports

Raw Data, Raw Data Expanded

Ignore low humidity and Dew Point values. Something wrong with the sensor.
Daytime temperatures are in direct sunlight so may be higher than official air temperature values.
As with any other website, we log your IP address and browser type in the server logs for diagnostic reasons. Cookies are used to record visit time and gauges preferences. No personal information is stored or processed.

All times are in local time (GMT, or BST in summer) unless specified.

2020/07/02 11:50 EGPH 021150Z 03005KT 360V060 9999 OVC046 15/09 Q1011
17.2 0.0 0.0 0.3 2.2 mph 3.8 mph 1007.2 52% X-Ray Solar Flare Level
Planetary K-Index
Planetary K-Index History
Station Warn Rain Snow Flood Wind Ltng Heat Cold Glob Moon Temp Rain 1h Rain Thu Rain 24h Wind 10m Gust Pressure Hum Proton Levels
Lost sensor contact!!! Rain
m Waxing Gibbous Comfortable F1-E F: A: Kp:0 SSN:0

NOAA Reports


Report for 2015 Jun
                   Monthly Climatological Summary for Jun 2015

Name: Kittlegairy Road   City: Peebles   State: Scottish Borders
Elevation: 517 ft  Lat: N 55 38' 27"   Lon: W 003 10' 15"

                  Temperature (C), Rain (mm), Wind Speed (mph)

                                      Heat  Cool        Avg
    Mean                              Deg   Deg         Wind                 Dom
Day Temp  High   Time   Low    Time   Days  Days  Rain  Speed High   Time    Dir
----------------------------------------------------------------------------------
 1   8.0  14.2   11:26   4.7   01:12  10.3   0.0  31.2   6.7  24.4   17:22     S
 2  10.4  16.9   16:33   5.4   00:07   7.9   0.0   0.0   8.7  23.5   10:38   WSW
 3  12.3  18.8   17:26   7.6   05:30   6.0   0.0   0.0   4.1  17.4   15:35     W
 4  13.1  20.0   17:30   5.2   03:18   5.3   0.1   0.0   2.7  11.4   14:53   SSE
 5  13.9  20.1   09:31   8.8   01:29   4.5   0.1   0.0   4.3  19.0   14:38   SSW
 6  10.2  13.6   16:26   8.8   04:07   8.1   0.0   4.8   8.6  24.4   13:58   WSW
 7  11.5  17.5   17:50   6.3   23:55   6.8   0.0   0.0   5.4  16.8   01:41     W
 8  10.9  20.0   15:44   2.8   02:57   7.4   0.0   0.0   1.8   9.8   13:15     N
 9  13.7  23.0   14:44   3.2   05:31   5.1   0.5   0.0   1.4   6.9   11:27   ESE
10  16.5  29.1   17:37   4.1   04:36   4.6   2.8   0.0   1.6   6.9   13:38    SW
11  17.5  29.0   18:08   5.1   04:39   4.2   3.5   0.0   1.7  12.1   13:48   SSE
12  16.3  28.9   15:07   5.5   04:25   4.3   2.3   0.0   1.8   9.2   15:37   NNE
13  12.3  17.0   13:37   9.3   23:22   6.0   0.0   0.3   2.3   8.3   10:07     E
14  10.2  18.1   17:19   4.7   23:58   8.1   0.0   1.5   2.5   9.2   08:29   ENE
15  10.5  17.1   12:53   0.5   04:50   7.8   0.0   0.6   1.2   7.6   11:49    SW
16  14.7  21.4   15:46   9.8   04:09   3.9   0.3   0.6   2.6  13.0   23:58    SW
17  14.1  17.6   13:10   9.3   23:57   4.2   0.0   0.6   5.4  18.3   21:57     W
18  10.7  13.6   14:41   8.6   04:13   7.6   0.0   0.0   4.5  14.5   14:10     W
19  11.2  13.7   15:46   9.4   04:30   7.1   0.0   0.0   3.3  11.4   07:07     W
20  14.9  22.4   15:54  10.2   04:37   3.8   0.5   0.9   1.9  15.9   11:29     W
21  11.7  17.4   17:30   8.6   23:07   6.6   0.0   6.3   2.9  15.2   15:48   WSW
22  11.4  17.4   15:18   8.6   05:14   6.9   0.0   2.7   2.3  13.0   14:46     N
23  14.3  21.0   14:14   6.2   03:18   4.4   0.4   0.0   1.5   9.2   11:18   SSE
24  12.7  20.5   14:20   5.4   04:17   5.6   0.1   0.9   0.8   7.6   21:34    SW
25  15.1  19.4   16:59  10.5   05:11   3.2   0.0   3.9   1.4   9.8   13:36   SSE
26  15.2  18.4   19:16  12.5   23:56   3.1   0.0   1.2   3.0  15.2   12:10     S
27  16.2  22.0   18:18  10.4   04:48   2.7   0.6   0.0   2.9  14.5   16:35   SSW
28  16.6  22.5   13:43  12.8   23:55   2.3   0.6   2.7   4.6  18.3   06:36    SW
29  16.0  23.3   14:32  12.2   00:21   2.7   0.3   0.0   2.9  13.0   14:46   SSW
30  20.3  27.2   15:36  14.7   01:53   1.0   3.0   0.0   3.8  19.7   03:08   SSE
----------------------------------------------------------------------------------
    13.4  29.1    10     0.5    15   161.5  15.1  58.2   3.3  24.4     1      SW

Max >=  27.0:  4
Max <=   0.0:  0
Min <=   0.0:  0
Min <= -18.0:  0
Max Rain: 31.2 on day 1
Days of Rain: 14 (>= 0.2 mm)  6 (>= 2.0 mm)  1 (>= 20.0 mm)
Heat Base: 18.3  Cool Base: 18.3  Method: Integration

 

XHTML 1.1 | CSS