GeoURL
free counters
Scottish Weather Network UK Weather Network Cumulus Top Weather Sites

Peebles Weather - NOAA Style Reports

Raw Data, Raw Data Expanded

Ignore low humidity and Dew Point values. Something wrong with the sensor.
Daytime temperatures are in direct sunlight so may be higher than official air temperature values.
As with any other website, we log your IP address and browser type in the server logs for diagnostic reasons. Cookies are used to record visit time and gauges preferences. No personal information is stored or processed.

All times are in local time (GMT, or BST in summer) unless specified.

2020/07/02 11:50 EGPH 021150Z 03005KT 360V060 9999 OVC046 15/09 Q1011
17.5 0.0 0.0 0.3 2.2 mph 2.2 mph 1007.0 52% X-Ray Solar Flare Level
Planetary K-Index
Planetary K-Index History
Station Warn Rain Snow Flood Wind Ltng Heat Cold Glob Moon Temp Rain 1h Rain Thu Rain 24h Wind 10m Gust Pressure Hum Proton Levels
Lost sensor contact!!! Rain
m Waxing Gibbous Comfortable F1-E F: A: Kp:0 SSN:0

NOAA Reports


Report for 2011 May
                   Monthly Climatological Summary for May 2011

Name:     City:     State:  
Elevation: 526 ft  Lat: N 55 38' 27"   Lon: W 003 10' 15"

                  Temperature (C), Rain (mm), Wind Speed (mph)

                                      Heat  Cool        Avg
    Mean                              Deg   Deg         Wind                 Dom
Day Temp  High   Time   Low    Time   Days  Days  Rain  Speed High   Time    Dir
----------------------------------------------------------------------------------
 1  12.0  20.3   15:41   2.2   05:58   6.3   0.0   0.0   3.5  15.9   14:31   NNW
 2   8.9  18.6   14:39  -0.5   05:56   9.4   0.0   0.0   3.1  13.6   15:11   NNW
 3   8.7  18.5   17:47   0.0   05:51   9.6   0.0   0.0   2.3   9.8   12:58   NNW
 4   9.5  20.2   16:54  -2.2   05:20   8.8   0.0   0.0   2.6  13.6   17:26    NW
 5  11.5  18.3   16:09   6.2   01:45   6.8   0.0   0.3   2.6  11.4   13:44    NW
 6  14.0  20.5   16:16  10.9   01:44   4.3   0.0   3.9   3.0  18.3   16:24   WNW
 7  15.1  22.0   12:21  11.1   01:32   3.2   0.0  11.4   3.2  19.0   13:35    NW
 8  14.7  20.0   16:17   9.0   23:37   3.6   0.0  10.2   4.4  15.2   13:42   WNW
 9  11.9  20.1   13:53   5.9   04:25   6.4   0.0   6.3   3.6  16.8   16:17   WNW
10  12.2  19.0   17:47   7.9   03:42   6.1   0.0   7.8   4.6  19.0   12:43   WNW
11  12.2  17.8   14:23   8.9   03:32   6.1   0.0   0.9   3.9  16.8   15:50    NW
12  10.7  16.1   12:59   7.4   23:23   7.6   0.0   2.7   5.7  21.3   12:41    NW
13  10.0  16.6   14:45   6.3   22:45   8.3   0.0   1.5   4.0  13.6   15:20    NW
14  10.6  15.9   17:39   6.4   00:00   7.7   0.0   0.9   6.0  19.0   09:32    NW
15  10.1  13.5   17:45   6.7   01:58   8.2   0.0   0.6   4.6  18.3   23:21    NW
16  11.6  13.9   13:22  10.5   02:07   6.7   0.0   4.5   6.9  19.7   09:46    NW
17  12.3  16.2   14:13   7.7   04:20   6.0   0.0   0.0   3.5  12.1   22:13   NNW
18  11.6  15.0   13:12   7.9   23:34   6.7   0.0   2.1   7.2  25.9   17:21    NW
19  11.1  16.5   15:09   7.1   05:34   7.2   0.0   0.6   5.0  14.5   00:42    NW
20  11.0  16.5   15:51   6.5   21:59   7.3   0.0   2.1   5.3  19.0   13:41    NW
21  11.9  17.2   11:35   5.6   03:32   6.4   0.0   3.9   7.4  23.5   13:43   WNW
22  10.3  15.5   14:59   6.4   04:53   8.0   0.0   7.8   5.4  25.9   13:23    NW
23  10.4  15.3   13:07   5.6   21:21   7.9   0.0  25.8  10.6  32.7   17:40    NW
24   8.7  13.7   15:59   5.5   05:00   9.6   0.0  12.6   7.5  27.3   13:36    NW
25   9.9  14.6   13:25   3.6   04:31   8.4   0.0   0.3   3.0  19.7   15:52   WNW
26  10.8  14.2   15:55   8.5   02:43   7.5   0.0   0.6   2.4  13.6   15:26   NNW
27  10.5  15.1   13:33   7.9   06:07   7.8   0.0   0.0   4.6  15.2   14:33    NW
28  10.7  14.8   17:30   8.0   12:59   7.6   0.0  12.6   6.9  18.3   18:30    NW
29  11.2  16.0   11:24   7.5   03:07   7.1   0.0   0.9   6.7  26.6   14:10    NW
30  10.7  17.5   16:36   4.1   23:58   7.6   0.0   0.0   2.2  11.4   16:57    NW
31  10.0  18.6   14:51   0.4   04:32   8.3   0.0   0.0   2.9  14.5   15:13    NW
----------------------------------------------------------------------------------
    11.1  22.0     7    -2.2     4   222.5   0.0 120.3   4.7  32.7    23      NW

Max >=  27.0:  0
Max <=   0.0:  0
Min <=   0.0:  3
Min <= -18.0:  0
Max Rain: 25.8 on day 23
Days of Rain: 23 (> 0.2 mm)  14 (> 2.0 mm)  1 (> 20.0 mm)
Heat Base: 18.3  Cool Base: 18.3  Method: Integration

 

XHTML 1.1 | CSS